{"id":784216,"date":"2026-03-05T02:19:13","date_gmt":"2026-03-04T23:19:13","guid":{"rendered":"https:\/\/roveyayinevi.com.tr\/index.php\/urun\/felsefenin-tesellisi-3\/"},"modified":"2026-03-10T02:21:16","modified_gmt":"2026-03-09T23:21:16","slug":"felsefenin-tesellisi-3","status":"publish","type":"product","link":"https:\/\/roveyayinevi.com.tr\/index.php\/urun\/felsefenin-tesellisi-3\/","title":{"rendered":"Felsefenin Tesellisi"},"content":{"rendered":"<p>Felsefenin Tesellisi g\u00fcndelik hayatta kar\u015f\u0131m\u0131za \u00e7\u0131kan sorunlar i\u00e7in rahatl\u0131kla felsefeye ba\u015fvurabilece\u011fimizi kan\u0131tl\u0131yor. Alain de Botton, her b\u00f6l\u00fcmde bir filozofun ya\u015fam\u0131ndan ve yazd\u0131klar\u0131ndan yola \u00e7\u0131karak ayr\u0131 bir sorunu ele al\u0131yor: Toplum taraf\u0131ndan kabul g\u00f6rmemenin tesellisini Sokrates&#8217;te, yeterince paraya sahip olmaman\u0131n tesellisini Epikuros&#8217;ta, d\u00fc\u015fk\u0131r\u0131kl\u0131\u011f\u0131 ya\u015faman\u0131n tesellisini Seneca&#8217;da, kendini yetersiz hissetmenin tesellisini Montaigne&#8217;de, k\u0131r\u0131k bir kalbin tesellisini ise Schopenhauer&#8217;da buluyor. Ba\u015fkalar\u0131n\u0131n ya\u015fant\u0131s\u0131n\u0131 k\u0131skanarak ac\u0131 \u00e7ekenlere ise Nietzsche&#8217;yi \u00f6neriyor. Felsefenin Tesellisi ya\u015fama ili\u015fkin zekice, n\u00fcktedan ve rahatlat\u0131c\u0131 yakla\u015f\u0131m\u0131yla hem kendimizi daha iyi hissetmemizi hem de bilgelik \u00fczerine yeniden d\u00fc\u015f\u00fcnmemizi sa\u011fl\u0131yor.<\/p>\n","protected":false},"excerpt":{"rendered":"<p>Felsefenin Tesellisi g\u00fcndelik hayatta kar\u015f\u0131m\u0131za \u00e7\u0131kan sorunlar i\u00e7in rahatl\u0131kla felsefeye ba\u015fvurabilece\u011fimizi kan\u0131tl\u0131yor. Alain de Botton, her b\u00f6l\u00fcmde bir filozofun ya\u015fam\u0131ndan ve yazd\u0131klar\u0131ndan yola \u00e7\u0131karak ayr\u0131 bir<span class=\"excerpt-hellip\"> [\u2026]<\/span><\/p>\n","protected":false},"featured_media":0,"template":"","meta":{"_monsterinsights_skip_tracking":false,"_monsterinsights_sitenote_active":false,"_monsterinsights_sitenote_note":"","_monsterinsights_sitenote_category":0},"product_brand":[],"product_cat":[12389,12388],"product_tag":[],"class_list":{"0":"post-784216","1":"product","2":"type-product","3":"status-publish","5":"product_cat-diger-felsefe","6":"product_cat-felsefe","7":"pa_cilt-ciltsiz","8":"pa_tur-kitap","9":"pa_yayinevi-sel-yayincilik","10":"pa_yazar-alain-de-botton","12":"first","13":"instock","14":"sale","15":"shipping-taxable","16":"purchasable","17":"product-type-simple"},"_links":{"self":[{"href":"https:\/\/roveyayinevi.com.tr\/index.php\/wp-json\/wp\/v2\/product\/784216","targetHints":{"allow":["GET"]}}],"collection":[{"href":"https:\/\/roveyayinevi.com.tr\/index.php\/wp-json\/wp\/v2\/product"}],"about":[{"href":"https:\/\/roveyayinevi.com.tr\/index.php\/wp-json\/wp\/v2\/types\/product"}],"wp:attachment":[{"href":"https:\/\/roveyayinevi.com.tr\/index.php\/wp-json\/wp\/v2\/media?parent=784216"}],"wp:term":[{"taxonomy":"product_brand","embeddable":true,"href":"https:\/\/roveyayinevi.com.tr\/index.php\/wp-json\/wp\/v2\/product_brand?post=784216"},{"taxonomy":"product_cat","embeddable":true,"href":"https:\/\/roveyayinevi.com.tr\/index.php\/wp-json\/wp\/v2\/product_cat?post=784216"},{"taxonomy":"product_tag","embeddable":true,"href":"https:\/\/roveyayinevi.com.tr\/index.php\/wp-json\/wp\/v2\/product_tag?post=784216"}],"curies":[{"name":"wp","href":"https:\/\/api.w.org\/{rel}","templated":true}]}}