{"id":784213,"date":"2026-03-05T02:03:13","date_gmt":"2026-03-04T23:03:13","guid":{"rendered":"https:\/\/roveyayinevi.com.tr\/index.php\/urun\/fikir-nasil-bulunur\/"},"modified":"2026-04-16T02:00:43","modified_gmt":"2026-04-15T23:00:43","slug":"fikir-nasil-bulunur","status":"publish","type":"product","link":"https:\/\/roveyayinevi.com.tr\/index.php\/urun\/fikir-nasil-bulunur\/","title":{"rendered":"Fikir Nas\u0131l Bulunur"},"content":{"rendered":"<p>Baz\u0131 insanlar nas\u0131l bu kadar yarat\u0131c\u0131 olabilir? Neden yarat\u0131c\u0131 ve parlak fikirler bizim de\u011fil de onlar\u0131n akl\u0131na geliyor? Yarat\u0131c\u0131 olman\u0131n bir yolu ya da anahtar\u0131 var m\u0131? Bu sorular zaman zaman hepimizin akl\u0131na gelmi\u015ftir. Bu yan\u0131t bulmaya \u00e7al\u0131\u015ft\u0131\u011f\u0131m\u0131zda ise genellikle yarat\u0131c\u0131l\u0131\u011f\u0131n ki\u015fiye \u00f6zg\u00fc, Tanr\u0131 vergisi bir \u015fey oldu\u011funu s\u00f6yleyerek i\u015fin i\u00e7inden \u00e7\u0131kmaya \u00e7al\u0131\u015f\u0131r\u0131z. Oysa yarat\u0131c\u0131l\u0131k ve farkl\u0131 d\u00fc\u015f\u00fcnme her insan\u0131n sahip oldu\u011fu yeteneklerdir. Yap\u0131lmas\u0131 gereken \u015fey, \u00e7ocuklu\u011fumuzda t\u00fcm canl\u0131l\u0131\u011f\u0131yla i\u015fba\u015f\u0131nda olan fakat b\u00fcy\u00fcd\u00fck\u00e7e \u00f6\u011frenilen sosyal normlara bve kal\u0131plara feda edilen yarat\u0131c\u0131l\u0131\u011f\u0131m\u0131z\u0131 yeniden harekete ge\u00e7irmek. Peki bunu nas\u0131l ba\u015farabilirz? Farkl\u0131 bir d\u00fc\u015f\u00fcnce tarz\u0131na, parlak fikirlere ve bunlar\u0131 cesurca ifade edebilme yetene\u011fine nas\u0131l kavu\u015fabiliriz? Bu kitap i\u015fte bu sorular\u0131n yan\u0131t\u0131n\u0131 veriyor. \u0130ster i\u015fi yarat\u0131c\u0131l\u0131kla do\u011frudan ba\u011flant\u0131l\u0131 bir reklamc\u0131 olun, ister patrona \u00e7e\u015fitli raporlar haz\u0131rlay\u0131p sunan bir y\u00f6netici asistan\u0131 olun fark etmez. Herkesin yarat\u0131c\u0131l\u0131\u011fa ihtiyac\u0131 var. Konusuna yara\u015f\u0131r \u015fekilde son derece e\u011flenceli bir dille yaz\u0131lan bu kitap size yeni, farkl\u0131 ve yarat\u0131c\u0131 giden yolda \u0131\u015f\u0131k tutacak. <\/p>\n","protected":false},"excerpt":{"rendered":"<p>Baz\u0131 insanlar nas\u0131l bu kadar yarat\u0131c\u0131 olabilir? Neden yarat\u0131c\u0131 ve parlak fikirler bizim de\u011fil de onlar\u0131n akl\u0131na geliyor? Yarat\u0131c\u0131 olman\u0131n bir yolu ya da anahtar\u0131 var<span class=\"excerpt-hellip\"> [\u2026]<\/span><\/p>\n","protected":false},"featured_media":0,"template":"","meta":{"_monsterinsights_skip_tracking":false,"_monsterinsights_sitenote_active":false,"_monsterinsights_sitenote_note":"","_monsterinsights_sitenote_category":0},"product_brand":[],"product_cat":[13043,17492],"product_tag":[],"class_list":{"0":"post-784213","1":"product","2":"type-product","3":"status-publish","5":"product_cat-ekonomi","6":"product_cat-pazarlama-satis-reklam","7":"pa_cilt-ciltsiz","8":"pa_tur-kitap","9":"pa_yayinevi-mediacat-kitaplari","10":"pa_yazar-jack-foster","12":"first","13":"instock","14":"sale","15":"shipping-taxable","16":"purchasable","17":"product-type-simple"},"_links":{"self":[{"href":"https:\/\/roveyayinevi.com.tr\/index.php\/wp-json\/wp\/v2\/product\/784213","targetHints":{"allow":["GET"]}}],"collection":[{"href":"https:\/\/roveyayinevi.com.tr\/index.php\/wp-json\/wp\/v2\/product"}],"about":[{"href":"https:\/\/roveyayinevi.com.tr\/index.php\/wp-json\/wp\/v2\/types\/product"}],"wp:attachment":[{"href":"https:\/\/roveyayinevi.com.tr\/index.php\/wp-json\/wp\/v2\/media?parent=784213"}],"wp:term":[{"taxonomy":"product_brand","embeddable":true,"href":"https:\/\/roveyayinevi.com.tr\/index.php\/wp-json\/wp\/v2\/product_brand?post=784213"},{"taxonomy":"product_cat","embeddable":true,"href":"https:\/\/roveyayinevi.com.tr\/index.php\/wp-json\/wp\/v2\/product_cat?post=784213"},{"taxonomy":"product_tag","embeddable":true,"href":"https:\/\/roveyayinevi.com.tr\/index.php\/wp-json\/wp\/v2\/product_tag?post=784213"}],"curies":[{"name":"wp","href":"https:\/\/api.w.org\/{rel}","templated":true}]}}