{"id":784177,"date":"2026-03-04T03:53:58","date_gmt":"2026-03-04T00:53:58","guid":{"rendered":"https:\/\/roveyayinevi.com.tr\/index.php\/urun\/isletme-iktisadi-yonuyle-isletme-performans-analizi\/"},"modified":"2026-04-15T03:33:20","modified_gmt":"2026-04-15T00:33:20","slug":"isletme-iktisadi-yonuyle-isletme-performans-analizi","status":"publish","type":"product","link":"https:\/\/roveyayinevi.com.tr\/index.php\/urun\/isletme-iktisadi-yonuyle-isletme-performans-analizi\/","title":{"rendered":"\u0130\u015fletme \u0130ktisad\u0131 Y\u00f6n\u00fcyle \u0130\u015fletme Performans Analizi"},"content":{"rendered":"<p>\u0130\u00e7indekiler :         1. B\u00d6L\u00dcM \u0130\u015eLETME PERFORMANSINA Y\u00d6NEL\u0130K TEMEL B\u0130LG\u0130LER         2. B\u00d6L\u00dcM \u0130\u015eLETMELERDE F\u0130NANSAL PERFORMANSIN \u00d6L\u00c7\u00dcMLENMES\u0130         3. B\u00d6L\u00dcM \u0130\u015eLETMELERDE F\u0130NANSAL OLMAYAN PERFORMANSIN            \u00d6L\u00c7\u00dcMLENMES\u0130         4. B\u00d6L\u00dcM B\u00dcT\u00dcNLE\u015e\u0130K PERFORMANS         5. B\u00d6L\u00dcM \u0130\u015eLETME PERFORMANSININ S\u00dcRD\u00dcR\u00dcLEB\u0130L\u0130RL\u0130K RAPORLARI \u0130LE             \u0130L\u0130\u015eK\u0130S\u0130 <\/p>\n","protected":false},"excerpt":{"rendered":"<p>\u0130\u00e7indekiler : 1. B\u00d6L\u00dcM \u0130\u015eLETME PERFORMANSINA Y\u00d6NEL\u0130K TEMEL B\u0130LG\u0130LER 2. B\u00d6L\u00dcM \u0130\u015eLETMELERDE F\u0130NANSAL PERFORMANSIN \u00d6L\u00c7\u00dcMLENMES\u0130 3. B\u00d6L\u00dcM \u0130\u015eLETMELERDE F\u0130NANSAL OLMAYAN PERFORMANSIN \u00d6L\u00c7\u00dcMLENMES\u0130 4. B\u00d6L\u00dcM B\u00dcT\u00dcNLE\u015e\u0130K PERFORMANS<span class=\"excerpt-hellip\"> [\u2026]<\/span><\/p>\n","protected":false},"featured_media":0,"template":"","meta":{"_monsterinsights_skip_tracking":false,"_monsterinsights_sitenote_active":false,"_monsterinsights_sitenote_note":"","_monsterinsights_sitenote_category":0},"product_brand":[],"product_cat":[13043],"product_tag":[],"class_list":{"0":"post-784177","1":"product","2":"type-product","3":"status-publish","5":"product_cat-ekonomi","6":"pa_cilt-ciltsiz","7":"pa_tur-kitap","8":"pa_yayinevi-gazi-kitabevi","9":"pa_yazar-sinan-aslan-yilmaz-uzun","11":"first","12":"instock","13":"sale","14":"shipping-taxable","15":"purchasable","16":"product-type-simple"},"_links":{"self":[{"href":"https:\/\/roveyayinevi.com.tr\/index.php\/wp-json\/wp\/v2\/product\/784177","targetHints":{"allow":["GET"]}}],"collection":[{"href":"https:\/\/roveyayinevi.com.tr\/index.php\/wp-json\/wp\/v2\/product"}],"about":[{"href":"https:\/\/roveyayinevi.com.tr\/index.php\/wp-json\/wp\/v2\/types\/product"}],"wp:attachment":[{"href":"https:\/\/roveyayinevi.com.tr\/index.php\/wp-json\/wp\/v2\/media?parent=784177"}],"wp:term":[{"taxonomy":"product_brand","embeddable":true,"href":"https:\/\/roveyayinevi.com.tr\/index.php\/wp-json\/wp\/v2\/product_brand?post=784177"},{"taxonomy":"product_cat","embeddable":true,"href":"https:\/\/roveyayinevi.com.tr\/index.php\/wp-json\/wp\/v2\/product_cat?post=784177"},{"taxonomy":"product_tag","embeddable":true,"href":"https:\/\/roveyayinevi.com.tr\/index.php\/wp-json\/wp\/v2\/product_tag?post=784177"}],"curies":[{"name":"wp","href":"https:\/\/api.w.org\/{rel}","templated":true}]}}