{"id":784165,"date":"2026-03-03T04:03:00","date_gmt":"2026-03-03T01:03:00","guid":{"rendered":"https:\/\/roveyayinevi.com.tr\/index.php\/urun\/muslumanlarda-tarihyazimi\/"},"modified":"2026-04-15T03:47:42","modified_gmt":"2026-04-15T00:47:42","slug":"muslumanlarda-tarihyazimi","status":"publish","type":"product","link":"https:\/\/roveyayinevi.com.tr\/index.php\/urun\/muslumanlarda-tarihyazimi\/","title":{"rendered":"M\u00fcsl\u00fcmanlarda Tarihyaz\u0131m\u0131"},"content":{"rendered":"<p>Tarih, sadece ge\u00e7mi\u015fte ya\u015fanm\u0131\u015f olaylar\u0131n bir d\u00f6k\u00fcm\u00fc m\u00fcd\u00fcryoksa bir toplumun kendini in\u015fa etme ve anlamland\u0131rma bi\u00e7imimi? \u0130slam medeniyeti, vahyin n\u00fczul\u00fcnden imparatorluklar\u0131n kurulu\u015funa uzanan s\u00fcre\u00e7te, ge\u00e7mi\u015fi kaydetmek i\u00e7in muazzam birhaf\u0131za mekanizmas\u0131 geli\u015ftirmi\u015ftir.Chase F. Robinson, M\u00fcsl\u00fcmanlarda Tarihyaz\u0131m\u0131 adl\u0131 bu temeleserinde, \u0130slam tarih\u00e7ili\u011finin k\u00f6kenlerine inerek sadece \u201cne\u201d yaz\u0131ld\u0131\u011f\u0131n\u0131 de\u011fil \u201cnas\u0131l\u201d ve \u201cneden\u201d yaz\u0131ld\u0131\u011f\u0131n\u0131 da mercek alt\u0131na al\u0131yor.Yazar, \u0130slam\u2019\u0131n te\u015fekk\u00fcl ve klasik d\u00f6nemlerinde ortaya \u00e7\u0131kantarihsel metinleri birer bilgi kayna\u011f\u0131 olman\u0131n \u00f6tesinde \u00fcretildikleri toplumun sosyal, siyasi ve din\u00ee dinamiklerini yans\u0131tan canl\u0131belgeler olarakokuyor. Kitap, s\u00f6zl\u00fc k\u00fclt\u00fcr\u00fcn esnekli\u011finden yaz\u0131l\u0131 k\u00fclt\u00fcr\u00fcn otoritesine ge\u00e7i\u015fi, k\u00e2\u011f\u0131d\u0131n yayg\u0131nla\u015fmas\u0131n\u0131n bilgi \u00fcretimindeki devrimcirol\u00fcn\u00fc ve uleman\u0131n \u201cisn\u00e2d\u201d sistemiyle ge\u00e7mi\u015fi nas\u0131l bir hakikatrejimine d\u00f6n\u00fc\u015ft\u00fcrd\u00fc\u011f\u00fcn\u00fc titizlikle inceliyor. Taber\u00ee\u2019den \u0130bn Hald\u00fbn\u2019a, Mes\u2019\u00fbd\u00ee\u2019den \u0130bn\u00fc\u2019l-Es\u00eer\u2019e kadar b\u00fcy\u00fck tarih\u00e7ilerin eserlerini;saraylar\u0131n himayesi, mezhep \u00e7at\u0131\u015fmalar\u0131 ve me\u015fruiyet aray\u0131\u015flar\u0131ekseninde yeniden de\u011ferlendiriyor.Kadir Purde\u2019nin yetkin \u00e7evirisiyle T\u00fcrk\u00e7eye kazand\u0131r\u0131lan bu eser,\u0130slam tarihini sadece siyasi olaylar b\u00fct\u00fcn\u00fc olarak okumak de\u011fil oolaylar\u0131n nas\u0131l bir \u201ctarih\u201d h\u00e2line geldi\u011fini, M\u00fcsl\u00fcmanlar\u0131n ge\u00e7mi\u015falg\u0131s\u0131n\u0131 ve zaman\u0131 kaydetme tutkusunu anlamak isteyenler i\u00e7invazge\u00e7ilmez bir ba\u015fvuru kayna\u011f\u0131d\u0131r. M\u00fcsl\u00fcmanlarda Tarihyaz\u0131m\u0131,ge\u00e7mi\u015fin sesinin g\u00fcn\u00fcm\u00fcze nas\u0131l ula\u015ft\u0131\u011f\u0131n\u0131 sorgulayan her okuri\u00e7in ufuk a\u00e7\u0131c\u0131 bir rehber niteli\u011finde.<\/p>\n","protected":false},"excerpt":{"rendered":"<p>Tarih, sadece ge\u00e7mi\u015fte ya\u015fanm\u0131\u015f olaylar\u0131n bir d\u00f6k\u00fcm\u00fc m\u00fcd\u00fcryoksa bir toplumun kendini in\u015fa etme ve anlamland\u0131rma bi\u00e7imimi? \u0130slam medeniyeti, vahyin n\u00fczul\u00fcnden imparatorluklar\u0131n kurulu\u015funa uzanan s\u00fcre\u00e7te, ge\u00e7mi\u015fi kaydetmek<span class=\"excerpt-hellip\"> [\u2026]<\/span><\/p>\n","protected":false},"featured_media":0,"template":"","meta":{"_monsterinsights_skip_tracking":false,"_monsterinsights_sitenote_active":false,"_monsterinsights_sitenote_note":"","_monsterinsights_sitenote_category":0},"product_brand":[],"product_cat":[12370,12304],"product_tag":[],"class_list":{"0":"post-784165","1":"product","2":"type-product","3":"status-publish","5":"product_cat-arastirma-inceleme","6":"product_cat-tarih","7":"pa_cilt-ciltsiz","8":"pa_tur-kitap","9":"pa_yayinevi-albaraka-yayinlari","10":"pa_yazar-chase-f-robinson","12":"first","13":"instock","14":"sale","15":"shipping-taxable","16":"purchasable","17":"product-type-simple"},"_links":{"self":[{"href":"https:\/\/roveyayinevi.com.tr\/index.php\/wp-json\/wp\/v2\/product\/784165","targetHints":{"allow":["GET"]}}],"collection":[{"href":"https:\/\/roveyayinevi.com.tr\/index.php\/wp-json\/wp\/v2\/product"}],"about":[{"href":"https:\/\/roveyayinevi.com.tr\/index.php\/wp-json\/wp\/v2\/types\/product"}],"wp:attachment":[{"href":"https:\/\/roveyayinevi.com.tr\/index.php\/wp-json\/wp\/v2\/media?parent=784165"}],"wp:term":[{"taxonomy":"product_brand","embeddable":true,"href":"https:\/\/roveyayinevi.com.tr\/index.php\/wp-json\/wp\/v2\/product_brand?post=784165"},{"taxonomy":"product_cat","embeddable":true,"href":"https:\/\/roveyayinevi.com.tr\/index.php\/wp-json\/wp\/v2\/product_cat?post=784165"},{"taxonomy":"product_tag","embeddable":true,"href":"https:\/\/roveyayinevi.com.tr\/index.php\/wp-json\/wp\/v2\/product_tag?post=784165"}],"curies":[{"name":"wp","href":"https:\/\/api.w.org\/{rel}","templated":true}]}}