{"id":784141,"date":"2026-03-03T04:01:42","date_gmt":"2026-03-03T01:01:42","guid":{"rendered":"https:\/\/roveyayinevi.com.tr\/index.php\/urun\/kelebegin-kaderi-2\/"},"modified":"2026-04-15T03:47:36","modified_gmt":"2026-04-15T00:47:36","slug":"kelebegin-kaderi-2","status":"publish","type":"product","link":"https:\/\/roveyayinevi.com.tr\/index.php\/urun\/kelebegin-kaderi-2\/","title":{"rendered":"Kelebe\u011fin Kaderi"},"content":{"rendered":"<p>YOKSA S\u0130Z BA\u015eINIZA GELEN HER \u015eEY\u0130N TESAD\u00dcF OLDU\u011eUNU MU ZANNED\u0130YORSUNUZ? TESAD\u00dcF, TANRI&#8217;NIN KEND\u0130N\u0130 G\u00d6STERME \u015eEKL\u0130D\u0130R.&#8221;G\u00fcnlerden bir g\u00fcn k\u00fc\u00e7\u00fck kozada minicik bir delik a\u00e7\u0131ld\u0131. O an kozay\u0131 seyretmekte olan adam, bedenini o minicik delikten d\u0131\u015far\u0131ya \u00e7\u0131karmak i\u00e7in \u00e7abalay\u0131p duran ama onca \u00e7abaya ra\u011fmen bir arpa boyu yol alamayan kelebe\u011fe \u00e7ok ac\u0131y\u0131p yard\u0131m etmeye karar verdi. Deli\u011fi geni\u015fleterek i\u00e7inden \u00e7\u0131kmas\u0131n\u0131 sa\u011flad\u0131. Ancak d\u0131\u015far\u0131 \u00e7\u0131kan kelebe\u011fin kanatlar\u0131, bedenine oranla k\u00fc\u00e7\u00fcc\u00fck, kupkuru ve buru\u015f buru\u015ftu. \u015ea\u015f\u0131ran adam kelebe\u011fin kanatlar\u0131n\u0131n zamanla b\u00fcy\u00fcy\u00fcp geli\u015fece\u011fini umut ederek beklemeye ba\u015flad\u0131. Ama bu hi\u00e7bir zaman ger\u00e7ekle\u015fmedi. \u00c7\u00fcnk\u00fc hayat suyu kelebe\u011fin bedeninden kanatlar\u0131na ancak kozadan \u00e7\u0131kmak i\u00e7in \u00e7abalad\u0131k\u00e7a akabilirdi. Kelebek \u00f6mr\u00fcn\u00fcn geri kalan\u0131n\u0131, u\u00e7ma hayalleri kurarak, kocaman bedeni ve k\u00fc\u00e7\u00fcc\u00fck kanatlar\u0131 ile s\u00fcr\u00fcnerek ge\u00e7irdi. Hi\u00e7 u\u00e7amad\u0131. Adam\u0131n anlayamad\u0131\u011f\u0131, kelebe\u011fin o k\u00fc\u00e7\u00fcc\u00fck delikten d\u0131\u015far\u0131 \u00e7\u0131kmak i\u00e7in verdi\u011fi m\u00fccadelenin asl\u0131nda onun i\u00e7in gerekli oldu\u011fu idi. \u00c7\u00fcnk\u00fc bu, kelebe\u011fin kaderini ger\u00e7ekle\u015ftirebilmesi i\u00e7in, i\u00e7inden ge\u00e7mesi gereken, Tanr\u0131\u2019n\u0131n buldu\u011fu bir yoldu!&#8221;Modern d\u00fcnya kahramanlar\u0131n\u0131n sevmek, sevilmek, ac\u0131 \u00e7ekmek, ihanete u\u011framak ve kendini ke\u015ffedip kaderini ger\u00e7ekle\u015ftirmek yolunda ya\u015fad\u0131klar\u0131 yo\u011fun ve sars\u0131c\u0131 bir macera Kelebe\u011fin Kaderi. Tesad\u00fcflerin hayat\u0131 nas\u0131l y\u00f6netti\u011fi ve asl\u0131nda hi\u00e7bir \u015feyin tesad\u00fcf olmad\u0131\u011f\u0131, her insan\u0131n ve her deneyimin ya\u015fam yolunda bir basamak oldu\u011funa dair epik bir anlat\u0131, bir modern zaman masal\u0131&#8230;En derin ac\u0131lar\u0131n\u0131za ba\u015fka bir g\u00f6zle bakmaya, t\u00fcm ya\u015fad\u0131klar\u0131n\u0131z\u0131n nedenini ke\u015ffetmeye ve kozan\u0131zdan \u00e7\u0131kmaya haz\u0131r m\u0131s\u0131n\u0131z? \u201c\u0130nsan asl\u0131nda ne zaman \u00f6l\u00fcr biliyor musun? \u0130\u00e7indeki ya\u015fam k\u0131v\u0131lc\u0131m\u0131n\u0131 kaybetti\u011finde.\u201d\u201cHayat bazen insanlar\u0131n kar\u015f\u0131s\u0131na hi\u00e7 beklemedikleri bir ger\u00e7ekle \u00e7\u0131kar ve onlar\u0131 o g\u00fcne kadar \u00fczerinde d\u00fc\u015f\u00fcnmedikleri durumlar\u0131 d\u00fc\u015f\u00fcnmeye zorlard\u0131. Biz istedi\u011fimiz kadar plan yap\u0131p dural\u0131m, bizden b\u00fcy\u00fck bir sistem var i\u015fte hayatta.\u201d\u201cKimbilir, belki de kalp ac\u0131s\u0131na en iyi gelen \u015fey bir \u00e7ift anlay\u0131\u015fl\u0131 g\u00f6zle s\u0131cak bir sohbettir.\u201d\u201c\u0130nsan kalbinde ufac\u0131k da olsa eskinin izlerini ta\u015f\u0131yorsa yeni birini alamaz i\u00e7eri.\u201d<\/p>\n","protected":false},"excerpt":{"rendered":"<p>YOKSA S\u0130Z BA\u015eINIZA GELEN HER \u015eEY\u0130N TESAD\u00dcF OLDU\u011eUNU MU ZANNED\u0130YORSUNUZ? TESAD\u00dcF, TANRI&#8217;NIN KEND\u0130N\u0130 G\u00d6STERME \u015eEKL\u0130D\u0130R.&#8221;G\u00fcnlerden bir g\u00fcn k\u00fc\u00e7\u00fck kozada minicik bir delik a\u00e7\u0131ld\u0131. O an kozay\u0131<span class=\"excerpt-hellip\"> [\u2026]<\/span><\/p>\n","protected":false},"featured_media":0,"template":"","meta":{"_monsterinsights_skip_tracking":false,"_monsterinsights_sitenote_active":false,"_monsterinsights_sitenote_note":"","_monsterinsights_sitenote_category":0},"product_brand":[],"product_cat":[12291,12711],"product_tag":[],"class_list":{"0":"post-784141","1":"product","2":"type-product","3":"status-publish","5":"product_cat-edebiyat","6":"product_cat-roman-oyku","7":"pa_cilt-ciltsiz","8":"pa_tur-kitap","9":"pa_yayinevi-ithaki-yayinlari","10":"pa_yazar-basak-sayan","12":"first","13":"instock","14":"sale","15":"shipping-taxable","16":"purchasable","17":"product-type-simple"},"_links":{"self":[{"href":"https:\/\/roveyayinevi.com.tr\/index.php\/wp-json\/wp\/v2\/product\/784141","targetHints":{"allow":["GET"]}}],"collection":[{"href":"https:\/\/roveyayinevi.com.tr\/index.php\/wp-json\/wp\/v2\/product"}],"about":[{"href":"https:\/\/roveyayinevi.com.tr\/index.php\/wp-json\/wp\/v2\/types\/product"}],"wp:attachment":[{"href":"https:\/\/roveyayinevi.com.tr\/index.php\/wp-json\/wp\/v2\/media?parent=784141"}],"wp:term":[{"taxonomy":"product_brand","embeddable":true,"href":"https:\/\/roveyayinevi.com.tr\/index.php\/wp-json\/wp\/v2\/product_brand?post=784141"},{"taxonomy":"product_cat","embeddable":true,"href":"https:\/\/roveyayinevi.com.tr\/index.php\/wp-json\/wp\/v2\/product_cat?post=784141"},{"taxonomy":"product_tag","embeddable":true,"href":"https:\/\/roveyayinevi.com.tr\/index.php\/wp-json\/wp\/v2\/product_tag?post=784141"}],"curies":[{"name":"wp","href":"https:\/\/api.w.org\/{rel}","templated":true}]}}