{"id":784135,"date":"2026-03-03T04:01:27","date_gmt":"2026-03-03T01:01:27","guid":{"rendered":"https:\/\/roveyayinevi.com.tr\/index.php\/urun\/buyuk-madenci-yuruyusu-sonrasi-zonguldakgeleneksel-bir-sanayi-kentinin-neoliberal-kapitalizme-imtihani\/"},"modified":"2026-04-15T03:47:34","modified_gmt":"2026-04-15T00:47:34","slug":"buyuk-madenci-yuruyusu-sonrasi-zonguldakgeleneksel-bir-sanayi-kentinin-neoliberal-kapitalizme-imtihani","status":"publish","type":"product","link":"https:\/\/roveyayinevi.com.tr\/index.php\/urun\/buyuk-madenci-yuruyusu-sonrasi-zonguldakgeleneksel-bir-sanayi-kentinin-neoliberal-kapitalizme-imtihani\/","title":{"rendered":"\u201cB\u00fcy\u00fck Madenci Y\u00fcr\u00fcy\u00fc\u015f\u00fc\u201d Sonras\u0131 Zonguldak;Geleneksel Bir Sanayi Kentinin Neoliberal Kapitalizme \u0130mtihan\u0131"},"content":{"rendered":"<p>Bu derleme kitap, T\u00fcrkiye\u2019nin neoliberal kapitalizmle daha yo\u011fun bi\u00e7imlerde b\u00fct\u00fcnle\u015fti\u011fi son 20-30 y\u0131ll\u0131k s\u00fcre\u00e7te, ta\u015fk\u00f6m\u00fcr\u00fc \u00fcretimiyle \u00f6zde\u015fle\u015fmi\u015f Zonguldak\u2019ta ya\u015fanan de\u011fi\u015fimi ve d\u00f6n\u00fc\u015f\u00fcm aray\u0131\u015flar\u0131n\u0131 ele al\u0131yor. Zonguldak 1980\u2019lerin neoliberal yeniden yap\u0131lanma politikalar\u0131na itiraz etti\u011fi B\u00fcy\u00fck Madenci Y\u00fcr\u00fcy\u00fc\u015f\u00fc (1991) sonras\u0131nda ne b\u00fct\u00fcn\u00fcyle \u201ck\u00f6m\u00fcr\/madenci kenti\u201d \u00f6zelliklerini koruyabildi ne de \u201cmadencilik-sonras\u0131\u201d i\u00e7in yeni bir geli\u015fme dinami\u011fi yakalayabildi. Sanayisizle\u015fme ve ekonomik gerileme s\u00fcreci i\u00e7erisinde bir taraftan k\u00f6m\u00fcr \u00fcretimi sa\u00e7aklanan bi\u00e7imlerde s\u00fcrd\u00fcr\u00fcld\u00fc di\u011fer taraftan k\u00f6m\u00fcre alternatif geli\u015fme ihtiyac\u0131 s\u00fcrekli olarak dile getirildi. Bir ba\u015fka deyi\u015fle 2000\u2019li y\u0131llar\u0131n neoliberal kapitalizmle b\u00fct\u00fcnle\u015fmi\u015f T\u00fcrkiye\u2019sinde, geleneksel bir sanayi kenti olan Zonguldak adeta arafta kalm\u0131\u015f bir kent\/b\u00f6lge halini ald\u0131.Kitap boyunca yazarlar, neoliberal kapitalizmin artan hegemonyas\u0131 alt\u0131nda Zonguldak\u2019\u0131n s\u00f6zkonusu arafta kalma halini ve \u00e7\u0131k\u0131\u015f aray\u0131\u015flar\u0131n\u0131 inceliyorlar. Ele\u015ftirel perspektife sahip teorik \u00f6nc\u00fcllerden hareket eden incelemeler Zonguldak\u2019\u0131n yak\u0131n d\u00f6nemine dair geni\u015f bir a\u00e7\u0131klama repertuar\u0131 sunarken, ayn\u0131 zamanda neoliberal kapitalizmin farkl\u0131 co\u011frafyalarda, \u00e7eli\u015fkili ili\u015fkiler ve \u00e7at\u0131\u015fmal\u0131 s\u00fcre\u00e7lerde, \u00e7e\u015fitlenen\/alacal\u0131 bi\u00e7imlere b\u00fcr\u00fcnd\u00fc\u011f\u00fcn\u00fc ortaya koyuyorlar.Mobilizasyonun \u0130mk\u00e2nlar\u0131 ve S\u0131n\u0131rlar\u0131: B\u00fcy\u00fck Grev Bir D\u00f6n\u00fcm Noktas\u0131 m\u0131yd\u0131? SADIK KILI\u00c7*K\u00f6m\u00fcr\u00fcn Merkezinde, \u00c7eli\u015fkiler Aras\u0131nda: Zonguldak ve TTK ZEYNEP BA\u015eAK*Neoliberalizmin Zonguldak\u2019taki Alacal\u0131 Bi\u00e7imleri: TTK\u2019n\u0131n G\u00f6lgesinde Ka\u00e7ak Madencilik CANER \u00d6ZDEM\u0130R ve SADIK KILI\u00c7*Zonguldak\u2019ta De\u011fi\u015fen \u0130\u015f\u00e7i S\u0131n\u0131f\u0131 Kimli\u011fi ve Maden \u0130\u015f\u00e7isi Erkek(lik)ler AT\u0130LLA BARUT\u00c7U ve F\u0130GEN UZAR \u00d6ZDEM\u0130R*B\u00fcy\u00fcyen Kentten B\u00fcz\u00fclen Kente: Zonguldak\u2019ta Do\u011furganl\u0131k ve N\u00fcfusun D\u00f6n\u00fc\u015f\u00fcm\u00fc CANER \u00d6ZDEM\u0130R*Ne \u0130ktidar\u0131n Hegemonyas\u0131 Ne Muhalefetin Kalesi: Eme\u011fin Ba\u015fkentinde Siyasal Dinamikler ve Se\u00e7men Davran\u0131\u015flar\u0131 \u0130SA DEM\u0130R*Sanayisizle\u015fme, Geride B\u0131rak\u0131lm\u0131\u015fl\u0131k ve Pop\u00fclist Tepkiler: Avrupa \u00d6rnekleriyle Zonguldak\u2019\u0131n Kar\u015f\u0131la\u015ft\u0131rmal\u0131 Okumas\u0131 FAT\u0130H C\u00dcRE*K\u00fclt\u00fcr, Turizm ve Sermaye: Zonguldak Turizm Projelerinin Politik Ekonomisi MEHMET ERO\u011eLU*Filyos Vadisi Projesi: \u201cMegaproje Kalk\u0131nmac\u0131l\u0131\u011f\u0131\u201d, B\u00f6lgesel Geli\u015fme Sorunu ve \u201cZonguldak\u2019\u0131n Kaderi\u201d \u0130BRAH\u0130M G\u00dcNDO\u011eDU<\/p>\n","protected":false},"excerpt":{"rendered":"<p>Bu derleme kitap, T\u00fcrkiye\u2019nin neoliberal kapitalizmle daha yo\u011fun bi\u00e7imlerde b\u00fct\u00fcnle\u015fti\u011fi son 20-30 y\u0131ll\u0131k s\u00fcre\u00e7te, ta\u015fk\u00f6m\u00fcr\u00fc \u00fcretimiyle \u00f6zde\u015fle\u015fmi\u015f Zonguldak\u2019ta ya\u015fanan de\u011fi\u015fimi ve d\u00f6n\u00fc\u015f\u00fcm aray\u0131\u015flar\u0131n\u0131 ele al\u0131yor. Zonguldak<span class=\"excerpt-hellip\"> [\u2026]<\/span><\/p>\n","protected":false},"featured_media":0,"template":"","meta":{"_monsterinsights_skip_tracking":false,"_monsterinsights_sitenote_active":false,"_monsterinsights_sitenote_note":"","_monsterinsights_sitenote_category":0},"product_brand":[],"product_cat":[12325,12324],"product_tag":[],"class_list":{"0":"post-784135","1":"product","2":"type-product","3":"status-publish","5":"product_cat-diger-sosyoloji","6":"product_cat-sosyoloji","7":"pa_cilt-ciltsiz","8":"pa_tur-kitap","9":"pa_yayinevi-nika-yayinevi","10":"pa_yazar-kolektif","12":"first","13":"instock","14":"sale","15":"shipping-taxable","16":"purchasable","17":"product-type-simple"},"_links":{"self":[{"href":"https:\/\/roveyayinevi.com.tr\/index.php\/wp-json\/wp\/v2\/product\/784135","targetHints":{"allow":["GET"]}}],"collection":[{"href":"https:\/\/roveyayinevi.com.tr\/index.php\/wp-json\/wp\/v2\/product"}],"about":[{"href":"https:\/\/roveyayinevi.com.tr\/index.php\/wp-json\/wp\/v2\/types\/product"}],"wp:attachment":[{"href":"https:\/\/roveyayinevi.com.tr\/index.php\/wp-json\/wp\/v2\/media?parent=784135"}],"wp:term":[{"taxonomy":"product_brand","embeddable":true,"href":"https:\/\/roveyayinevi.com.tr\/index.php\/wp-json\/wp\/v2\/product_brand?post=784135"},{"taxonomy":"product_cat","embeddable":true,"href":"https:\/\/roveyayinevi.com.tr\/index.php\/wp-json\/wp\/v2\/product_cat?post=784135"},{"taxonomy":"product_tag","embeddable":true,"href":"https:\/\/roveyayinevi.com.tr\/index.php\/wp-json\/wp\/v2\/product_tag?post=784135"}],"curies":[{"name":"wp","href":"https:\/\/api.w.org\/{rel}","templated":true}]}}