{"id":784109,"date":"2026-03-01T03:33:14","date_gmt":"2026-03-01T00:33:14","guid":{"rendered":"https:\/\/roveyayinevi.com.tr\/index.php\/urun\/babam-ben-ve-parkinson\/"},"modified":"2026-04-16T03:06:41","modified_gmt":"2026-04-16T00:06:41","slug":"babam-ben-ve-parkinson","status":"publish","type":"product","link":"https:\/\/roveyayinevi.com.tr\/index.php\/urun\/babam-ben-ve-parkinson\/","title":{"rendered":"Babam, Ben ve Parkinson"},"content":{"rendered":"<p>Bir hastal\u0131\u011f\u0131n te\u015fhisi, son de\u011fil; ba\u015flang\u0131\u00e7t\u0131r\u2026 Uzun y\u0131llard\u0131r Parkinson ile sava\u015fan Cemal Bekar, kendi hastal\u0131\u011f\u0131ndan yola \u00e7\u0131karak kaleme ald\u0131\u011f\u0131, \u201cBabam, Ben ve Parkinson\u201d kitab\u0131yla, binlerce Parkinson hastas\u0131na umut oluyor. Babas\u0131n\u0131 da ayn\u0131 hastal\u0131ktan kaybetmi\u015f olan Bekar, y\u0131llar i\u00e7inde hem bu hastal\u0131\u011f\u0131n genetik bir kader olup olmad\u0131\u011f\u0131 sorusuna cevap ar\u0131yor, hem de bu s\u00fcre zarf\u0131nda deneyimledi\u011fi tedavi y\u00f6ntemlerini irdeliyor. \u201cParkinson tembel biz de\u011filiz\u201d Hastal\u0131\u011f\u0131n seyrini hafifletmede egzersizin, sanat\u0131n ve sosyal aktivitelerin \u00f6nemini de vurgulayan Cemal Bekar\u2019\u0131n \u201cParkinson tembel biz de\u011fil\u201d mottosuyla yazd\u0131\u011f\u0131 bu kitab\u0131, Parkinson riskiyle y\u00fczle\u015fenlerin pusulas\u0131 olacak. <\/p>\n","protected":false},"excerpt":{"rendered":"<p>Bir hastal\u0131\u011f\u0131n te\u015fhisi, son de\u011fil; ba\u015flang\u0131\u00e7t\u0131r\u2026 Uzun y\u0131llard\u0131r Parkinson ile sava\u015fan Cemal Bekar, kendi hastal\u0131\u011f\u0131ndan yola \u00e7\u0131karak kaleme ald\u0131\u011f\u0131, \u201cBabam, Ben ve Parkinson\u201d kitab\u0131yla, binlerce Parkinson<span class=\"excerpt-hellip\"> [\u2026]<\/span><\/p>\n","protected":false},"featured_media":0,"template":"","meta":{"_monsterinsights_skip_tracking":false,"_monsterinsights_sitenote_active":false,"_monsterinsights_sitenote_note":"","_monsterinsights_sitenote_category":0},"product_brand":[],"product_cat":[12291,18202],"product_tag":[],"class_list":{"0":"post-784109","1":"product","2":"type-product","3":"status-publish","5":"product_cat-edebiyat","6":"product_cat-hikaye","7":"pa_cilt-ciltsiz","8":"pa_tur-kitap","9":"pa_yayinevi-kitap-muptelasi-yayinlari","10":"pa_yazar-cemal-bekar","12":"first","13":"instock","14":"sale","15":"shipping-taxable","16":"purchasable","17":"product-type-simple"},"_links":{"self":[{"href":"https:\/\/roveyayinevi.com.tr\/index.php\/wp-json\/wp\/v2\/product\/784109","targetHints":{"allow":["GET"]}}],"collection":[{"href":"https:\/\/roveyayinevi.com.tr\/index.php\/wp-json\/wp\/v2\/product"}],"about":[{"href":"https:\/\/roveyayinevi.com.tr\/index.php\/wp-json\/wp\/v2\/types\/product"}],"wp:attachment":[{"href":"https:\/\/roveyayinevi.com.tr\/index.php\/wp-json\/wp\/v2\/media?parent=784109"}],"wp:term":[{"taxonomy":"product_brand","embeddable":true,"href":"https:\/\/roveyayinevi.com.tr\/index.php\/wp-json\/wp\/v2\/product_brand?post=784109"},{"taxonomy":"product_cat","embeddable":true,"href":"https:\/\/roveyayinevi.com.tr\/index.php\/wp-json\/wp\/v2\/product_cat?post=784109"},{"taxonomy":"product_tag","embeddable":true,"href":"https:\/\/roveyayinevi.com.tr\/index.php\/wp-json\/wp\/v2\/product_tag?post=784109"}],"curies":[{"name":"wp","href":"https:\/\/api.w.org\/{rel}","templated":true}]}}