{"id":784107,"date":"2026-03-01T03:23:17","date_gmt":"2026-03-01T00:23:17","guid":{"rendered":"https:\/\/roveyayinevi.com.tr\/index.php\/urun\/ayetler-ve-hadisler-isiginda-iman-2\/"},"modified":"2026-04-16T02:59:51","modified_gmt":"2026-04-15T23:59:51","slug":"ayetler-ve-hadisler-isiginda-iman-2","status":"publish","type":"product","link":"https:\/\/roveyayinevi.com.tr\/index.php\/urun\/ayetler-ve-hadisler-isiginda-iman-2\/","title":{"rendered":"Ayetler ve Hadisler I\u015f\u0131\u011f\u0131nda \u0130man 2"},"content":{"rendered":"<p>Ayet ve Hadisler I\u015f\u0131\u011f\u0131nda \u0130man\u2019da, g\u00fcnah ve iman\u0131n bir arada olamayaca\u011f\u0131, birbirlerine z\u0131t olduklar\u0131 ayet ve hadisi \u015ferifler yoluyla anlat\u0131larak g\u00fcnah\u0131n ne kadar tehlikeli oldu\u011fu ve imana nas\u0131l zarar verdi\u011fi vurgulanmak istenmi\u015ftir. M\u00fcsl\u00fcman\u2019\u0131n g\u00fcnaha t\u00f6vbe etmesi ve bir daha d\u00fc\u015fmemek i\u00e7in \u00e7abalamas\u0131 gerekmektedir. Bizler, bu vesileyle kitab\u0131 haz\u0131rlamak i\u00e7in ayetlerimizin ve de hadislerimizin \u0131\u015f\u0131\u011f\u0131ndan faydaland\u0131k. \u00c7aba bizden, tevfik Allah Celle Celaluhu\u2019dan.  <\/p>\n","protected":false},"excerpt":{"rendered":"<p>Ayet ve Hadisler I\u015f\u0131\u011f\u0131nda \u0130man\u2019da, g\u00fcnah ve iman\u0131n bir arada olamayaca\u011f\u0131, birbirlerine z\u0131t olduklar\u0131 ayet ve hadisi \u015ferifler yoluyla anlat\u0131larak g\u00fcnah\u0131n ne kadar tehlikeli oldu\u011fu ve<span class=\"excerpt-hellip\"> [\u2026]<\/span><\/p>\n","protected":false},"featured_media":0,"template":"","meta":{"_monsterinsights_skip_tracking":false,"_monsterinsights_sitenote_active":false,"_monsterinsights_sitenote_note":"","_monsterinsights_sitenote_category":0},"product_brand":[],"product_cat":[12718,12719,45552],"product_tag":[],"class_list":{"0":"post-784107","1":"product","2":"type-product","3":"status-publish","5":"product_cat-din","6":"product_cat-islam","7":"product_cat-meal-tefsir-hadis","8":"pa_cilt-ciltsiz","9":"pa_tur-kitap","10":"pa_yayinevi-kitap-muptelasi-yayinlari","11":"pa_yazar-ahmet-saglam","13":"first","14":"instock","15":"sale","16":"shipping-taxable","17":"purchasable","18":"product-type-simple"},"_links":{"self":[{"href":"https:\/\/roveyayinevi.com.tr\/index.php\/wp-json\/wp\/v2\/product\/784107","targetHints":{"allow":["GET"]}}],"collection":[{"href":"https:\/\/roveyayinevi.com.tr\/index.php\/wp-json\/wp\/v2\/product"}],"about":[{"href":"https:\/\/roveyayinevi.com.tr\/index.php\/wp-json\/wp\/v2\/types\/product"}],"wp:attachment":[{"href":"https:\/\/roveyayinevi.com.tr\/index.php\/wp-json\/wp\/v2\/media?parent=784107"}],"wp:term":[{"taxonomy":"product_brand","embeddable":true,"href":"https:\/\/roveyayinevi.com.tr\/index.php\/wp-json\/wp\/v2\/product_brand?post=784107"},{"taxonomy":"product_cat","embeddable":true,"href":"https:\/\/roveyayinevi.com.tr\/index.php\/wp-json\/wp\/v2\/product_cat?post=784107"},{"taxonomy":"product_tag","embeddable":true,"href":"https:\/\/roveyayinevi.com.tr\/index.php\/wp-json\/wp\/v2\/product_tag?post=784107"}],"curies":[{"name":"wp","href":"https:\/\/api.w.org\/{rel}","templated":true}]}}