{"id":784084,"date":"2026-02-28T04:07:26","date_gmt":"2026-02-28T01:07:26","guid":{"rendered":"https:\/\/roveyayinevi.com.tr\/index.php\/urun\/elestirel-dusunen-cocuklar-yetistirmek\/"},"modified":"2026-04-15T03:46:53","modified_gmt":"2026-04-15T00:46:53","slug":"elestirel-dusunen-cocuklar-yetistirmek","status":"publish","type":"product","link":"https:\/\/roveyayinevi.com.tr\/index.php\/urun\/elestirel-dusunen-cocuklar-yetistirmek\/","title":{"rendered":"Ele\u015ftirel D\u00fc\u015f\u00fcnen \u00c7ocuklar Yeti\u015ftirmek"},"content":{"rendered":"<p>Dijital \u00e7a\u011fda, her ya\u015ftan \u00e7ocu\u011fun zihnini korumak ve g\u00fc\u00e7lendirmek art\u0131k hi\u00e7 olmad\u0131\u011f\u0131 kadar \u00f6nemli. Ele\u015ftirel D\u00fc\u015f\u00fcnen \u00c7ocuklar Yeti\u015ftirmek, anne baba- lara tutkuyla \u00f6\u011frenen, vicdanl\u0131 d\u00fc\u015f\u00fcnen ve empati kurabilen bireyler yeti\u015f- tirme konusunda ilham verici bir rehber.E\u011fitim, yaln\u0131zca bilgi ve beceri edinmekten ibaret de\u011fildir; neye, nas\u0131l ve ne- den inand\u0131\u011f\u0131m\u0131z\u0131 anlamakt\u0131r. \u0130nternetin sundu\u011fu filtresiz ve s\u0131n\u0131rs\u0131z i\u00e7erik, \u00e7ocuklar\u0131n okuduklar\u0131n\u0131 ve g\u00f6rd\u00fcklerini nas\u0131l yorumlayaca\u011f\u0131na dair endi\u015fe- leri art\u0131r\u0131yor. Bu kaosun i\u00e7inde farkl\u0131 bak\u0131\u015f a\u00e7\u0131lar\u0131n\u0131 merakla ve sa\u011fduyuyla de\u011ferlendirmek elzem bir ya\u015fam becerisine d\u00f6n\u00fc\u015ft\u00fc. Peki, anne babalar bu beceriyi \u00e7ocuklar\u0131na nas\u0131l kazand\u0131rabilir?Her ya\u015fa hitap eden zihin a\u00e7\u0131c\u0131 \u00f6rnekler, etkileyici hik\u00e2yeler ve uygulamas\u0131 kolay etkinliklerle Ele\u015ftirel D\u00fc\u015f\u00fcnen \u00c7ocuklar Yeti\u015ftirmek, gen\u00e7 okurlar\u0131n d\u00fcnyay\u0131 ke\u015ffetme heveslerini desteklerken, aidiyet ihtiyac\u0131n\u0131n ve \u00f6nyarg\u0131- lar\u0131n d\u00fc\u015f\u00fcncelerimizi nas\u0131l \u015fekillendirdi\u011fini fark etmelerine yard\u0131mc\u0131 oluyor. \u00c7ocuklar yaln\u0131zca kendilerine \u00f6\u011fretileni tekrar etmek yerine, kendi g\u00f6r\u00fc\u015fle- rini in\u015fa etmeyi \u00f6\u011freniyorlar.<\/p>\n","protected":false},"excerpt":{"rendered":"<p>Dijital \u00e7a\u011fda, her ya\u015ftan \u00e7ocu\u011fun zihnini korumak ve g\u00fc\u00e7lendirmek art\u0131k hi\u00e7 olmad\u0131\u011f\u0131 kadar \u00f6nemli. Ele\u015ftirel D\u00fc\u015f\u00fcnen \u00c7ocuklar Yeti\u015ftirmek, anne baba- lara tutkuyla \u00f6\u011frenen, vicdanl\u0131 d\u00fc\u015f\u00fcnen ve<span class=\"excerpt-hellip\"> [\u2026]<\/span><\/p>\n","protected":false},"featured_media":0,"template":"","meta":{"_monsterinsights_skip_tracking":false,"_monsterinsights_sitenote_active":false,"_monsterinsights_sitenote_note":"","_monsterinsights_sitenote_category":0},"product_brand":[],"product_cat":[17996,12364],"product_tag":[],"class_list":{"0":"post-784084","1":"product","2":"type-product","3":"status-publish","5":"product_cat-ebeveyn-kitaplari","6":"product_cat-genel-konular","7":"pa_cilt-ciltsiz","8":"pa_tur-kitap","9":"pa_yayinevi-hep-kitap","10":"pa_yazar-julie-bogart","12":"first","13":"instock","14":"sale","15":"shipping-taxable","16":"purchasable","17":"product-type-simple"},"_links":{"self":[{"href":"https:\/\/roveyayinevi.com.tr\/index.php\/wp-json\/wp\/v2\/product\/784084","targetHints":{"allow":["GET"]}}],"collection":[{"href":"https:\/\/roveyayinevi.com.tr\/index.php\/wp-json\/wp\/v2\/product"}],"about":[{"href":"https:\/\/roveyayinevi.com.tr\/index.php\/wp-json\/wp\/v2\/types\/product"}],"wp:attachment":[{"href":"https:\/\/roveyayinevi.com.tr\/index.php\/wp-json\/wp\/v2\/media?parent=784084"}],"wp:term":[{"taxonomy":"product_brand","embeddable":true,"href":"https:\/\/roveyayinevi.com.tr\/index.php\/wp-json\/wp\/v2\/product_brand?post=784084"},{"taxonomy":"product_cat","embeddable":true,"href":"https:\/\/roveyayinevi.com.tr\/index.php\/wp-json\/wp\/v2\/product_cat?post=784084"},{"taxonomy":"product_tag","embeddable":true,"href":"https:\/\/roveyayinevi.com.tr\/index.php\/wp-json\/wp\/v2\/product_tag?post=784084"}],"curies":[{"name":"wp","href":"https:\/\/api.w.org\/{rel}","templated":true}]}}