{"id":784064,"date":"2026-02-26T23:55:05","date_gmt":"2026-02-26T20:55:05","guid":{"rendered":"https:\/\/roveyayinevi.com.tr\/index.php\/urun\/dede-garkin-ve-emirci-sultan\/"},"modified":"2026-04-15T03:47:39","modified_gmt":"2026-04-15T00:47:39","slug":"dede-garkin-ve-emirci-sultan","status":"publish","type":"product","link":"https:\/\/roveyayinevi.com.tr\/index.php\/urun\/dede-garkin-ve-emirci-sultan\/","title":{"rendered":"Dede Gark\u0131n ve Emirci Sultan"},"content":{"rendered":"<p>Bu kitapta, 13. y\u00fczy\u0131l Anadolusu k\u0131rsal kesiminin sosyal ve din\u00ee hayat\u0131n\u0131n \u00e7ok m\u00fchim iki simas\u0131 olmalar\u0131na ra\u011fmen, 1970-80&#8217;lere kadar varl\u0131klar\u0131n\u0131n fark\u0131na var\u0131lmam\u0131\u015f, dolay\u0131s\u0131yla d\u00f6nemin Anadolusunda oynad\u0131klar\u0131 m\u00fchim rol anla\u015f\u0131lmam\u0131\u015f iki simay\u0131 tan\u0131tmaya \u00e7al\u0131\u015faca\u011f\u0131z.Bu iki m\u00fchim sima, 13. y\u00fczy\u0131l Anadolu k\u0131rsal\u0131n\u0131n biri do\u011fusunda, di\u011feri ortas\u0131nda ya\u015fam\u0131\u015f olan Dede Gark\u0131n ve Em\u00eerci Sultan&#8217;d\u0131r.Onlar\u0131n hayat hik\u00e2yelerinin belki bug\u00fcn\u00fcn tarih\u00e7ili\u011fine yapt\u0131\u011f\u0131 en \u00f6nemli katk\u0131, Anadolu din\u00ee ve toplumsal tarihindeki \u00f6nemli yerine ra\u011fmen, yak\u0131n zamana kadar fark\u0131na var\u0131lmam\u0131\u015f Vef\u00e2\u00ee tarikat\u0131 ger\u00e7e\u011finin ortaya \u00e7\u0131kmas\u0131na, \u00f6zellikle Em\u00eerci Sultan vas\u0131tas\u0131yla da -baz\u0131 ara\u015ft\u0131rmac\u0131larca Anadolu&#8217;da hi\u00e7 olmad\u0131\u011f\u0131 ileri s\u00fcr\u00fclen- Yesev\u00ee tarikat\u0131n\u0131n mevcudiyetinin yeniden d\u00fc\u015f\u00fcn\u00fclmesine vesile olmalar\u0131d\u0131r.<\/p>\n","protected":false},"excerpt":{"rendered":"<p>Bu kitapta, 13. y\u00fczy\u0131l Anadolusu k\u0131rsal kesiminin sosyal ve din\u00ee hayat\u0131n\u0131n \u00e7ok m\u00fchim iki simas\u0131 olmalar\u0131na ra\u011fmen, 1970-80&#8217;lere kadar varl\u0131klar\u0131n\u0131n fark\u0131na var\u0131lmam\u0131\u015f, dolay\u0131s\u0131yla d\u00f6nemin Anadolusunda oynad\u0131klar\u0131<span class=\"excerpt-hellip\"> [\u2026]<\/span><\/p>\n","protected":false},"featured_media":0,"template":"","meta":{"_monsterinsights_skip_tracking":false,"_monsterinsights_sitenote_active":false,"_monsterinsights_sitenote_note":"","_monsterinsights_sitenote_category":0},"product_brand":[],"product_cat":[12370,12304],"product_tag":[],"class_list":{"0":"post-784064","1":"product","2":"type-product","3":"status-publish","5":"product_cat-arastirma-inceleme","6":"product_cat-tarih","7":"pa_cilt-ciltsiz","8":"pa_tur-kitap","9":"pa_yayinevi-dergah-yayinlari","10":"pa_yazar-ahmet-yasar-ocak","12":"first","13":"instock","14":"sale","15":"shipping-taxable","16":"purchasable","17":"product-type-simple"},"_links":{"self":[{"href":"https:\/\/roveyayinevi.com.tr\/index.php\/wp-json\/wp\/v2\/product\/784064","targetHints":{"allow":["GET"]}}],"collection":[{"href":"https:\/\/roveyayinevi.com.tr\/index.php\/wp-json\/wp\/v2\/product"}],"about":[{"href":"https:\/\/roveyayinevi.com.tr\/index.php\/wp-json\/wp\/v2\/types\/product"}],"wp:attachment":[{"href":"https:\/\/roveyayinevi.com.tr\/index.php\/wp-json\/wp\/v2\/media?parent=784064"}],"wp:term":[{"taxonomy":"product_brand","embeddable":true,"href":"https:\/\/roveyayinevi.com.tr\/index.php\/wp-json\/wp\/v2\/product_brand?post=784064"},{"taxonomy":"product_cat","embeddable":true,"href":"https:\/\/roveyayinevi.com.tr\/index.php\/wp-json\/wp\/v2\/product_cat?post=784064"},{"taxonomy":"product_tag","embeddable":true,"href":"https:\/\/roveyayinevi.com.tr\/index.php\/wp-json\/wp\/v2\/product_tag?post=784064"}],"curies":[{"name":"wp","href":"https:\/\/api.w.org\/{rel}","templated":true}]}}