{"id":784013,"date":"2026-02-26T23:51:51","date_gmt":"2026-02-26T20:51:51","guid":{"rendered":"https:\/\/roveyayinevi.com.tr\/index.php\/urun\/ebul-ala-mevdudiisiga-cagri\/"},"modified":"2026-04-15T03:46:52","modified_gmt":"2026-04-15T00:46:52","slug":"ebul-ala-mevdudiisiga-cagri","status":"publish","type":"product","link":"https:\/\/roveyayinevi.com.tr\/index.php\/urun\/ebul-ala-mevdudiisiga-cagri\/","title":{"rendered":"Ebu\u2019l \u2013 A\u2019L\u00e2 Mevdud\u00ee;I\u015f\u0131\u011fa \u00c7a\u011fr\u0131"},"content":{"rendered":"<p>20.  y\u00fczy\u0131l\u0131n ba\u015f\u0131nda Hint alt k\u0131tas\u0131nda, s\u00f6m\u00fcrgecili\u011fin g\u00f6lgesinde do\u011fan bir \u00e7ocuk; ilerleyen y\u0131llarda kalemiyle milyonlar\u0131n vicdan\u0131na dokunacak, meydanlarda ve zindanlarda yank\u0131lanan bir dirili\u015f \u00e7a\u011fr\u0131s\u0131n\u0131n \u00f6nc\u00fcs\u00fc olacakt\u0131. O \u00e7ocuk, Eb\u00fc\u2019l-A\u2018l\u00e2 el-Mevd\u00fbd\u00ee\u2019ydi. Onun hik\u00e2yesi, bireysel bir ser\u00fcvenin \u00f6tesinde; karanl\u0131kla ayd\u0131nl\u0131k aras\u0131nda k\u0131vranan bir toplumun yeniden uyan\u0131\u015f yolculu\u011fudur. I\u015f\u0131\u011fa \u00c7a\u011fr\u0131, Mevd\u00fbd\u00ee\u2019nin hayat\u0131n\u0131, m\u00fccadelesini ve fikir d\u00fcnyas\u0131n\u0131 sahne sahne g\u00f6zler \u00f6n\u00fcne seriyor. \u00c7ocuklukta ald\u0131\u011f\u0131 \u00f6zel e\u011fitimden medrese s\u0131ralar\u0131na, gen\u00e7 ya\u015fta ba\u015flad\u0131\u011f\u0131 gazetecilikten kurdu\u011fu Cemaat-i \u0130sl\u00e2m\u00ee\u2019ye kadar her d\u00f6neme\u00e7, bir aksiyon filminin kareleri gibi ard\u0131 ard\u0131na ak\u0131yor. Kalemiyle meydan okuyan, zindanlarda fikirlerini savunmaya devam eden, idamla tehdit edilse bile boyun e\u011fmeyen bir irade, bu sayfalarda b\u00fct\u00fcn ger\u00e7ekli\u011fiyle kar\u015f\u0131n\u0131za \u00e7\u0131k\u0131yor.Kitap, yaln\u0131zca bir biyografi de\u011fil; ayn\u0131 zamanda bir fikir atlas\u0131. Mevd\u00fbd\u00ee\u2019nin Kur\u2019an merkezli yakla\u015f\u0131m\u0131, Bat\u0131 medeniyetine kar\u015f\u0131 geli\u015ftirdi\u011fi ele\u015ftiriler, \u00fcmmet bilincine dayal\u0131 siyaset anlay\u0131\u015f\u0131 ve e\u011fitimden sosyal adalete uzanan geni\u015f vizyonu; \u00e7a\u011fda\u015f \u0130slam d\u00fcnyas\u0131n\u0131n sanc\u0131lar\u0131n\u0131 anlamak isteyenler i\u00e7in yol g\u00f6sterici nitelikte.Onun hik\u00e2yesi, bireysel bir ser\u00fcvenin \u00f6tesinde; karanl\u0131kla ayd\u0131nl\u0131k aras\u0131nda k\u0131vranan bir toplumun yeniden uyan\u0131\u015f yolculu\u011fudur. Mevd\u00fbd\u00ee\u2019nin kalemi, yaln\u0131zca yaz\u0131 de\u011fil; bir cihad silah\u0131yd\u0131. Her sat\u0131rda, zulme kar\u015f\u0131 duran bir ses, \u00fcmmeti yeniden dirili\u015fe \u00e7a\u011f\u0131ran bir nefes gizli.Ve en nihayetinde bu eser, tek bir hakikati f\u0131s\u0131ld\u0131yor: Tarih sahnesinde fikirleriyle \u0131\u015f\u0131k sa\u00e7anlar, bedenleri topra\u011fa d\u00fc\u015fse de \u00e7a\u011fr\u0131lar\u0131n\u0131 susturamazs\u0131n\u0131z. Mevd\u00fbd\u00ee\u2019nin sesi h\u00e2l\u00e2 yank\u0131lan\u0131yor; kaleminden \u00e7\u0131kan s\u00f6zler h\u00e2l\u00e2 \u00fcmmetin ufkunu ayd\u0131nlat\u0131yor.<\/p>\n","protected":false},"excerpt":{"rendered":"<p>20. y\u00fczy\u0131l\u0131n ba\u015f\u0131nda Hint alt k\u0131tas\u0131nda, s\u00f6m\u00fcrgecili\u011fin g\u00f6lgesinde do\u011fan bir \u00e7ocuk; ilerleyen y\u0131llarda kalemiyle milyonlar\u0131n vicdan\u0131na dokunacak, meydanlarda ve zindanlarda yank\u0131lanan bir dirili\u015f \u00e7a\u011fr\u0131s\u0131n\u0131n \u00f6nc\u00fcs\u00fc olacakt\u0131.<span class=\"excerpt-hellip\"> [\u2026]<\/span><\/p>\n","protected":false},"featured_media":0,"template":"","meta":{"_monsterinsights_skip_tracking":false,"_monsterinsights_sitenote_active":false,"_monsterinsights_sitenote_note":"","_monsterinsights_sitenote_category":0},"product_brand":[],"product_cat":[12370,12304],"product_tag":[],"class_list":{"0":"post-784013","1":"product","2":"type-product","3":"status-publish","5":"product_cat-arastirma-inceleme","6":"product_cat-tarih","7":"pa_cilt-ciltsiz","8":"pa_tur-kitap","9":"pa_yayinevi-vera-kitap-yayinlari","10":"pa_yazar-mustafa-tuncer","12":"first","13":"instock","14":"sale","15":"shipping-taxable","16":"purchasable","17":"product-type-simple"},"_links":{"self":[{"href":"https:\/\/roveyayinevi.com.tr\/index.php\/wp-json\/wp\/v2\/product\/784013","targetHints":{"allow":["GET"]}}],"collection":[{"href":"https:\/\/roveyayinevi.com.tr\/index.php\/wp-json\/wp\/v2\/product"}],"about":[{"href":"https:\/\/roveyayinevi.com.tr\/index.php\/wp-json\/wp\/v2\/types\/product"}],"wp:attachment":[{"href":"https:\/\/roveyayinevi.com.tr\/index.php\/wp-json\/wp\/v2\/media?parent=784013"}],"wp:term":[{"taxonomy":"product_brand","embeddable":true,"href":"https:\/\/roveyayinevi.com.tr\/index.php\/wp-json\/wp\/v2\/product_brand?post=784013"},{"taxonomy":"product_cat","embeddable":true,"href":"https:\/\/roveyayinevi.com.tr\/index.php\/wp-json\/wp\/v2\/product_cat?post=784013"},{"taxonomy":"product_tag","embeddable":true,"href":"https:\/\/roveyayinevi.com.tr\/index.php\/wp-json\/wp\/v2\/product_tag?post=784013"}],"curies":[{"name":"wp","href":"https:\/\/api.w.org\/{rel}","templated":true}]}}