{"id":784011,"date":"2026-02-26T23:51:45","date_gmt":"2026-02-26T20:51:45","guid":{"rendered":"https:\/\/roveyayinevi.com.tr\/index.php\/urun\/hasan-el-bennaminber-ile-meydan-arasinda\/"},"modified":"2026-04-15T03:46:52","modified_gmt":"2026-04-15T00:46:52","slug":"hasan-el-bennaminber-ile-meydan-arasinda","status":"publish","type":"product","link":"https:\/\/roveyayinevi.com.tr\/index.php\/urun\/hasan-el-bennaminber-ile-meydan-arasinda\/","title":{"rendered":"Hasan El Benna;Minber ile Meydan Aras\u0131nda"},"content":{"rendered":"<p>1906 y\u0131l\u0131n\u0131n sonbahar\u0131nda Nil Deltas\u0131\u2019n\u0131n k\u00fc\u00e7\u00fck bir kasabas\u0131nda do\u011fan bir \u00e7ocuk, ilerleyen y\u0131llarda modern \u0130slam d\u00fcnyas\u0131n\u0131n en b\u00fcy\u00fck uyan\u0131\u015f hareketlerinden birini ba\u015flatacakt\u0131. O \u00e7ocuk, Hasan el-Benna\u2019yd\u0131. M\u00fctevaz\u0131 bir evde ba\u015flayan yolculu\u011fu, Kahire\u2019nin \u00e7alkant\u0131l\u0131 sokaklar\u0131ndan \u0130smailiye\u2019nin kahvehanelerine, oradan da milyonlar\u0131 i\u00e7ine alan k\u00fcresel bir harekete d\u00f6n\u00fc\u015ft\u00fc.Minber ile Meydan Aras\u0131nda, bir \u00f6\u011fretmenin nas\u0131l \u201cm\u00fcr\u015fid\u201de d\u00f6n\u00fc\u015ft\u00fc\u011f\u00fcn\u00fc, bireylerin kalplerinde yanan k\u0131v\u0131lc\u0131m\u0131n nas\u0131l \u00fcmmetin damarlar\u0131nda dola\u015fan bir ate\u015fe d\u00f6n\u00fc\u015ft\u00fc\u011f\u00fcn\u00fc anlat\u0131yor. Babas\u0131ndan ald\u0131\u011f\u0131 ilim terbiyesi, tasavvuf halkalar\u0131n\u0131n maneviyat\u0131 ve Dar\u00fclul\u00fbm s\u0131ralar\u0131ndaki e\u011fitim; hepsi, onu yaln\u0131zca bir hatip ya da alim de\u011fil, ayn\u0131 zamanda aksiyonun ortas\u0131nda yo\u011frulmu\u015f bir lider haline getirdi.Kitap, \u0130hvan-\u0131 M\u00fcslimin\u2019in do\u011fu\u015funu, \u0130ngiliz i\u015fgaline kar\u015f\u0131 direni\u015fi, M\u0131s\u0131r\u2019\u0131n \u00e7\u00fcr\u00fcm\u00fc\u015f siyasetine kar\u015f\u0131 verilen m\u00fccadeleyi ve Filistin davas\u0131na adanm\u0131\u015fl\u0131\u011f\u0131 sayfa sayfa g\u00f6zler \u00f6n\u00fcne seriyor. Kahvehanelerde yap\u0131lan k\u0131sa sohbetlerin, nas\u0131l bir d\u00fcnya hareketine d\u00f6n\u00fc\u015febildi\u011fini; gen\u00e7 bir \u00f6\u011fretmenin, nas\u0131l milyonlar\u0131n umudu haline geldi\u011fini okur, her sat\u0131rda yeniden hissedecek.Hasan el-Benna\u2019n\u0131n m\u00fccadelesi yaln\u0131zca s\u00f6zle de\u011fil, sevgiyle ve sab\u0131rla \u00f6r\u00fclm\u00fc\u015f bir stratejiydi. O, inanc\u0131 siyasetin dar kal\u0131plar\u0131na s\u0131\u011fd\u0131rmad\u0131; \u0130slam\u2019\u0131 bir nizam, \u00fcmmeti bir aile, karde\u015fli\u011fi bir hayat tarz\u0131 olarak tan\u0131mlad\u0131. Onun \u00e7a\u011fr\u0131s\u0131, yaln\u0131zca M\u0131s\u0131rl\u0131lara de\u011fil; b\u00fct\u00fcn \u0130slam d\u00fcnyas\u0131na uzanan bir dirili\u015f davetiydi.Bu eser, s\u0131radan bir biyografi de\u011fil; suikastla son bulsa da \u015fehadetle ta\u00e7lanan bir \u00f6mr\u00fcn, h\u00e2l\u00e2 milyonlar\u0131n g\u00f6nl\u00fcnde yank\u0131lanan bir \u00e7a\u011fr\u0131n\u0131n hik\u00e2yesi. Okur, sat\u0131rlar\u0131n aras\u0131nda hem minberin sakin sesini hem de meydan\u0131n co\u015fkulu hayk\u0131r\u0131\u015f\u0131n\u0131 duyacak. Ve g\u00f6recek ki Hasan el-Benna\u2019n\u0131n b\u0131rakt\u0131\u011f\u0131 miras, bug\u00fcn h\u00e2l\u00e2 tarihin nabz\u0131n\u0131 tutmaya devam ediyor.<\/p>\n","protected":false},"excerpt":{"rendered":"<p>1906 y\u0131l\u0131n\u0131n sonbahar\u0131nda Nil Deltas\u0131\u2019n\u0131n k\u00fc\u00e7\u00fck bir kasabas\u0131nda do\u011fan bir \u00e7ocuk, ilerleyen y\u0131llarda modern \u0130slam d\u00fcnyas\u0131n\u0131n en b\u00fcy\u00fck uyan\u0131\u015f hareketlerinden birini ba\u015flatacakt\u0131. O \u00e7ocuk, Hasan el-Benna\u2019yd\u0131.<span class=\"excerpt-hellip\"> [\u2026]<\/span><\/p>\n","protected":false},"featured_media":0,"template":"","meta":{"_monsterinsights_skip_tracking":false,"_monsterinsights_sitenote_active":false,"_monsterinsights_sitenote_note":"","_monsterinsights_sitenote_category":0},"product_brand":[],"product_cat":[16789,12718,12719],"product_tag":[],"class_list":{"0":"post-784011","1":"product","2":"type-product","3":"status-publish","5":"product_cat-diger-islam","6":"product_cat-din","7":"product_cat-islam","8":"pa_cilt-ciltsiz","9":"pa_tur-kitap","10":"pa_yayinevi-vera-kitap-yayinlari","11":"pa_yazar-haci-cetinkaya","13":"first","14":"instock","15":"sale","16":"shipping-taxable","17":"purchasable","18":"product-type-simple"},"_links":{"self":[{"href":"https:\/\/roveyayinevi.com.tr\/index.php\/wp-json\/wp\/v2\/product\/784011","targetHints":{"allow":["GET"]}}],"collection":[{"href":"https:\/\/roveyayinevi.com.tr\/index.php\/wp-json\/wp\/v2\/product"}],"about":[{"href":"https:\/\/roveyayinevi.com.tr\/index.php\/wp-json\/wp\/v2\/types\/product"}],"wp:attachment":[{"href":"https:\/\/roveyayinevi.com.tr\/index.php\/wp-json\/wp\/v2\/media?parent=784011"}],"wp:term":[{"taxonomy":"product_brand","embeddable":true,"href":"https:\/\/roveyayinevi.com.tr\/index.php\/wp-json\/wp\/v2\/product_brand?post=784011"},{"taxonomy":"product_cat","embeddable":true,"href":"https:\/\/roveyayinevi.com.tr\/index.php\/wp-json\/wp\/v2\/product_cat?post=784011"},{"taxonomy":"product_tag","embeddable":true,"href":"https:\/\/roveyayinevi.com.tr\/index.php\/wp-json\/wp\/v2\/product_tag?post=784011"}],"curies":[{"name":"wp","href":"https:\/\/api.w.org\/{rel}","templated":true}]}}