{"id":784010,"date":"2026-02-26T23:51:42","date_gmt":"2026-02-26T20:51:42","guid":{"rendered":"https:\/\/roveyayinevi.com.tr\/index.php\/urun\/seyyid-kutubkuranin-golgesinde\/"},"modified":"2026-04-15T03:46:52","modified_gmt":"2026-04-15T00:46:52","slug":"seyyid-kutubkuranin-golgesinde","status":"publish","type":"product","link":"https:\/\/roveyayinevi.com.tr\/index.php\/urun\/seyyid-kutubkuranin-golgesinde\/","title":{"rendered":"Seyyid Kutub;Kur\u2019an\u2019\u0131n G\u00f6lgesinde"},"content":{"rendered":"<p>1906 yaz\u0131nda M\u0131s\u0131r\u2019\u0131n Asy\u00fbt vilayetinde d\u00fcnyaya gelen k\u00fc\u00e7\u00fck bir \u00e7ocuk, y\u0131llar sonra dara\u011fac\u0131nda son nefesini verirken ard\u0131nda bir \u00f6mr\u00fcn yan\u0131 s\u0131ra \u00e7a\u011flar\u0131 sarsan bir fikir miras\u0131 b\u0131rakt\u0131. O \u00e7ocuk, Seyyid Kutub\u2019du. \u015eiirle ba\u015flayan yolculu\u011fu, edebiyat\u0131n rafine d\u00fcnyas\u0131ndan siyasetin sert iklimine, oradan da Kur\u2019an\u2019\u0131n g\u00f6lgesine uzand\u0131.Kur\u2019an\u2019\u0131n G\u00f6lgesinde, modern \u0130slam d\u00fc\u015f\u00fcncesinin en sars\u0131c\u0131 fig\u00fcrlerinden birinin hayat\u0131na ve m\u00fccadelesine yak\u0131ndan bak\u0131yor. \u00c7ocuklukta ba\u015flayan haf\u0131zl\u0131k e\u011fitimi, Kahire\u2019nin entelekt\u00fcel \u00e7evrelerinde yo\u011frulan edeb\u00ee birikim, Amerika\u2019da ya\u015fanan k\u00fclt\u00fcrel \u015fok ve ard\u0131ndan gelen zihinsel k\u0131r\u0131lma\u2026 Her safha, Kutub\u2019un kaleminde bir i\u00e7 hesapla\u015fma, bir direni\u015f ve bir \u00e7a\u011fr\u0131ya d\u00f6n\u00fc\u015ft\u00fc.Kitap, Kutub\u2019un \u0130hvan-\u0131 M\u00fcslim\u00een saflar\u0131na kat\u0131l\u0131\u015f\u0131n\u0131, darbelerle \u00e7alkalanan M\u0131s\u0131r\u2019da ya\u015fad\u0131\u011f\u0131 sars\u0131nt\u0131lar\u0131, i\u015fkencehanelerde kaleme ald\u0131\u011f\u0131 sat\u0131rlar\u0131 ve \u015fehadetle ta\u00e7lanan hayat\u0131n\u0131 g\u00f6zler \u00f6n\u00fcne seriyor. Onun fikirleri, yaln\u0131zca M\u0131s\u0131r\u2019\u0131n siyasi tarihinde de\u011fil, b\u00fct\u00fcn \u0130slam d\u00fcnyas\u0131nda derin yank\u0131lar uyand\u0131rd\u0131.Okur, bu sat\u0131rlar\u0131n aras\u0131nda, \u201cFi Zilal el-Kur\u2019an\u201d\u0131n derin tefsirinden \u201cYoldaki \u0130\u015faretler\u201din devrimci \u00e7\u0131\u011fl\u0131\u011f\u0131na kadar uzanan bir sesin izini s\u00fcrecek. Kutub\u2019un metinlerinde edebiyat\u0131n inceli\u011fiyle siyasetin sertli\u011fi, tefekk\u00fcr\u00fcn derinli\u011fiyle meydan okuman\u0131n kararl\u0131l\u0131\u011f\u0131 i\u00e7 i\u00e7e ge\u00e7iyor.Bu eser, bir biyografiden \u00f6te; bir \u00e7a\u011f\u0131n vicdan\u0131n\u0131, s\u00f6m\u00fcrge sonras\u0131 \u0130slam d\u00fcnyas\u0131n\u0131n sanc\u0131lar\u0131n\u0131 ve Kur\u2019an merkezli bir hayat tasavvurunun nas\u0131l bedellerle in\u015fa edildi\u011fini aktar\u0131yor. Her sat\u0131r, okuyucuya hem bir d\u00fc\u015f\u00fcn\u00fcr\u00fcn hik\u00e2yesini hem de kendi \u00e7a\u011f\u0131n\u0131n aynas\u0131n\u0131 sunuyor.<\/p>\n","protected":false},"excerpt":{"rendered":"<p>1906 yaz\u0131nda M\u0131s\u0131r\u2019\u0131n Asy\u00fbt vilayetinde d\u00fcnyaya gelen k\u00fc\u00e7\u00fck bir \u00e7ocuk, y\u0131llar sonra dara\u011fac\u0131nda son nefesini verirken ard\u0131nda bir \u00f6mr\u00fcn yan\u0131 s\u0131ra \u00e7a\u011flar\u0131 sarsan bir fikir miras\u0131<span class=\"excerpt-hellip\"> [\u2026]<\/span><\/p>\n","protected":false},"featured_media":0,"template":"","meta":{"_monsterinsights_skip_tracking":false,"_monsterinsights_sitenote_active":false,"_monsterinsights_sitenote_note":"","_monsterinsights_sitenote_category":0},"product_brand":[],"product_cat":[16789,12718,12719],"product_tag":[],"class_list":{"0":"post-784010","1":"product","2":"type-product","3":"status-publish","5":"product_cat-diger-islam","6":"product_cat-din","7":"product_cat-islam","8":"pa_cilt-ciltsiz","9":"pa_tur-kitap","10":"pa_yayinevi-vera-kitap-yayinlari","11":"pa_yazar-seyfullah-kara","13":"first","14":"instock","15":"sale","16":"shipping-taxable","17":"purchasable","18":"product-type-simple"},"_links":{"self":[{"href":"https:\/\/roveyayinevi.com.tr\/index.php\/wp-json\/wp\/v2\/product\/784010","targetHints":{"allow":["GET"]}}],"collection":[{"href":"https:\/\/roveyayinevi.com.tr\/index.php\/wp-json\/wp\/v2\/product"}],"about":[{"href":"https:\/\/roveyayinevi.com.tr\/index.php\/wp-json\/wp\/v2\/types\/product"}],"wp:attachment":[{"href":"https:\/\/roveyayinevi.com.tr\/index.php\/wp-json\/wp\/v2\/media?parent=784010"}],"wp:term":[{"taxonomy":"product_brand","embeddable":true,"href":"https:\/\/roveyayinevi.com.tr\/index.php\/wp-json\/wp\/v2\/product_brand?post=784010"},{"taxonomy":"product_cat","embeddable":true,"href":"https:\/\/roveyayinevi.com.tr\/index.php\/wp-json\/wp\/v2\/product_cat?post=784010"},{"taxonomy":"product_tag","embeddable":true,"href":"https:\/\/roveyayinevi.com.tr\/index.php\/wp-json\/wp\/v2\/product_tag?post=784010"}],"curies":[{"name":"wp","href":"https:\/\/api.w.org\/{rel}","templated":true}]}}