{"id":783966,"date":"2026-02-26T23:49:29","date_gmt":"2026-02-26T20:49:29","guid":{"rendered":"https:\/\/roveyayinevi.com.tr\/index.php\/urun\/kitabul-kalb-yurek-cagrisi\/"},"modified":"2026-04-15T03:46:50","modified_gmt":"2026-04-15T00:46:50","slug":"kitabul-kalb-yurek-cagrisi","status":"publish","type":"product","link":"https:\/\/roveyayinevi.com.tr\/index.php\/urun\/kitabul-kalb-yurek-cagrisi\/","title":{"rendered":"Kitabu&#8217;l-Kalb Y\u00fcrek \u00c7a\u011fr\u0131s\u0131"},"content":{"rendered":"<p>Kalbsiz bir d\u00fcnya, at\u015fe topu ve kan deryas\u0131ndan ba\u015fka bir \u015fey de\u011fildir&#8230;Kalp merkezli insan; halifedir, \u015fahittir..Kalp merkezli aile, cennetten bir k\u00f6\u015fedir..Kalp merkezli olu\u015fumlar; yed-i Kudretin devrede oldu\u011fu rahmet ortamlar\u0131d\u0131r.Kalp merkezli toplumlarda; insan insan\u0131n karde\u015fidir.Kalp merkezli bir d\u00fcnyan\u0131n insanl\u0131\u011fa m\u00fcjdesi; rahmet ve adalettir.\u0130\u015fte g\u00fcn\u00fcm\u00fcz insan\u0131n sorumlulu\u011fu burada ba\u015fl\u0131yor..Modern d\u00fcnyan\u0131n imha s\u00fcrecinde kalp merkezli yeni bir d\u00fcnya in\u015fa etmektir..Ger\u00e7ek hayat, y\u00fcrek seviyesinde s\u00fcrd\u00fcr\u00fclen hayatt\u0131r.Kalbi ile var olan insan, ge\u00e7mi\u015fi ve gelece\u011fi fethederek zaman \u00fcst\u00fc bir varl\u0131k haline gelir..<\/p>\n","protected":false},"excerpt":{"rendered":"<p>Kalbsiz bir d\u00fcnya, at\u015fe topu ve kan deryas\u0131ndan ba\u015fka bir \u015fey de\u011fildir&#8230;Kalp merkezli insan; halifedir, \u015fahittir..Kalp merkezli aile, cennetten bir k\u00f6\u015fedir..Kalp merkezli olu\u015fumlar; yed-i Kudretin devrede<span class=\"excerpt-hellip\"> [\u2026]<\/span><\/p>\n","protected":false},"featured_media":0,"template":"","meta":{"_monsterinsights_skip_tracking":false,"_monsterinsights_sitenote_active":false,"_monsterinsights_sitenote_note":"","_monsterinsights_sitenote_category":0},"product_brand":[],"product_cat":[16789,12718,12719],"product_tag":[],"class_list":{"0":"post-783966","1":"product","2":"type-product","3":"status-publish","5":"product_cat-diger-islam","6":"product_cat-din","7":"product_cat-islam","8":"pa_cilt-ciltsiz","9":"pa_tur-kitap","10":"pa_yayinevi-sahra-kitap","11":"pa_yazar-ramazan-kayan","13":"first","14":"instock","15":"sale","16":"shipping-taxable","17":"purchasable","18":"product-type-simple"},"_links":{"self":[{"href":"https:\/\/roveyayinevi.com.tr\/index.php\/wp-json\/wp\/v2\/product\/783966","targetHints":{"allow":["GET"]}}],"collection":[{"href":"https:\/\/roveyayinevi.com.tr\/index.php\/wp-json\/wp\/v2\/product"}],"about":[{"href":"https:\/\/roveyayinevi.com.tr\/index.php\/wp-json\/wp\/v2\/types\/product"}],"wp:attachment":[{"href":"https:\/\/roveyayinevi.com.tr\/index.php\/wp-json\/wp\/v2\/media?parent=783966"}],"wp:term":[{"taxonomy":"product_brand","embeddable":true,"href":"https:\/\/roveyayinevi.com.tr\/index.php\/wp-json\/wp\/v2\/product_brand?post=783966"},{"taxonomy":"product_cat","embeddable":true,"href":"https:\/\/roveyayinevi.com.tr\/index.php\/wp-json\/wp\/v2\/product_cat?post=783966"},{"taxonomy":"product_tag","embeddable":true,"href":"https:\/\/roveyayinevi.com.tr\/index.php\/wp-json\/wp\/v2\/product_tag?post=783966"}],"curies":[{"name":"wp","href":"https:\/\/api.w.org\/{rel}","templated":true}]}}