{"id":783954,"date":"2026-02-26T23:48:58","date_gmt":"2026-02-26T20:48:58","guid":{"rendered":"https:\/\/roveyayinevi.com.tr\/index.php\/urun\/dua-ve-zikir\/"},"modified":"2026-04-15T03:46:50","modified_gmt":"2026-04-15T00:46:50","slug":"dua-ve-zikir","status":"publish","type":"product","link":"https:\/\/roveyayinevi.com.tr\/index.php\/urun\/dua-ve-zikir\/","title":{"rendered":"Dua ve Zikir"},"content":{"rendered":"<p>\u0130mam-\u0131 Gaz\u00e2l\u00ee, ya\u015fad\u0131\u011f\u0131 d\u00f6neme damgas\u0131n\u0131 vurmu\u015f bir din \u00e2limidir. Gaz\u00e2l\u00ee&#8217;nin eserleri g\u00fcn\u00fcm\u00fczde de de\u011ferini korumakta, en \u00e7ok okunan ve ba\u015fvurulan \u0130slam\u00ee temel kaynak eserler aras\u0131nda yer almaktad\u0131r.     \u0130mam-\u0131 Gaz\u00e2l\u00ee&#8217;nin en b\u00fcy\u00fck eseri olan \u0130hy\u00e2-u Ul\u00fbm&#8217;id-din, \u0130slam d\u00fcnyas\u0131nda son derece \u00f6nemli ve m\u00fcstesna bir de\u011fere sahiptir. Her d\u00f6nem M\u00fcsl\u00fcmanlar i\u00e7in ilk akla gelen ba\u015fvuru kayna\u011f\u0131 olmu\u015f ve bu esere b\u00fcy\u00fck g\u00fcven duyulmu\u015ftur.      Y\u00fczy\u0131llar boyunca M\u00fcsl\u00fcmanlar\u0131n ellerinden d\u00fc\u015fmeyen ve kitapl\u0131klar\u0131nda ba\u015f k\u00f6\u015fede duran bu rehber nitelikli b\u00fcy\u00fck eseri, \u015fimdi yepyeni bir formatla size sunuyoruz.     \u0130hy\u00e2-u Ul\u00fbm&#8217;id-din i\u00e7inde yer alan konular\u0131n her biri, eserin orijinal anlat\u0131m\u0131 asla bozulmadan, ak\u0131c\u0131 ve duru bir dil kullan\u0131larak sadele\u015ftirilerek, ba\u015fl\u0131 ba\u015f\u0131na birer kitap haline getirildi.      \u0130hy\u00e2-u Ul\u00fbm&#8217;id-din ciltleri i\u00e7indeki konular\u0131n yer ald\u0131\u011f\u0131 kitaplar\u0131 bundan b\u00f6yle yan\u0131n\u0131zda ta\u015f\u0131yarak okuyabilecek, kitapl\u0131\u011f\u0131n\u0131zda \u015f\u0131k ve m\u00fcstesna bir yer tutacak olan \u0130hy\u00e2-u Ul\u00fbm&#8217;id-din kitaplar\u0131na sahip olabileceksiniz.      \u0130hy\u00e2-u Ul\u00fbm&#8217;id-din i\u00e7inde yer alan en \u00f6nemli b\u00f6l\u00fcmlerinden biri de, Dua ve Zikir dir. Dua ve Zikir kitab\u0131n\u0131, \u0130hy\u00e2 Kitapl\u0131\u011f\u0131 dizisinin ikinci kitab\u0131 olarak de\u011ferli okurlar\u0131m\u0131za sunuyoruz.<\/p>\n","protected":false},"excerpt":{"rendered":"<p>\u0130mam-\u0131 Gaz\u00e2l\u00ee, ya\u015fad\u0131\u011f\u0131 d\u00f6neme damgas\u0131n\u0131 vurmu\u015f bir din \u00e2limidir. Gaz\u00e2l\u00ee&#8217;nin eserleri g\u00fcn\u00fcm\u00fczde de de\u011ferini korumakta, en \u00e7ok okunan ve ba\u015fvurulan \u0130slam\u00ee temel kaynak eserler aras\u0131nda yer<span class=\"excerpt-hellip\"> [\u2026]<\/span><\/p>\n","protected":false},"featured_media":0,"template":"","meta":{"_monsterinsights_skip_tracking":false,"_monsterinsights_sitenote_active":false,"_monsterinsights_sitenote_note":"","_monsterinsights_sitenote_category":0},"product_brand":[],"product_cat":[12718,12719],"product_tag":[],"class_list":{"0":"post-783954","1":"product","2":"type-product","3":"status-publish","5":"product_cat-din","6":"product_cat-islam","7":"pa_cilt-ciltsiz","8":"pa_tur-kitap","9":"pa_yayinevi-celik-yayinevi","10":"pa_yazar-imam-i-gazali","12":"first","13":"instock","14":"sale","15":"shipping-taxable","16":"purchasable","17":"product-type-simple"},"_links":{"self":[{"href":"https:\/\/roveyayinevi.com.tr\/index.php\/wp-json\/wp\/v2\/product\/783954","targetHints":{"allow":["GET"]}}],"collection":[{"href":"https:\/\/roveyayinevi.com.tr\/index.php\/wp-json\/wp\/v2\/product"}],"about":[{"href":"https:\/\/roveyayinevi.com.tr\/index.php\/wp-json\/wp\/v2\/types\/product"}],"wp:attachment":[{"href":"https:\/\/roveyayinevi.com.tr\/index.php\/wp-json\/wp\/v2\/media?parent=783954"}],"wp:term":[{"taxonomy":"product_brand","embeddable":true,"href":"https:\/\/roveyayinevi.com.tr\/index.php\/wp-json\/wp\/v2\/product_brand?post=783954"},{"taxonomy":"product_cat","embeddable":true,"href":"https:\/\/roveyayinevi.com.tr\/index.php\/wp-json\/wp\/v2\/product_cat?post=783954"},{"taxonomy":"product_tag","embeddable":true,"href":"https:\/\/roveyayinevi.com.tr\/index.php\/wp-json\/wp\/v2\/product_tag?post=783954"}],"curies":[{"name":"wp","href":"https:\/\/api.w.org\/{rel}","templated":true}]}}