{"id":783946,"date":"2026-02-26T23:48:16","date_gmt":"2026-02-26T20:48:16","guid":{"rendered":"https:\/\/roveyayinevi.com.tr\/index.php\/urun\/osmanli-elcileri-gozu-ile-avrupa\/"},"modified":"2026-04-15T03:46:50","modified_gmt":"2026-04-15T00:46:50","slug":"osmanli-elcileri-gozu-ile-avrupa","status":"publish","type":"product","link":"https:\/\/roveyayinevi.com.tr\/index.php\/urun\/osmanli-elcileri-gozu-ile-avrupa\/","title":{"rendered":"Osmanl\u0131 El\u00e7ileri G\u00f6z\u00fc \u0130le Avrupa"},"content":{"rendered":"<p>Osmanl\u0131 devletinin XVIII. y\u00fczy\u0131l\u0131n ba\u015flar\u0131ndan itibaren Avrupal\u0131 devletler kar\u015f\u0131s\u0131nda ortaya \u00e7\u0131kan g\u00fc\u00e7 kayb\u0131, bu devleti Avrupa\u00b4da olu\u015fturulan yeni diplomasi bi\u00e7imini kullanmaya zorlam\u0131\u015ft\u0131r. Bu geli\u015fmenin bir sonucu olarak Avrupa\u00b4ya g\u00f6nderilen el\u00e7ilerin say\u0131s\u0131nda \u00f6nemli bir art\u0131\u015f ger\u00e7ekle\u015fmi\u015ftir. Osmanl\u0131 el\u00e7ilerinin bu d\u00f6nemde yazd\u0131\u011f\u0131 el\u00e7ilik raporlar\u0131, yabanc\u0131 \u00fclkeler hakk\u0131nda ilk elden bilgiler i\u00e7ermeleri ve Osmanl\u0131 devletinin diplomasi tarihinin seyrinin anla\u015f\u0131lmas\u0131na katk\u0131da bulunmalar\u0131 bak\u0131m\u0131ndan \u00f6nem arz etmektedir. Asker\u00ee, siyas\u00ee, iktisad\u00ee ve sosyok\u00fclt\u00fcrel a\u00e7\u0131lardan \u00f6nemli de\u011fi\u015fimler ya\u015fayan Avrupa\u00b4y\u0131 g\u00f6zlemleme, tan\u0131ma ve yorumlamada \u00f6nemli katk\u0131lar\u0131 olan sefaretnameler, Osmanl\u0131 devletinin Avrupa\u00b4ya bak\u0131\u015f\u0131n\u0131n de\u011fi\u015fmesine de zemin haz\u0131rlad\u0131\u011f\u0131 anla\u015f\u0131lmaktad\u0131r.Bu \u00e7al\u0131\u015fmada, Avrupa\u00b4ya Osmanl\u0131larca ilginin artt\u0131\u011f\u0131 L\u00e2le devri \u00f6ncesi d\u00f6nem ile reform \u00e7abalar\u0131n\u0131n yo\u011funla\u015ft\u0131\u011f\u0131 III. Selim d\u00f6nemi aras\u0131nda, Avrupa devletlerine g\u00f6nderilen Osmanl\u0131 sefirlerinin, g\u00f6rd\u00fckleri Avrupa\u00b4y\u0131 nas\u0131l alg\u0131lad\u0131klar\u0131 yazd\u0131klar\u0131 sefaretnamelere dayan\u0131larak incelenmi\u015ftir.<\/p>\n","protected":false},"excerpt":{"rendered":"<p>Osmanl\u0131 devletinin XVIII. y\u00fczy\u0131l\u0131n ba\u015flar\u0131ndan itibaren Avrupal\u0131 devletler kar\u015f\u0131s\u0131nda ortaya \u00e7\u0131kan g\u00fc\u00e7 kayb\u0131, bu devleti Avrupa\u00b4da olu\u015fturulan yeni diplomasi bi\u00e7imini kullanmaya zorlam\u0131\u015ft\u0131r. Bu geli\u015fmenin bir sonucu<span class=\"excerpt-hellip\"> [\u2026]<\/span><\/p>\n","protected":false},"featured_media":0,"template":"","meta":{"_monsterinsights_skip_tracking":false,"_monsterinsights_sitenote_active":false,"_monsterinsights_sitenote_note":"","_monsterinsights_sitenote_category":0},"product_brand":[],"product_cat":[13517,12304],"product_tag":[],"class_list":{"0":"post-783946","1":"product","2":"type-product","3":"status-publish","5":"product_cat-osmanli-tarihi","6":"product_cat-tarih","7":"pa_cilt-ciltsiz","8":"pa_tur-kitap","9":"pa_yayinevi-gokkubbe-yayinlari","10":"pa_yazar-hasan-korkut","12":"first","13":"instock","14":"sale","15":"shipping-taxable","16":"purchasable","17":"product-type-simple"},"_links":{"self":[{"href":"https:\/\/roveyayinevi.com.tr\/index.php\/wp-json\/wp\/v2\/product\/783946","targetHints":{"allow":["GET"]}}],"collection":[{"href":"https:\/\/roveyayinevi.com.tr\/index.php\/wp-json\/wp\/v2\/product"}],"about":[{"href":"https:\/\/roveyayinevi.com.tr\/index.php\/wp-json\/wp\/v2\/types\/product"}],"wp:attachment":[{"href":"https:\/\/roveyayinevi.com.tr\/index.php\/wp-json\/wp\/v2\/media?parent=783946"}],"wp:term":[{"taxonomy":"product_brand","embeddable":true,"href":"https:\/\/roveyayinevi.com.tr\/index.php\/wp-json\/wp\/v2\/product_brand?post=783946"},{"taxonomy":"product_cat","embeddable":true,"href":"https:\/\/roveyayinevi.com.tr\/index.php\/wp-json\/wp\/v2\/product_cat?post=783946"},{"taxonomy":"product_tag","embeddable":true,"href":"https:\/\/roveyayinevi.com.tr\/index.php\/wp-json\/wp\/v2\/product_tag?post=783946"}],"curies":[{"name":"wp","href":"https:\/\/api.w.org\/{rel}","templated":true}]}}

Osmanlı Elçileri Gözü İle Avrupa

<p>Osmanlı devletinin XVIII. yüzyılın başlarından itibaren Avrupalı devletler karşısında ortaya çıkan güç kaybı, bu devleti Avrupa´da oluşturulan yeni diplomasi biçimini kullanmaya zorlamıştır. Bu gelişmenin bir sonucu olarak Avrupa´ya gönderilen elçilerin sayısında önemli bir artış gerçekleşmiştir. Osmanlı elçilerinin bu dönemde yazdığı elçilik raporları, yabancı ülkeler hakkında ilk elden bilgiler içermeleri ve Osmanlı devletinin diplomasi tarihinin seyrinin anlaşılmasına katkıda bulunmaları bakımından önem arz etmektedir. Askerî, siyasî, iktisadî ve sosyokültürel açılardan önemli değişimler yaşayan Avrupa´yı gözlemleme, tanıma ve yorumlamada önemli katkıları olan sefaretnameler, Osmanlı devletinin Avrupa´ya bakışının değişmesine de zemin hazırladığı anlaşılmaktadır.Bu çalışmada, Avrupa´ya Osmanlılarca ilginin arttığı Lâle devri öncesi dönem ile reform çabalarının yoğunlaştığı III. Selim dönemi arasında, Avrupa devletlerine gönderilen Osmanlı sefirlerinin, gördükleri Avrupa´yı nasıl algıladıkları yazdıkları sefaretnamelere dayanılarak incelenmiştir.</p>

<p>Osmanlı devletinin XVIII. yüzyılın başlarından itibaren Avrupalı devletler karşısında ortaya çıkan güç kaybı, bu devleti Avrupa´da oluşturulan yeni diplomasi biçimini kullanmaya zorlamıştır. Bu gelişmenin bir sonucu<span class="excerpt-hellip"> […]</span></p>
