{"id":783927,"date":"2026-02-26T23:47:20","date_gmt":"2026-02-26T20:47:20","guid":{"rendered":"https:\/\/roveyayinevi.com.tr\/index.php\/urun\/kalplerin-kesfi-mukasfetul-kulub\/"},"modified":"2026-04-15T03:46:49","modified_gmt":"2026-04-15T00:46:49","slug":"kalplerin-kesfi-mukasfetul-kulub","status":"publish","type":"product","link":"https:\/\/roveyayinevi.com.tr\/index.php\/urun\/kalplerin-kesfi-mukasfetul-kulub\/","title":{"rendered":"Kalplerin Ke\u015ffi; M\u00fcka\u015ffet&#8217;\u00fcl Kulub"},"content":{"rendered":"<p>\u0130man ve \u0130sl\u00e2m\u0131n Vas\u0131flar\u0131:\u0130m\u00e2m-\u0131 Gaz\u00e2li Hazretlerinin bu eseri, mevzuu itibariyle tasavvuf\u00ee ve ahlak\u00ee bir eserdir. E\u015fsiz bir vaaz, nasihat,\u00f6\u011f\u00fct ve ir\u015fat kitab\u0131d\u0131r.Kalpleri hassas bir isl\u00e2mi hayata sevketmeyi, oraya \u0130sl\u00e2m\u00ee ya\u015fay\u0131\u015f\u0131 yerle\u015ftirmeyi hedefler. B\u00fcy\u00fck bir ehemmiyeti haizdir.\u0130\u00e7erisinde tam 111 m\u00fcstakil b\u00f6l\u00fcm (konu) yer almaktad\u0131r.<\/p>\n","protected":false},"excerpt":{"rendered":"<p>\u0130man ve \u0130sl\u00e2m\u0131n Vas\u0131flar\u0131:\u0130m\u00e2m-\u0131 Gaz\u00e2li Hazretlerinin bu eseri, mevzuu itibariyle tasavvuf\u00ee ve ahlak\u00ee bir eserdir. E\u015fsiz bir vaaz, nasihat,\u00f6\u011f\u00fct ve ir\u015fat kitab\u0131d\u0131r.Kalpleri hassas bir isl\u00e2mi hayata<span class=\"excerpt-hellip\"> [\u2026]<\/span><\/p>\n","protected":false},"featured_media":0,"template":"","meta":{"_monsterinsights_skip_tracking":false,"_monsterinsights_sitenote_active":false,"_monsterinsights_sitenote_note":"","_monsterinsights_sitenote_category":0},"product_brand":[],"product_cat":[12718,12719,12720],"product_tag":[],"class_list":{"0":"post-783927","1":"product","2":"type-product","3":"status-publish","5":"product_cat-din","6":"product_cat-islam","7":"product_cat-tasavvuf-mezhepler-tarikatlar","8":"pa_cilt-ciltsiz","9":"pa_tur-kitap","10":"pa_yayinevi-celik-yayinevi","11":"pa_yazar-salih-ucan","13":"first","14":"instock","15":"sale","16":"shipping-taxable","17":"purchasable","18":"product-type-simple"},"_links":{"self":[{"href":"https:\/\/roveyayinevi.com.tr\/index.php\/wp-json\/wp\/v2\/product\/783927","targetHints":{"allow":["GET"]}}],"collection":[{"href":"https:\/\/roveyayinevi.com.tr\/index.php\/wp-json\/wp\/v2\/product"}],"about":[{"href":"https:\/\/roveyayinevi.com.tr\/index.php\/wp-json\/wp\/v2\/types\/product"}],"wp:attachment":[{"href":"https:\/\/roveyayinevi.com.tr\/index.php\/wp-json\/wp\/v2\/media?parent=783927"}],"wp:term":[{"taxonomy":"product_brand","embeddable":true,"href":"https:\/\/roveyayinevi.com.tr\/index.php\/wp-json\/wp\/v2\/product_brand?post=783927"},{"taxonomy":"product_cat","embeddable":true,"href":"https:\/\/roveyayinevi.com.tr\/index.php\/wp-json\/wp\/v2\/product_cat?post=783927"},{"taxonomy":"product_tag","embeddable":true,"href":"https:\/\/roveyayinevi.com.tr\/index.php\/wp-json\/wp\/v2\/product_tag?post=783927"}],"curies":[{"name":"wp","href":"https:\/\/api.w.org\/{rel}","templated":true}]}}