{"id":783922,"date":"2026-02-26T23:47:05","date_gmt":"2026-02-26T20:47:05","guid":{"rendered":"https:\/\/roveyayinevi.com.tr\/index.php\/urun\/allahin-ahlakiligi-sorunu\/"},"modified":"2026-04-15T03:46:49","modified_gmt":"2026-04-15T00:46:49","slug":"allahin-ahlakiligi-sorunu","status":"publish","type":"product","link":"https:\/\/roveyayinevi.com.tr\/index.php\/urun\/allahin-ahlakiligi-sorunu\/","title":{"rendered":"Allah&#8217;\u0131n Ahlakili\u011fi Sorunu"},"content":{"rendered":"<p>\u0130slam kelam\u0131nda kaza-kader. husn-kubh. halk\u00b4ulefal. ta\u00b4dil-tecvir ve salah-aslah \u00fcst ba\u015fl\u0131klar\u0131yla tart\u0131\u015f\u0131lan konu, muhteva itibariyle hep Allah\u00b4\u0131n ahlak\u00ee zatiyeti olmu\u015ftur. Bu tart\u0131\u015fma ba\u015f\u0131ndan beri iki ana damara ayr\u0131l\u0131r: Birincisi, tevhidi esas alan ve Allah\u00b4\u0131 g\u00fc\u00e7 ile \u00f6zde\u015fle\u015ftiren ve Onu bu yolla tenzih eden ve hep onun haklar\u0131n\u0131 savunan E\u015farilikte, di\u011feri, adaleti esas alan ve Allah\u00b4\u0131 mutlak iyilikle \u00f6zde\u015fle\u015ftiren ve Onu ahl\u00e2k ile tenzih\u00b4 etmeye \u00e7al\u0131\u015fan ve hukukullah\u0131 korudu\u011fu gibi insan\u0131n da haklar\u0131n\u0131 korumaya \u00e7al\u0131\u015fan Mu\u00b4tez\u00eele\u00b4de tecess\u00fcm eder.Bizim Allah tasavvurumuz bizin d\u00fcnyam\u0131zda uzun s\u00fcreden beri kimin zengin, kimin fakir olaca\u011f\u0131n\u0131, fiyatlar\u0131, kazalar\u0131, felaketleri vakitsiz \u00f6l\u00fcmleri&#8230; vs. &#8220;ilahi kader&#8221; ad\u0131 alt\u0131nda me\u015frula\u015ft\u0131rmaktan ba\u015fka neye yar\u0131yor? \u0130nsan \u00f6zg\u00fcrl\u00fc\u011f\u00fcn\u00fcn bu en b\u00fcy\u00fck rakibini, bu yanl\u0131\u015f imaj\u0131 \u00f6ld\u00fcrmenin zaman\u0131 gelmedi mi? Di\u011fer t\u00fcrl\u00fc, Kur\u00b4an\u00b4daki \u00b4Adaletin Allah\u0131 nas\u0131l geri gelebilir?<\/p>\n","protected":false},"excerpt":{"rendered":"<p>\u0130slam kelam\u0131nda kaza-kader. husn-kubh. halk\u00b4ulefal. ta\u00b4dil-tecvir ve salah-aslah \u00fcst ba\u015fl\u0131klar\u0131yla tart\u0131\u015f\u0131lan konu, muhteva itibariyle hep Allah\u00b4\u0131n ahlak\u00ee zatiyeti olmu\u015ftur. Bu tart\u0131\u015fma ba\u015f\u0131ndan beri iki ana damara<span class=\"excerpt-hellip\"> [\u2026]<\/span><\/p>\n","protected":false},"featured_media":0,"template":"","meta":{"_monsterinsights_skip_tracking":false,"_monsterinsights_sitenote_active":false,"_monsterinsights_sitenote_note":"","_monsterinsights_sitenote_category":0},"product_brand":[],"product_cat":[12718,12719,13025],"product_tag":[],"class_list":{"0":"post-783922","1":"product","2":"type-product","3":"status-publish","5":"product_cat-din","6":"product_cat-islam","7":"product_cat-islam-ve-gunumuz-islam-dusuncesi","8":"pa_cilt-ciltsiz","9":"pa_tur-kitap","10":"pa_yayinevi-ankara-okulu-yayinlari","11":"pa_yazar-ilhami-guler","13":"first","14":"instock","15":"sale","16":"shipping-taxable","17":"purchasable","18":"product-type-simple"},"_links":{"self":[{"href":"https:\/\/roveyayinevi.com.tr\/index.php\/wp-json\/wp\/v2\/product\/783922","targetHints":{"allow":["GET"]}}],"collection":[{"href":"https:\/\/roveyayinevi.com.tr\/index.php\/wp-json\/wp\/v2\/product"}],"about":[{"href":"https:\/\/roveyayinevi.com.tr\/index.php\/wp-json\/wp\/v2\/types\/product"}],"wp:attachment":[{"href":"https:\/\/roveyayinevi.com.tr\/index.php\/wp-json\/wp\/v2\/media?parent=783922"}],"wp:term":[{"taxonomy":"product_brand","embeddable":true,"href":"https:\/\/roveyayinevi.com.tr\/index.php\/wp-json\/wp\/v2\/product_brand?post=783922"},{"taxonomy":"product_cat","embeddable":true,"href":"https:\/\/roveyayinevi.com.tr\/index.php\/wp-json\/wp\/v2\/product_cat?post=783922"},{"taxonomy":"product_tag","embeddable":true,"href":"https:\/\/roveyayinevi.com.tr\/index.php\/wp-json\/wp\/v2\/product_tag?post=783922"}],"curies":[{"name":"wp","href":"https:\/\/api.w.org\/{rel}","templated":true}]}}