{"id":783911,"date":"2026-02-26T23:46:29","date_gmt":"2026-02-26T20:46:29","guid":{"rendered":"https:\/\/roveyayinevi.com.tr\/index.php\/urun\/uzlet-yalnizligin-faziletleri\/"},"modified":"2026-04-15T03:46:49","modified_gmt":"2026-04-15T00:46:49","slug":"uzlet-yalnizligin-faziletleri","status":"publish","type":"product","link":"https:\/\/roveyayinevi.com.tr\/index.php\/urun\/uzlet-yalnizligin-faziletleri\/","title":{"rendered":"Uzlet; Yaln\u0131zl\u0131\u011f\u0131n Faziletleri"},"content":{"rendered":"<p>Gaz\u00e2l\u00ee\u00b4nin eserleri g\u00fcn\u00fcm\u00fczde de\u011ferini korumakta, en \u00e7ok okunan ve ba\u015fvurulan \u0130slam\u00ee temel kaynak eserler aras\u0131nda yer almaktad\u0131r. \u0130hy\u00e2\u00b4u Ul\u00fbm\u00b4id-din, Her d\u00f6nem M\u00fcsl\u00fcmanlar i\u00e7in akla gelen ba\u015fvuru kayna\u011f\u0131 olmu\u015f ve bu esere b\u00fcy\u00fck g\u00fcven duyulmu\u015ftur.     \u0130hy\u00e2\u00b4u Ul\u00fbm\u00b4id-din i\u00e7inde yer alan konular\u0131n her biri bir kitapt\u0131r eserin orjinal anlat\u0131m\u0131 asla bozulmadan, ak\u0131c\u0131 ve duru bir kullun\u0131larak sadele\u015ftirilerek, ba\u015fl\u0131 ba\u015f\u0131na birer kitap haline getirildi&#8230;     \u0130hy\u00e2\u00b4u Ul\u00fbm\u00b4id-din i\u00e7inde yer alan \u00f6nemli b\u00f6l\u00fcmlerinden biri de &#8220;Uzlet-Yanl\u0131zl\u0131\u011fa \u00e7ekilmenin Faziletleri&#8221;dir.<\/p>\n","protected":false},"excerpt":{"rendered":"<p>Gaz\u00e2l\u00ee\u00b4nin eserleri g\u00fcn\u00fcm\u00fczde de\u011ferini korumakta, en \u00e7ok okunan ve ba\u015fvurulan \u0130slam\u00ee temel kaynak eserler aras\u0131nda yer almaktad\u0131r. \u0130hy\u00e2\u00b4u Ul\u00fbm\u00b4id-din, Her d\u00f6nem M\u00fcsl\u00fcmanlar i\u00e7in akla gelen ba\u015fvuru<span class=\"excerpt-hellip\"> [\u2026]<\/span><\/p>\n","protected":false},"featured_media":0,"template":"","meta":{"_monsterinsights_skip_tracking":false,"_monsterinsights_sitenote_active":false,"_monsterinsights_sitenote_note":"","_monsterinsights_sitenote_category":0},"product_brand":[],"product_cat":[12718,12719,12720],"product_tag":[],"class_list":{"0":"post-783911","1":"product","2":"type-product","3":"status-publish","5":"product_cat-din","6":"product_cat-islam","7":"product_cat-tasavvuf-mezhepler-tarikatlar","8":"pa_cilt-ciltsiz","9":"pa_tur-kitap","10":"pa_yayinevi-celik-yayinevi","11":"pa_yazar-imam-i-gazali","13":"first","14":"instock","15":"sale","16":"shipping-taxable","17":"purchasable","18":"product-type-simple"},"_links":{"self":[{"href":"https:\/\/roveyayinevi.com.tr\/index.php\/wp-json\/wp\/v2\/product\/783911","targetHints":{"allow":["GET"]}}],"collection":[{"href":"https:\/\/roveyayinevi.com.tr\/index.php\/wp-json\/wp\/v2\/product"}],"about":[{"href":"https:\/\/roveyayinevi.com.tr\/index.php\/wp-json\/wp\/v2\/types\/product"}],"wp:attachment":[{"href":"https:\/\/roveyayinevi.com.tr\/index.php\/wp-json\/wp\/v2\/media?parent=783911"}],"wp:term":[{"taxonomy":"product_brand","embeddable":true,"href":"https:\/\/roveyayinevi.com.tr\/index.php\/wp-json\/wp\/v2\/product_brand?post=783911"},{"taxonomy":"product_cat","embeddable":true,"href":"https:\/\/roveyayinevi.com.tr\/index.php\/wp-json\/wp\/v2\/product_cat?post=783911"},{"taxonomy":"product_tag","embeddable":true,"href":"https:\/\/roveyayinevi.com.tr\/index.php\/wp-json\/wp\/v2\/product_tag?post=783911"}],"curies":[{"name":"wp","href":"https:\/\/api.w.org\/{rel}","templated":true}]}}