{"id":783905,"date":"2026-02-26T23:46:10","date_gmt":"2026-02-26T20:46:10","guid":{"rendered":"https:\/\/roveyayinevi.com.tr\/index.php\/urun\/kuran-ve-sunnete-gore-musluman-kadinin-sahsiyeti\/"},"modified":"2026-04-15T03:46:49","modified_gmt":"2026-04-15T00:46:49","slug":"kuran-ve-sunnete-gore-musluman-kadinin-sahsiyeti","status":"publish","type":"product","link":"https:\/\/roveyayinevi.com.tr\/index.php\/urun\/kuran-ve-sunnete-gore-musluman-kadinin-sahsiyeti\/","title":{"rendered":"Kuran ve S\u00fcnnete G\u00f6re M\u00fcsl\u00fcman Kad\u0131n\u0131n \u015eahsiyeti"},"content":{"rendered":"<p>Bu eserde m\u00fcsl\u00fcman kad\u0131n\u0131n kendisine, ailesine ve toplumuna kar\u015f\u0131 olan sorumluluklar\u0131 ele al\u0131nmakta, di\u011fer insanlarla ne t\u00fcr bir ili\u015fkide olmas\u0131 gerekti\u011fi ayet ve hadislerle anlat\u0131lmaktad\u0131r. Eser m\u00fcsl\u00fcman kad\u0131n\u0131n hayat\u0131n \u00e7e\u015fitli alanlar\u0131ndaki rol\u00fcn\u00fc ortaya koymaktad\u0131r. \u00c7ocuklar\u0131n\u0131n e\u011fitimi konusunda sorumlulu\u011funu bilen \u015fefkatli bir anne, e\u015finin yan\u0131nda onunla birlikte mutluluk dolu bir hayat in\u015fa eden iyi bir e\u015f, anne babas\u0131n\u0131n de\u011ferini bilen hay\u0131rl\u0131 bir evlat, akrabalar\u0131yla, kom\u015fular\u0131yla, arkada\u015flar\u0131yla iyi ili\u015fki i\u00e7erisinde olan, bunun yan\u0131s\u0131ra bilin\u00e7li ve ki\u015filik sahibi bir fert olarak toplumun \u015fekillenmesinde rol oynayan m\u00fcsl\u00fcman kad\u0131n\u0131n \u00fcstlendi\u011fi sorumluluklar bu kitab\u0131n i\u015fledi\u011fi konulard\u0131r. Nureddin Y\u0131ld\u0131z, Hamdi Arslan ve Dr. Halil \u0130brahim Kutluay hocalar\u0131n \u00e7evirisi ile siz de\u011ferleri okuyucular\u0131n hizmetine sunulmu\u015ftur.<\/p>\n","protected":false},"excerpt":{"rendered":"<p>Bu eserde m\u00fcsl\u00fcman kad\u0131n\u0131n kendisine, ailesine ve toplumuna kar\u015f\u0131 olan sorumluluklar\u0131 ele al\u0131nmakta, di\u011fer insanlarla ne t\u00fcr bir ili\u015fkide olmas\u0131 gerekti\u011fi ayet ve hadislerle anlat\u0131lmaktad\u0131r. Eser<span class=\"excerpt-hellip\"> [\u2026]<\/span><\/p>\n","protected":false},"featured_media":0,"template":"","meta":{"_monsterinsights_skip_tracking":false,"_monsterinsights_sitenote_active":false,"_monsterinsights_sitenote_note":"","_monsterinsights_sitenote_category":0},"product_brand":[],"product_cat":[12718,12719,45552],"product_tag":[],"class_list":{"0":"post-783905","1":"product","2":"type-product","3":"status-publish","5":"product_cat-din","6":"product_cat-islam","7":"product_cat-meal-tefsir-hadis","8":"pa_cilt-ciltsiz","9":"pa_tur-kitap","10":"pa_yayinevi-risale","11":"pa_yazar-muhammed-ali-hasimi","13":"first","14":"instock","15":"sale","16":"shipping-taxable","17":"purchasable","18":"product-type-simple"},"_links":{"self":[{"href":"https:\/\/roveyayinevi.com.tr\/index.php\/wp-json\/wp\/v2\/product\/783905","targetHints":{"allow":["GET"]}}],"collection":[{"href":"https:\/\/roveyayinevi.com.tr\/index.php\/wp-json\/wp\/v2\/product"}],"about":[{"href":"https:\/\/roveyayinevi.com.tr\/index.php\/wp-json\/wp\/v2\/types\/product"}],"wp:attachment":[{"href":"https:\/\/roveyayinevi.com.tr\/index.php\/wp-json\/wp\/v2\/media?parent=783905"}],"wp:term":[{"taxonomy":"product_brand","embeddable":true,"href":"https:\/\/roveyayinevi.com.tr\/index.php\/wp-json\/wp\/v2\/product_brand?post=783905"},{"taxonomy":"product_cat","embeddable":true,"href":"https:\/\/roveyayinevi.com.tr\/index.php\/wp-json\/wp\/v2\/product_cat?post=783905"},{"taxonomy":"product_tag","embeddable":true,"href":"https:\/\/roveyayinevi.com.tr\/index.php\/wp-json\/wp\/v2\/product_tag?post=783905"}],"curies":[{"name":"wp","href":"https:\/\/api.w.org\/{rel}","templated":true}]}}