{"id":783885,"date":"2026-02-26T23:45:09","date_gmt":"2026-02-26T20:45:09","guid":{"rendered":"https:\/\/roveyayinevi.com.tr\/index.php\/urun\/dini-hitabet-cesitleri-ilkeleri-ornekleri\/"},"modified":"2026-04-15T03:46:48","modified_gmt":"2026-04-15T00:46:48","slug":"dini-hitabet-cesitleri-ilkeleri-ornekleri","status":"publish","type":"product","link":"https:\/\/roveyayinevi.com.tr\/index.php\/urun\/dini-hitabet-cesitleri-ilkeleri-ornekleri\/","title":{"rendered":"Dini Hitabet; \u00c7e\u015fitleri &#8211; \u0130lkeleri &#8211; \u00d6rnekleri"},"content":{"rendered":"<p>E\u011fitim ve geli\u015fmeye en \u00e7ok l\u00e2y\u0131k ve muhta\u00e7 olan kesim, din hizmetlileridir. Bu kesim i\u00e7in geli\u015fmenin s\u00fcreklili\u011fi, hizmetin etkisinin ve dolay\u0131s\u0131yla kalplerin fethinin s\u00fcrmesi demektir. Bu da insan\u0131m\u0131z\u0131n mutlulu\u011fu anlam\u0131na gelmektedir. Zira \u201cBulutlar a\u011flamay\u0131nca \u00e7imenler g\u00fclmez.\u201d G\u00f6n\u00fcl adamlar\u0131n\u0131n, din g\u00f6revlilerinin yeti\u015fmek i\u00e7in g\u00f6\u011f\u00fcsleyecekleri g\u00fc\u00e7l\u00fckler ve g\u00f6sterecekleri \u00f6zveri, m\u00fcsl\u00fcmanlar\u0131n kemalini besleyen bereketli rahmet damlalar\u0131na d\u00f6n\u00fc\u015fecektir. Zaman\u0131n, sistemin ve insanlar\u0131n ra\u011fbeti bu y\u00f6n\u00fc olmasa bile de\u011fi\u015fmez ger\u00e7ek budur. \u00c7\u00fcnk\u00fc Allah\u2019tan gelip Allah\u2019a giden insano\u011flunun bu gidi\u015fi durdurulamayaca\u011f\u0131na g\u00f6re; iyi kul, iyi m\u00fcsl\u00fcman olma g\u00f6revi ve gayreti de asla sona ermeyecektir. O halde bu insani ve ebedi hizmeti y\u00fcr\u00fctenlerin ve y\u00fcr\u00fctmeye niyetlenenlerin herkesten \u00e7ok daha gayretli olmas\u0131 pek tabiidir. \u201cDini Hitabet\u201d ba\u015ftan sona bu tabii ger\u00e7e\u011fi vurgulamak ve ba\u015far\u0131 i\u00e7in baz\u0131 ipu\u00e7lar\u0131 vermek amac\u0131yla yap\u0131lm\u0131\u015f bir \u00e7al\u0131\u015fman\u0131n \u00fcr\u00fcn\u00fcd\u00fcr. Bu vadide s\u00f6z\u00fc ve tecr\u00fcbesi olan herkesin onu bir \u015fekilde ortaya koymas\u0131, g\u00fcn\u00fcm\u00fcz din hizmetlerinin, hatta belki de ondan daha ziyade gelece\u011fin din hizmetlerinin kazanaca\u011f\u0131 kalite ve seviyeye olumlu katk\u0131larda bulunacakt\u0131r. \u201cDini Hitabet\u201d i\u015fte bu d\u00fc\u015f\u00fcncelerle ortaya konulmu\u015f ve yazan taraf\u0131ndan konunun ilgililerine sunulmu\u015f bir \u201c\u00e7oban arma\u011fan\u0131\u201dd\u0131r.<\/p>\n","protected":false},"excerpt":{"rendered":"<p>E\u011fitim ve geli\u015fmeye en \u00e7ok l\u00e2y\u0131k ve muhta\u00e7 olan kesim, din hizmetlileridir. Bu kesim i\u00e7in geli\u015fmenin s\u00fcreklili\u011fi, hizmetin etkisinin ve dolay\u0131s\u0131yla kalplerin fethinin s\u00fcrmesi demektir. Bu<span class=\"excerpt-hellip\"> [\u2026]<\/span><\/p>\n","protected":false},"featured_media":0,"template":"","meta":{"_monsterinsights_skip_tracking":false,"_monsterinsights_sitenote_active":false,"_monsterinsights_sitenote_note":"","_monsterinsights_sitenote_category":0},"product_brand":[],"product_cat":[12718,12719,22508],"product_tag":[],"class_list":{"0":"post-783885","1":"product","2":"type-product","3":"status-publish","5":"product_cat-din","6":"product_cat-islam","7":"product_cat-islam-egitimi","8":"pa_cilt-ciltsiz","9":"pa_tur-kitap","10":"pa_yayinevi-marmara-universitesi-ilahiyat-fakultesi-vakfi","11":"pa_yazar-ismail-lutfi-cakan","13":"first","14":"instock","15":"sale","16":"shipping-taxable","17":"purchasable","18":"product-type-simple"},"_links":{"self":[{"href":"https:\/\/roveyayinevi.com.tr\/index.php\/wp-json\/wp\/v2\/product\/783885","targetHints":{"allow":["GET"]}}],"collection":[{"href":"https:\/\/roveyayinevi.com.tr\/index.php\/wp-json\/wp\/v2\/product"}],"about":[{"href":"https:\/\/roveyayinevi.com.tr\/index.php\/wp-json\/wp\/v2\/types\/product"}],"wp:attachment":[{"href":"https:\/\/roveyayinevi.com.tr\/index.php\/wp-json\/wp\/v2\/media?parent=783885"}],"wp:term":[{"taxonomy":"product_brand","embeddable":true,"href":"https:\/\/roveyayinevi.com.tr\/index.php\/wp-json\/wp\/v2\/product_brand?post=783885"},{"taxonomy":"product_cat","embeddable":true,"href":"https:\/\/roveyayinevi.com.tr\/index.php\/wp-json\/wp\/v2\/product_cat?post=783885"},{"taxonomy":"product_tag","embeddable":true,"href":"https:\/\/roveyayinevi.com.tr\/index.php\/wp-json\/wp\/v2\/product_tag?post=783885"}],"curies":[{"name":"wp","href":"https:\/\/api.w.org\/{rel}","templated":true}]}}