{"id":783882,"date":"2026-02-26T23:45:02","date_gmt":"2026-02-26T20:45:02","guid":{"rendered":"https:\/\/roveyayinevi.com.tr\/index.php\/urun\/simdi-degilse-ne-zaman-2\/"},"modified":"2026-04-15T03:46:48","modified_gmt":"2026-04-15T00:46:48","slug":"simdi-degilse-ne-zaman-2","status":"publish","type":"product","link":"https:\/\/roveyayinevi.com.tr\/index.php\/urun\/simdi-degilse-ne-zaman-2\/","title":{"rendered":"\u015eimdi De\u011filse Ne Zaman?"},"content":{"rendered":"<p>Yeni fizik, d\u00fcnya g\u00f6r\u00fc\u015f\u00fcne damga vuracak yeni anlay\u0131\u015flar getirdi. Birinci Ayd\u0131nlanma \u00c7a\u011f\u0131\u2019n\u0131n mekanik d\u00fcnya g\u00f6r\u00fc\u015f\u00fcn\u00fcn aksine, \u0130kinci Ayd\u0131nlanma \u00c7a\u011f\u0131 insan\u0131n kendisine, kendi bedenine, topluma, k\u00e2inat\u0131 olu\u015fturan canl\u0131 cans\u0131z t\u00fcm varl\u0131klara bak\u0131\u015f\u0131 radikal bi\u00e7imde de\u011fi\u015ftirdi. Kaos paradigmas\u0131 ve sa\u00e7akl\u0131 mant\u0131k insanl\u0131\u011f\u0131 siyah-beyaz d\u00fc\u015f\u00fcncenin cenderesinden kurtard\u0131. D\u00fc\u015f\u00fcncelerin radikal bir de\u011fi\u015fime u\u011frad\u0131\u011f\u0131 zamanlarda tabir caizse b\u00fct\u00fcnc\u00fc d\u00fc\u015f\u00fcnce devrimi ya\u015fand\u0131. Bu geli\u015fmelerden hareket eden Alev Alatl\u0131, turna zarafetiyle haktan, do\u011frudan, ger\u00e7ekten \u00f6d\u00fcn vermeden, ba\u015fta kendi milletimiz olmak \u00fczere t\u00fcm mazlum kavimleri korur, g\u00f6zetir. Alatl\u0131, \u015eimdi De\u011filse Ne Zaman? kitab\u0131nda g\u00fcndeme tutu\u011fu ayna ile g\u00f6z\u00fcm\u00fczden bir \u015feyler ka\u00e7mas\u0131na m\u00fcsaade etmez. Filistin\u2019i bizle birlikte d\u00fc\u015f\u00fcn\u00fcr, Edward Said\u2019in entelekt\u00fcel ki\u015fili\u011fini Cemil Meri\u00e7&#8217;le bir arada de\u011ferlendirir. \u00c7entiklemenin \u00f6nemini ortaya koyarken duyguda\u015fl\u0131k perhizi \u00f6nerir.<\/p>\n","protected":false},"excerpt":{"rendered":"<p>Yeni fizik, d\u00fcnya g\u00f6r\u00fc\u015f\u00fcne damga vuracak yeni anlay\u0131\u015flar getirdi. Birinci Ayd\u0131nlanma \u00c7a\u011f\u0131\u2019n\u0131n mekanik d\u00fcnya g\u00f6r\u00fc\u015f\u00fcn\u00fcn aksine, \u0130kinci Ayd\u0131nlanma \u00c7a\u011f\u0131 insan\u0131n kendisine, kendi bedenine, topluma, k\u00e2inat\u0131 olu\u015fturan<span class=\"excerpt-hellip\"> [\u2026]<\/span><\/p>\n","protected":false},"featured_media":0,"template":"","meta":{"_monsterinsights_skip_tracking":false,"_monsterinsights_sitenote_active":false,"_monsterinsights_sitenote_note":"","_monsterinsights_sitenote_category":0},"product_brand":[],"product_cat":[12364,12376],"product_tag":[],"class_list":{"0":"post-783882","1":"product","2":"type-product","3":"status-publish","5":"product_cat-genel-konular","6":"product_cat-kisisel-gelisim","7":"pa_cilt-ciltsiz","8":"pa_tur-kitap","9":"pa_yayinevi-pinar-yayinlari","10":"pa_yazar-alev-alatli","12":"first","13":"instock","14":"sale","15":"shipping-taxable","16":"purchasable","17":"product-type-simple"},"_links":{"self":[{"href":"https:\/\/roveyayinevi.com.tr\/index.php\/wp-json\/wp\/v2\/product\/783882","targetHints":{"allow":["GET"]}}],"collection":[{"href":"https:\/\/roveyayinevi.com.tr\/index.php\/wp-json\/wp\/v2\/product"}],"about":[{"href":"https:\/\/roveyayinevi.com.tr\/index.php\/wp-json\/wp\/v2\/types\/product"}],"wp:attachment":[{"href":"https:\/\/roveyayinevi.com.tr\/index.php\/wp-json\/wp\/v2\/media?parent=783882"}],"wp:term":[{"taxonomy":"product_brand","embeddable":true,"href":"https:\/\/roveyayinevi.com.tr\/index.php\/wp-json\/wp\/v2\/product_brand?post=783882"},{"taxonomy":"product_cat","embeddable":true,"href":"https:\/\/roveyayinevi.com.tr\/index.php\/wp-json\/wp\/v2\/product_cat?post=783882"},{"taxonomy":"product_tag","embeddable":true,"href":"https:\/\/roveyayinevi.com.tr\/index.php\/wp-json\/wp\/v2\/product_tag?post=783882"}],"curies":[{"name":"wp","href":"https:\/\/api.w.org\/{rel}","templated":true}]}}