{"id":783879,"date":"2026-02-26T23:44:52","date_gmt":"2026-02-26T20:44:52","guid":{"rendered":"https:\/\/roveyayinevi.com.tr\/index.php\/urun\/modern-tilsimtuketirken-tukenmek\/"},"modified":"2026-04-15T03:46:48","modified_gmt":"2026-04-15T00:46:48","slug":"modern-tilsimtuketirken-tukenmek","status":"publish","type":"product","link":"https:\/\/roveyayinevi.com.tr\/index.php\/urun\/modern-tilsimtuketirken-tukenmek\/","title":{"rendered":"Modern T\u0131ls\u0131m;T\u00fcketirken T\u00fckenmek"},"content":{"rendered":"<p>Her \u015feyin modern oldu\u011fu bir d\u00fcnyada ya\u015f\u0131yoruz; insanlar, d\u00fc\u015f\u00fcnceler, inan\u0131\u015flar, hayat tarzlar\u0131, e\u015fyalar\u2026 Ya\u015fad\u0131\u011f\u0131m\u0131z d\u00fcnyada bir\u00e7ok \u015fey modern olarak niteleniyor. Modern olarak nitelenenlerin itibar g\u00f6rmesine kar\u015f\u0131l\u0131k, modern olmayanlar\u0131n de\u011fersiz veya yanl\u0131\u015f bulundu\u011fu bir d\u00fcnya buras\u0131 &#8230; Haliyle yerk\u00fcrede ve evlerde, zihniyetlerde ve bedenlerde, ak\u0131llarda ve g\u00f6n\u00fcllerde, sebepleri ve sonu\u00e7lar\u0131 \u00fczerinde d\u00fc\u015f\u00fcnmeyi fazlas\u0131yla hak eden \u00f6nemli \u015feyler ger\u00e7ekle\u015fiyor. Ger\u00e7ekle\u015fenler ise maalesef normal de\u011fil. Zira her \u015fey, bir m\u00fchendislik planlamas\u0131n\u0131n gere\u011fine uygun \u015fekilde i\u015fliyor. \u00d6te yandan de\u011fi\u015fim s\u00fcrecini y\u00f6netenler, de\u011fi\u015fimin gereklili\u011fi ve ka\u00e7\u0131n\u0131lmazl\u0131\u011f\u0131 konusunda kitleleri ikna etmi\u015f durumdalar. Ger\u00e7ekle\u015fenlerin ger\u00e7ek mahiyeti insanlar taraf\u0131ndan ya fark edilmiyor ya da baz\u0131 bak\u0131mlardan fark edilse bile pek \u00f6nemsenmiyor. Celalettin Vatanda\u015f&#8217;\u0131n merkezine t\u00fcketirken t\u00fckenmeyi ald\u0131\u011f\u0131 Modern T\u0131ls\u0131m e\u011fer bir benzetme yapmak gerekirse, batakl\u0131ktan al\u0131nan bir avu\u00e7 \u00f6rnek \u00fczerinden t\u00fcm batakl\u0131\u011f\u0131 anlama \u00e7abas\u0131na benzetilebilir. Bu sebeple, ya\u015fad\u0131\u011f\u0131m\u0131z d\u00fcnyada, \u00fclkede, \u015fehirde, semtte, evde yahut sahip<\/p>\n","protected":false},"excerpt":{"rendered":"<p>Her \u015feyin modern oldu\u011fu bir d\u00fcnyada ya\u015f\u0131yoruz; insanlar, d\u00fc\u015f\u00fcnceler, inan\u0131\u015flar, hayat tarzlar\u0131, e\u015fyalar\u2026 Ya\u015fad\u0131\u011f\u0131m\u0131z d\u00fcnyada bir\u00e7ok \u015fey modern olarak niteleniyor. Modern olarak nitelenenlerin itibar g\u00f6rmesine kar\u015f\u0131l\u0131k,<span class=\"excerpt-hellip\"> [\u2026]<\/span><\/p>\n","protected":false},"featured_media":0,"template":"","meta":{"_monsterinsights_skip_tracking":false,"_monsterinsights_sitenote_active":false,"_monsterinsights_sitenote_note":"","_monsterinsights_sitenote_category":0},"product_brand":[],"product_cat":[12325,12324],"product_tag":[],"class_list":{"0":"post-783879","1":"product","2":"type-product","3":"status-publish","5":"product_cat-diger-sosyoloji","6":"product_cat-sosyoloji","7":"pa_cilt-ciltsiz","8":"pa_tur-kitap","9":"pa_yayinevi-pinar-yayinlari","10":"pa_yazar-celalettin-vatandas","12":"first","13":"instock","14":"sale","15":"shipping-taxable","16":"purchasable","17":"product-type-simple"},"_links":{"self":[{"href":"https:\/\/roveyayinevi.com.tr\/index.php\/wp-json\/wp\/v2\/product\/783879","targetHints":{"allow":["GET"]}}],"collection":[{"href":"https:\/\/roveyayinevi.com.tr\/index.php\/wp-json\/wp\/v2\/product"}],"about":[{"href":"https:\/\/roveyayinevi.com.tr\/index.php\/wp-json\/wp\/v2\/types\/product"}],"wp:attachment":[{"href":"https:\/\/roveyayinevi.com.tr\/index.php\/wp-json\/wp\/v2\/media?parent=783879"}],"wp:term":[{"taxonomy":"product_brand","embeddable":true,"href":"https:\/\/roveyayinevi.com.tr\/index.php\/wp-json\/wp\/v2\/product_brand?post=783879"},{"taxonomy":"product_cat","embeddable":true,"href":"https:\/\/roveyayinevi.com.tr\/index.php\/wp-json\/wp\/v2\/product_cat?post=783879"},{"taxonomy":"product_tag","embeddable":true,"href":"https:\/\/roveyayinevi.com.tr\/index.php\/wp-json\/wp\/v2\/product_tag?post=783879"}],"curies":[{"name":"wp","href":"https:\/\/api.w.org\/{rel}","templated":true}]}}