{"id":783877,"date":"2026-02-26T23:44:47","date_gmt":"2026-02-26T20:44:47","guid":{"rendered":"https:\/\/roveyayinevi.com.tr\/index.php\/urun\/esir-turklermusluman-dogu-turkistan-halki\/"},"modified":"2026-04-15T03:46:48","modified_gmt":"2026-04-15T00:46:48","slug":"esir-turklermusluman-dogu-turkistan-halki","status":"publish","type":"product","link":"https:\/\/roveyayinevi.com.tr\/index.php\/urun\/esir-turklermusluman-dogu-turkistan-halki\/","title":{"rendered":"Esir T\u00fcrkler;M\u00fcsl\u00fcman Do\u011fu T\u00fcrkistan Halk\u0131"},"content":{"rendered":"<p>Bu kitap, \u00c7in&#8217;in elindeki t\u00fcm propaganda imkanlar\u0131n\u0131 kullanarak ger\u00e7e\u011fin bo\u011fulmaya \u00e7al\u0131\u015f\u0131ld\u0131\u011f\u0131 bir d\u00f6nemde yaz\u0131ld\u0131.Fakat ben inan\u0131yorum ki \u00c7in ne kadar g\u00fc\u00e7l\u00fc olursa olsun d\u00fcnyan\u0131n \u00f6zg\u00fcr ve vicdanl\u0131 insanlar\u0131 \u00c7in&#8217;den de di\u011fer zalimlerden de \u00e7ok daha g\u00fc\u00e7l\u00fcd\u00fcr. Do\u011fu T\u00fcrkistan&#8217;da ya\u015fananlar asla Filistin&#8217;den veya Arakan&#8217;dan daha a\u015fa\u011f\u0131 de\u011fildir. Kitab\u0131 okuduk\u00e7a bu iddiam\u0131 daha iyi anlayacaks\u0131n\u0131z.Do\u011fu T\u00fcrkistan meselesini ara\u015ft\u0131rmadan \u00f6nce i\u015fgal alt\u0131ndaki topraklarda ac\u0131 i\u00e7inde ya\u015fam m\u00fccadelesi veren M\u00fcsl\u00fcman T\u00fcrklerden haberdard\u0131m. Fakat ara\u015ft\u0131rmaya ba\u015flad\u0131ktan sonra bu insanlar\u0131n isyanlar\u0131n\u0131, \u00e7\u0131\u011fl\u0131klar\u0131n\u0131 yo\u011fun \u015fekilde i\u00e7imde hissetmeye ba\u015flad\u0131m. Ya\u015fanan bu sistematik soyk\u0131r\u0131m kar\u015f\u0131s\u0131nda susmak insan olma ad\u0131na ortaya koydu\u011fumuz b\u00fct\u00fcn iddialar\u0131 anlams\u0131z k\u0131l\u0131yordu. Hayatta bazen yazarak, konu\u015farak veya m\u00fccadele ederek her \u015feyi de\u011fi\u015ftiremeyiz. Fakat m\u00fccadele etmeden de hi\u00e7bir \u015fey de\u011fi\u015fmez. Ayr\u0131ca insan olmak; \u015fartlar nas\u0131l olursa olsun hak ve adaletin, iyilik ve g\u00fczelli\u011fin, merhamet ve insanl\u0131\u011f\u0131n yayg\u0131nla\u015fmas\u0131 i\u00e7in \u00e7aba g\u00f6stermek, kavga vermek de\u011filse nedir ki?<\/p>\n","protected":false},"excerpt":{"rendered":"<p>Bu kitap, \u00c7in&#8217;in elindeki t\u00fcm propaganda imkanlar\u0131n\u0131 kullanarak ger\u00e7e\u011fin bo\u011fulmaya \u00e7al\u0131\u015f\u0131ld\u0131\u011f\u0131 bir d\u00f6nemde yaz\u0131ld\u0131.Fakat ben inan\u0131yorum ki \u00c7in ne kadar g\u00fc\u00e7l\u00fc olursa olsun d\u00fcnyan\u0131n \u00f6zg\u00fcr ve<span class=\"excerpt-hellip\"> [\u2026]<\/span><\/p>\n","protected":false},"featured_media":0,"template":"","meta":{"_monsterinsights_skip_tracking":false,"_monsterinsights_sitenote_active":false,"_monsterinsights_sitenote_note":"","_monsterinsights_sitenote_category":0},"product_brand":[],"product_cat":[13059,12337],"product_tag":[],"class_list":{"0":"post-783877","1":"product","2":"type-product","3":"status-publish","5":"product_cat-diger-politika-siyaset","6":"product_cat-politika-siyaset","7":"pa_cilt-ciltsiz","8":"pa_tur-kitap","9":"pa_yayinevi-pinar-yayinlari","10":"pa_yazar-adem-ozkose","12":"first","13":"instock","14":"sale","15":"shipping-taxable","16":"purchasable","17":"product-type-simple"},"_links":{"self":[{"href":"https:\/\/roveyayinevi.com.tr\/index.php\/wp-json\/wp\/v2\/product\/783877","targetHints":{"allow":["GET"]}}],"collection":[{"href":"https:\/\/roveyayinevi.com.tr\/index.php\/wp-json\/wp\/v2\/product"}],"about":[{"href":"https:\/\/roveyayinevi.com.tr\/index.php\/wp-json\/wp\/v2\/types\/product"}],"wp:attachment":[{"href":"https:\/\/roveyayinevi.com.tr\/index.php\/wp-json\/wp\/v2\/media?parent=783877"}],"wp:term":[{"taxonomy":"product_brand","embeddable":true,"href":"https:\/\/roveyayinevi.com.tr\/index.php\/wp-json\/wp\/v2\/product_brand?post=783877"},{"taxonomy":"product_cat","embeddable":true,"href":"https:\/\/roveyayinevi.com.tr\/index.php\/wp-json\/wp\/v2\/product_cat?post=783877"},{"taxonomy":"product_tag","embeddable":true,"href":"https:\/\/roveyayinevi.com.tr\/index.php\/wp-json\/wp\/v2\/product_tag?post=783877"}],"curies":[{"name":"wp","href":"https:\/\/api.w.org\/{rel}","templated":true}]}}