{"id":783866,"date":"2026-02-26T23:44:09","date_gmt":"2026-02-26T20:44:09","guid":{"rendered":"https:\/\/roveyayinevi.com.tr\/index.php\/urun\/kocluk-ile-degisen-hayatlar\/"},"modified":"2026-04-12T03:36:53","modified_gmt":"2026-04-12T00:36:53","slug":"kocluk-ile-degisen-hayatlar","status":"publish","type":"product","link":"https:\/\/roveyayinevi.com.tr\/index.php\/urun\/kocluk-ile-degisen-hayatlar\/","title":{"rendered":"Ko\u00e7luk ile De\u011fi\u015fen Hayatlar"},"content":{"rendered":"<p>Tek ba\u015f\u0131n\u0131za bir yolculu\u011fa \u00e7\u0131kt\u0131\u011f\u0131n\u0131z\u0131 d\u00fc\u015f\u00fcn\u00fcn. O yolculuk s\u0131ras\u0131nda size e\u015flik eden, her derdinizi dinleyen, sizinle empati kurabilen ve sorunlar\u0131n\u0131z i\u00e7in \u00e7\u00f6z\u00fcmler arayan, yarg\u0131lamayan, g\u00fcven veren, motivasyonunuzu y\u00fckselten, i\u00e7inizdeki g\u00fcc\u00fc size hat\u0131rlatan, anla\u015f\u0131ld\u0131\u011f\u0131n\u0131z\u0131 ve sevildi\u011finizi hissettiren bir \u201cyol arkada\u015f\u0131n\u0131z\u201d olsun istemez misiniz? Ko\u00e7, dan\u0131\u015fanla birlikte \u201chayalleri hedefe d\u00f6n\u00fc\u015ft\u00fcren\u201d bir yolculu\u011fa \u00e7\u0131kar. Bu yolculuk s\u0131ras\u0131nda ko\u00e7 dan\u0131\u015fan\u0131na yolu g\u00f6stermez, \u201conu yolda tutar\u201d. Ko\u00e7luk program\u0131; insan\u0131n ya\u015fayabilece\u011fi t\u00fcm sorunlar\u0131n \u00e7\u00f6z\u00fcmlerini, yine kendi i\u00e7inde sahip oldu\u011fu kaynaklardan bulabilece\u011fini fark etmesini sa\u011flamakt\u0131r. Ya\u015fam ko\u00e7lu\u011fu \u201cya\u015fam\u0131 \u00f6\u011frenme sanat\u0131d\u0131r,\u201d ki\u015fi bu sanat\u0131 kendisi \u00f6\u011frenir, uygular ve \u201chayata uyumlan\u0131rsa\u201d ba\u015far\u0131l\u0131 bir hayata ula\u015fabilir.<\/p>\n","protected":false},"excerpt":{"rendered":"<p>Tek ba\u015f\u0131n\u0131za bir yolculu\u011fa \u00e7\u0131kt\u0131\u011f\u0131n\u0131z\u0131 d\u00fc\u015f\u00fcn\u00fcn. O yolculuk s\u0131ras\u0131nda size e\u015flik eden, her derdinizi dinleyen, sizinle empati kurabilen ve sorunlar\u0131n\u0131z i\u00e7in \u00e7\u00f6z\u00fcmler arayan, yarg\u0131lamayan, g\u00fcven veren,<span class=\"excerpt-hellip\"> [\u2026]<\/span><\/p>\n","protected":false},"featured_media":0,"template":"","meta":{"_monsterinsights_skip_tracking":false,"_monsterinsights_sitenote_active":false,"_monsterinsights_sitenote_note":"","_monsterinsights_sitenote_category":0},"product_brand":[],"product_cat":[12364,12376],"product_tag":[],"class_list":{"0":"post-783866","1":"product","2":"type-product","3":"status-publish","5":"product_cat-genel-konular","6":"product_cat-kisisel-gelisim","7":"pa_cilt-ciltsiz","8":"pa_tur-kitap","9":"pa_yayinevi-karma-kitaplar","10":"pa_yazar-oguz-saygin","12":"first","13":"instock","14":"sale","15":"shipping-taxable","16":"purchasable","17":"product-type-simple"},"_links":{"self":[{"href":"https:\/\/roveyayinevi.com.tr\/index.php\/wp-json\/wp\/v2\/product\/783866","targetHints":{"allow":["GET"]}}],"collection":[{"href":"https:\/\/roveyayinevi.com.tr\/index.php\/wp-json\/wp\/v2\/product"}],"about":[{"href":"https:\/\/roveyayinevi.com.tr\/index.php\/wp-json\/wp\/v2\/types\/product"}],"wp:attachment":[{"href":"https:\/\/roveyayinevi.com.tr\/index.php\/wp-json\/wp\/v2\/media?parent=783866"}],"wp:term":[{"taxonomy":"product_brand","embeddable":true,"href":"https:\/\/roveyayinevi.com.tr\/index.php\/wp-json\/wp\/v2\/product_brand?post=783866"},{"taxonomy":"product_cat","embeddable":true,"href":"https:\/\/roveyayinevi.com.tr\/index.php\/wp-json\/wp\/v2\/product_cat?post=783866"},{"taxonomy":"product_tag","embeddable":true,"href":"https:\/\/roveyayinevi.com.tr\/index.php\/wp-json\/wp\/v2\/product_tag?post=783866"}],"curies":[{"name":"wp","href":"https:\/\/api.w.org\/{rel}","templated":true}]}}