{"id":783838,"date":"2026-02-26T23:42:51","date_gmt":"2026-02-26T20:42:51","guid":{"rendered":"https:\/\/roveyayinevi.com.tr\/index.php\/urun\/kissalar-ne-soyler-hz-salih\/"},"modified":"2026-04-15T03:46:45","modified_gmt":"2026-04-15T00:46:45","slug":"kissalar-ne-soyler-hz-salih","status":"publish","type":"product","link":"https:\/\/roveyayinevi.com.tr\/index.php\/urun\/kissalar-ne-soyler-hz-salih\/","title":{"rendered":"K\u0131ssalar Ne S\u00f6yler Hz. Salih"},"content":{"rendered":"<p>Kur&#8217;an insanl\u0131k tarihini i\u00e7eren, ilk insan neslinden itibaren peygamberler tarihini \u00f6zetleyen, k\u0131ssalar vas\u0131tas\u0131yla tarihi olaylar\u0131 g\u00fcne ta\u015f\u0131yan muhte\u015fem bir bilgi kayna\u011f\u0131d\u0131r. Bu \u00e7er\u00e7evede daha \u00f6nce Hz. \u00c2dem, Hz. Nuh, Hz. \u0130brahim, Hz. Hud peygamberleri kaleme ald\u0131\u011f\u0131m\u0131z &#8221;K\u0131ssalar Ne S\u00f6yler?&#8221; serimizin devam\u0131 niteli\u011findeki bu eserde Salih peygamberi konu ediniyoruz. K\u0131ssas\u0131nda bu son \u00fcmmet i\u00e7in son derece \u00f6nemli  mesajlar\u0131n yer ald\u0131\u011f\u0131 Hz. Salih\u2019i ve azg\u0131n kavmini yani Semud\u2019u Kur&#8217;an&#8217;dan tan\u0131maya, vahyin \u0131\u015f\u0131\u011f\u0131nda onunla tan\u0131\u015fmaya ve mesaj\u0131n\u0131 bug\u00fcne ta\u015f\u0131maya, hayat\u0131m\u0131z\u0131 b\u00fct\u00fcn peygamberler gibi Hz. Salih\u2019in de tebli\u011f etti\u011fi esaslarla bulu\u015fturmaya \u00e7al\u0131\u015f\u0131yoruz.<\/p>\n","protected":false},"excerpt":{"rendered":"<p>Kur&#8217;an insanl\u0131k tarihini i\u00e7eren, ilk insan neslinden itibaren peygamberler tarihini \u00f6zetleyen, k\u0131ssalar vas\u0131tas\u0131yla tarihi olaylar\u0131 g\u00fcne ta\u015f\u0131yan muhte\u015fem bir bilgi kayna\u011f\u0131d\u0131r. Bu \u00e7er\u00e7evede daha \u00f6nce Hz.<span class=\"excerpt-hellip\"> [\u2026]<\/span><\/p>\n","protected":false},"featured_media":0,"template":"","meta":{"_monsterinsights_skip_tracking":false,"_monsterinsights_sitenote_active":false,"_monsterinsights_sitenote_note":"","_monsterinsights_sitenote_category":0},"product_brand":[],"product_cat":[12718,12719,17284],"product_tag":[],"class_list":{"0":"post-783838","1":"product","2":"type-product","3":"status-publish","5":"product_cat-din","6":"product_cat-islam","7":"product_cat-kuran-ve-kuran-uzerine","8":"pa_cilt-ciltsiz","9":"pa_tur-kitap","10":"pa_yayinevi-dusun-yayincilik","11":"pa_yazar-mehmet-okuyan","13":"first","14":"instock","15":"sale","16":"shipping-taxable","17":"purchasable","18":"product-type-simple"},"_links":{"self":[{"href":"https:\/\/roveyayinevi.com.tr\/index.php\/wp-json\/wp\/v2\/product\/783838","targetHints":{"allow":["GET"]}}],"collection":[{"href":"https:\/\/roveyayinevi.com.tr\/index.php\/wp-json\/wp\/v2\/product"}],"about":[{"href":"https:\/\/roveyayinevi.com.tr\/index.php\/wp-json\/wp\/v2\/types\/product"}],"wp:attachment":[{"href":"https:\/\/roveyayinevi.com.tr\/index.php\/wp-json\/wp\/v2\/media?parent=783838"}],"wp:term":[{"taxonomy":"product_brand","embeddable":true,"href":"https:\/\/roveyayinevi.com.tr\/index.php\/wp-json\/wp\/v2\/product_brand?post=783838"},{"taxonomy":"product_cat","embeddable":true,"href":"https:\/\/roveyayinevi.com.tr\/index.php\/wp-json\/wp\/v2\/product_cat?post=783838"},{"taxonomy":"product_tag","embeddable":true,"href":"https:\/\/roveyayinevi.com.tr\/index.php\/wp-json\/wp\/v2\/product_tag?post=783838"}],"curies":[{"name":"wp","href":"https:\/\/api.w.org\/{rel}","templated":true}]}}