{"id":783831,"date":"2026-02-26T23:42:33","date_gmt":"2026-02-26T20:42:33","guid":{"rendered":"https:\/\/roveyayinevi.com.tr\/index.php\/urun\/egitim-yonetimi-2\/"},"modified":"2026-04-15T03:46:44","modified_gmt":"2026-04-15T00:46:44","slug":"egitim-yonetimi-2","status":"publish","type":"product","link":"https:\/\/roveyayinevi.com.tr\/index.php\/urun\/egitim-yonetimi-2\/","title":{"rendered":"E\u011fitim Y\u00f6netimi"},"content":{"rendered":"<p>E\u011fitim Y\u00f6netiminin temel konular\u0131n\u0131n ele al\u0131nd\u0131\u011f\u0131 bu kitap 13 b\u00f6l\u00fcmden olu\u015fmaktad\u0131r. S\u00f6z konusu b\u00f6l\u00fcmler \u015funlard\u0131r: Okullarda yap\u0131, okullarda g\u00fc\u00e7 ve politika, e\u011fitimde insan kayna\u011f\u0131n\u0131n y\u00f6netimi, okullarda motivasyon, okullarda ileti\u015fim, \u00f6rg\u00fctsel de\u011fi\u015fim, okullarda karar verme, \u00e7at\u0131\u015fma y\u00f6netimi, okullarda e\u011fitim program\u0131n\u0131n y\u00f6netimi, liderlik, devlet ve e\u011fitim, e\u011fitim y\u00f6netiminde ara\u015ft\u0131rma ve g\u00fcncel tart\u0131\u015fmalar. Alan\u0131nda sayg\u0131n akademisyenlerce yaz\u0131lan bu eser  lisans ve lisans\u00fcst\u00fc d\u00fczeyinde e\u011fitim g\u00f6ren \u00f6\u011frencilere, i\u015fi e\u011fitim ve okul y\u00f6netimi olanlara, e\u011fitimde politika yap\u0131c\u0131lara yararl\u0131 olacak bir ba\u015fucu kayna\u011f\u0131 niteli\u011findedir.<\/p>\n","protected":false},"excerpt":{"rendered":"<p>E\u011fitim Y\u00f6netiminin temel konular\u0131n\u0131n ele al\u0131nd\u0131\u011f\u0131 bu kitap 13 b\u00f6l\u00fcmden olu\u015fmaktad\u0131r. S\u00f6z konusu b\u00f6l\u00fcmler \u015funlard\u0131r: Okullarda yap\u0131, okullarda g\u00fc\u00e7 ve politika, e\u011fitimde insan kayna\u011f\u0131n\u0131n y\u00f6netimi, okullarda<span class=\"excerpt-hellip\"> [\u2026]<\/span><\/p>\n","protected":false},"featured_media":0,"template":"","meta":{"_monsterinsights_skip_tracking":false,"_monsterinsights_sitenote_active":false,"_monsterinsights_sitenote_note":"","_monsterinsights_sitenote_category":0},"product_brand":[],"product_cat":[12573,12566],"product_tag":[],"class_list":{"0":"post-783831","1":"product","2":"type-product","3":"status-publish","5":"product_cat-akademik-kitaplar","6":"product_cat-egitim","7":"pa_cilt-ciltsiz","8":"pa_tur-kitap","9":"pa_yayinevi-asos-yayinlari","10":"pa_yazar-selahattin-turan","12":"first","13":"instock","14":"sale","15":"shipping-taxable","16":"purchasable","17":"product-type-simple"},"_links":{"self":[{"href":"https:\/\/roveyayinevi.com.tr\/index.php\/wp-json\/wp\/v2\/product\/783831","targetHints":{"allow":["GET"]}}],"collection":[{"href":"https:\/\/roveyayinevi.com.tr\/index.php\/wp-json\/wp\/v2\/product"}],"about":[{"href":"https:\/\/roveyayinevi.com.tr\/index.php\/wp-json\/wp\/v2\/types\/product"}],"wp:attachment":[{"href":"https:\/\/roveyayinevi.com.tr\/index.php\/wp-json\/wp\/v2\/media?parent=783831"}],"wp:term":[{"taxonomy":"product_brand","embeddable":true,"href":"https:\/\/roveyayinevi.com.tr\/index.php\/wp-json\/wp\/v2\/product_brand?post=783831"},{"taxonomy":"product_cat","embeddable":true,"href":"https:\/\/roveyayinevi.com.tr\/index.php\/wp-json\/wp\/v2\/product_cat?post=783831"},{"taxonomy":"product_tag","embeddable":true,"href":"https:\/\/roveyayinevi.com.tr\/index.php\/wp-json\/wp\/v2\/product_tag?post=783831"}],"curies":[{"name":"wp","href":"https:\/\/api.w.org\/{rel}","templated":true}]}}