{"id":783829,"date":"2026-02-26T23:42:28","date_gmt":"2026-02-26T20:42:28","guid":{"rendered":"https:\/\/roveyayinevi.com.tr\/index.php\/urun\/kalbin-sirlari-ve-faziletleri-kitabu-serh-i-acaibil-kalb\/"},"modified":"2026-04-15T03:46:44","modified_gmt":"2026-04-15T00:46:44","slug":"kalbin-sirlari-ve-faziletleri-kitabu-serh-i-acaibil-kalb","status":"publish","type":"product","link":"https:\/\/roveyayinevi.com.tr\/index.php\/urun\/kalbin-sirlari-ve-faziletleri-kitabu-serh-i-acaibil-kalb\/","title":{"rendered":"Kalbin S\u0131rlar\u0131 ve Faziletleri; Kitab\u00fc \u015eerh-i Acaibi&#8217;l-Kalb"},"content":{"rendered":"<p>\u0130mam-\u0131 Gazali&#8217;nin en b\u00fcy\u00fck eseri olan \u0130hy\u00e2u Ulumi&#8217;d-Din, her d\u00f6nem M\u00fcsl\u00fcmanlar i\u00e7in ilk akla gelen ba\u015fvuru kayna\u011f\u0131 olmu\u015f ve bu esere b\u00fcy\u00fck g\u00fcven duyulmu\u015ftur. ihyau Ulumi&#8217;d-Din, d\u00f6rt ana b\u00f6l\u00fcmden ve her b\u00f6l\u00fcm de onar konudan olu\u015fmaktad\u0131r. Ihy\u00e2u Ulumi&#8217;d-Din i\u00e7inde yer alan konula-r\u0131n her biri, eserin orijinal anlat\u0131m\u0131 asla bozulmadan, ak\u0131c\u0131 ve duru bir dil kullan\u0131larak \u00e7evirisi yap\u0131ld\u0131 ve ba\u015fl\u0131 ba\u015f\u0131na birer kitap haline getirildi. ihyau Ule\u0131mi&#8217;d-Din&#8217; in \u00fc\u00e7\u00fcnc\u00fc b\u00f6l\u00fcm\u00fc olan Helak Edici \u015eeyler B\u00f6l\u00fcm\u00fc&#8217; n\u00fcn birinci konusu Kalbin S\u0131rlar\u0131 ve Faziletleri&#8217;dir. imam-1 Gazali, Kalp, ruh, nefs ve ak\u0131l kavramlar\u0131n\u0131 a\u00e7\u0131klayarak ba\u015f-lad\u0131\u011f\u0131 bu eserinde; kalbin \u00f6zelliklerini, ak\u0131l ve ilim ili\u015fkisini, \u015feytan\u0131n kalbe giri\u015fi gibi konular\u0131 i\u015flemektedir. &#8220;insano\u011flunu Allah&#8217;a yakla\u015ft\u0131ran \u015fey kalptir. \u0130nsan\u0131n \u015ferefi ve b\u00fct\u00fcn yarat\u0131klara kendisini \u00fcst\u00fcn k\u0131lan meziyeti; Allah&#8217;\u0131n kudret ve azametini tan\u0131maya ve onu bilmeye ba\u011fl\u0131d\u0131r. O halde Allah&#8217;\u0131 bilen kalptir.&#8221; &#8221; Kalp, o nesnedir ki, insano\u011flu onu tan\u0131d\u0131\u011f\u0131 zaman, muhakkak nefsini tan\u0131m\u0131\u015ft\u0131r. Nefsini tan\u0131d\u0131\u011f\u0131 zaman da muhakkak Rabbini tan\u0131m\u0131\u015ft\u0131r.&#8221;<\/p>\n","protected":false},"excerpt":{"rendered":"<p>\u0130mam-\u0131 Gazali&#8217;nin en b\u00fcy\u00fck eseri olan \u0130hy\u00e2u Ulumi&#8217;d-Din, her d\u00f6nem M\u00fcsl\u00fcmanlar i\u00e7in ilk akla gelen ba\u015fvuru kayna\u011f\u0131 olmu\u015f ve bu esere b\u00fcy\u00fck g\u00fcven duyulmu\u015ftur. ihyau Ulumi&#8217;d-Din,<span class=\"excerpt-hellip\"> [\u2026]<\/span><\/p>\n","protected":false},"featured_media":0,"template":"","meta":{"_monsterinsights_skip_tracking":false,"_monsterinsights_sitenote_active":false,"_monsterinsights_sitenote_note":"","_monsterinsights_sitenote_category":0},"product_brand":[],"product_cat":[12718,12719,12720],"product_tag":[],"class_list":{"0":"post-783829","1":"product","2":"type-product","3":"status-publish","5":"product_cat-din","6":"product_cat-islam","7":"product_cat-tasavvuf-mezhepler-tarikatlar","8":"pa_cilt-ciltsiz","9":"pa_tur-kitap","10":"pa_yayinevi-celik-yayinevi","11":"pa_yazar-imam-i-gazali","13":"first","14":"instock","15":"sale","16":"shipping-taxable","17":"purchasable","18":"product-type-simple"},"_links":{"self":[{"href":"https:\/\/roveyayinevi.com.tr\/index.php\/wp-json\/wp\/v2\/product\/783829","targetHints":{"allow":["GET"]}}],"collection":[{"href":"https:\/\/roveyayinevi.com.tr\/index.php\/wp-json\/wp\/v2\/product"}],"about":[{"href":"https:\/\/roveyayinevi.com.tr\/index.php\/wp-json\/wp\/v2\/types\/product"}],"wp:attachment":[{"href":"https:\/\/roveyayinevi.com.tr\/index.php\/wp-json\/wp\/v2\/media?parent=783829"}],"wp:term":[{"taxonomy":"product_brand","embeddable":true,"href":"https:\/\/roveyayinevi.com.tr\/index.php\/wp-json\/wp\/v2\/product_brand?post=783829"},{"taxonomy":"product_cat","embeddable":true,"href":"https:\/\/roveyayinevi.com.tr\/index.php\/wp-json\/wp\/v2\/product_cat?post=783829"},{"taxonomy":"product_tag","embeddable":true,"href":"https:\/\/roveyayinevi.com.tr\/index.php\/wp-json\/wp\/v2\/product_tag?post=783829"}],"curies":[{"name":"wp","href":"https:\/\/api.w.org\/{rel}","templated":true}]}}