{"id":783793,"date":"2026-02-26T23:40:55","date_gmt":"2026-02-26T20:40:55","guid":{"rendered":"https:\/\/roveyayinevi.com.tr\/index.php\/urun\/batililasma-modernlesme-mi-yabancilasma-mitarihin-gercek-yuzu-1\/"},"modified":"2026-04-15T03:46:43","modified_gmt":"2026-04-15T00:46:43","slug":"batililasma-modernlesme-mi-yabancilasma-mitarihin-gercek-yuzu-1","status":"publish","type":"product","link":"https:\/\/roveyayinevi.com.tr\/index.php\/urun\/batililasma-modernlesme-mi-yabancilasma-mitarihin-gercek-yuzu-1\/","title":{"rendered":"Bat\u0131l\u0131la\u015fma; Modernle\u015fme mi, Yabanc\u0131la\u015fma m\u0131?;Tarihin Ger\u00e7ek Y\u00fcz\u00fc &#8211; 1"},"content":{"rendered":"<p>Yak\u0131n tarihimizin alg\u0131 ve olgu olmak \u00fczere iki y\u00fcz\u00fc vard\u0131r: Olgu, tarihin ger\u00e7ek y\u00fcz\u00fcd\u00fcr. Beyan Yay\u0131nlar\u0131, \u201cTarihin Ger\u00e7ek Y\u00fcz\u00fc\u201d isimli projesiyle okuyucusuna yeni ve \u00f6nemli bir hizmet sunuyor. Projede, tamam\u0131 yak\u0131n d\u00f6nem tarihine ait konular yer al\u0131yor. Konular\u0131n her birinin \u00fczerinden en az bir asr\u0131 a\u015fk\u0131n zaman ge\u00e7mesine ra\u011fmen h\u00e2l\u00e2 tart\u0131\u015f\u0131l\u0131yor olmas\u0131, bu konuda farkl\u0131 bir bak\u0131\u015f a\u00e7\u0131s\u0131n\u0131 zorunlu k\u0131l\u0131yor. Prof. Dr. Mehmet Ali Beyhan\u2019\u0131n edit\u00f6rl\u00fc\u011f\u00fcnde haz\u0131rlanan bu seride yer alan kitaplar ve yazarlar\u0131 \u015funlar: 1-Bat\u0131l\u0131la\u015fma; Modernle\u015fme mi, Yabanc\u0131la\u015fma m\u0131? Prof. Dr. Yasin Aktay 2-Nutuk; Ger\u00e7ek mi, Kurgu mu? Prof. Dr. Bekir Bi\u00e7er 3-Sultan Vahdettin; Hain mi, Ma\u011fdur mu? Prof. Dr. Mehmet Ali Beyhan 4-Cumhuriyet D\u00f6neminde Tarikat ve Cemaatler; Kapand\u0131 m\u0131, Kapat\u0131ld\u0131 m\u0131? Prof. Dr. Erg\u00fcn Y\u0131ld\u0131r\u0131m 5-Birinci D\u00fcnya Sava\u015f\u0131\u2019nda Araplar; Arkam\u0131zdan Vurdu mu, Vurmad\u0131 m\u0131? Prof. Dr. Celil Bozkurt 6-Son Sultan II. Abd\u00fclhamid; Ulu Hakan m\u0131, Despot Sultan m\u0131? Prof. Dr. Mehmet Ali Beyhan 7-Kurtulu\u015f Sava\u015f\u0131; Din\u00ee mi, Sek\u00fcler mi? Selahattin E\u015f 8-\u0130stiklal Mahkemeleri; Adalet mi Zul\u00fcm m\u00fc? Prof. Dr. Abdulhakim Ko\u00e7in 9-Cumhuriyetin \u0130lk Y\u0131llar\u0131; Demokrasi mi, Diktat\u00f6rl\u00fck m\u00fc? Prof. Dr. Yasin Aktay 10- Lozan; Ba\u015far\u0131 m\u0131, Taviz mi? Prof. Dr. Mahmut Hakk\u0131 Ak\u0131n<\/p>\n","protected":false},"excerpt":{"rendered":"<p>Yak\u0131n tarihimizin alg\u0131 ve olgu olmak \u00fczere iki y\u00fcz\u00fc vard\u0131r: Olgu, tarihin ger\u00e7ek y\u00fcz\u00fcd\u00fcr. Beyan Yay\u0131nlar\u0131, \u201cTarihin Ger\u00e7ek Y\u00fcz\u00fc\u201d isimli projesiyle okuyucusuna yeni ve \u00f6nemli bir<span class=\"excerpt-hellip\"> [\u2026]<\/span><\/p>\n","protected":false},"featured_media":0,"template":"","meta":{"_monsterinsights_skip_tracking":false,"_monsterinsights_sitenote_active":false,"_monsterinsights_sitenote_note":"","_monsterinsights_sitenote_category":0},"product_brand":[],"product_cat":[12304,14128],"product_tag":[],"class_list":{"0":"post-783793","1":"product","2":"type-product","3":"status-publish","5":"product_cat-tarih","6":"product_cat-yakin-tarih","7":"pa_cilt-ciltsiz","8":"pa_tur-kitap","9":"pa_yayinevi-beyan-yayinlari","10":"pa_yazar-yasin-aktay","12":"first","13":"instock","14":"sale","15":"shipping-taxable","16":"purchasable","17":"product-type-simple"},"_links":{"self":[{"href":"https:\/\/roveyayinevi.com.tr\/index.php\/wp-json\/wp\/v2\/product\/783793","targetHints":{"allow":["GET"]}}],"collection":[{"href":"https:\/\/roveyayinevi.com.tr\/index.php\/wp-json\/wp\/v2\/product"}],"about":[{"href":"https:\/\/roveyayinevi.com.tr\/index.php\/wp-json\/wp\/v2\/types\/product"}],"wp:attachment":[{"href":"https:\/\/roveyayinevi.com.tr\/index.php\/wp-json\/wp\/v2\/media?parent=783793"}],"wp:term":[{"taxonomy":"product_brand","embeddable":true,"href":"https:\/\/roveyayinevi.com.tr\/index.php\/wp-json\/wp\/v2\/product_brand?post=783793"},{"taxonomy":"product_cat","embeddable":true,"href":"https:\/\/roveyayinevi.com.tr\/index.php\/wp-json\/wp\/v2\/product_cat?post=783793"},{"taxonomy":"product_tag","embeddable":true,"href":"https:\/\/roveyayinevi.com.tr\/index.php\/wp-json\/wp\/v2\/product_tag?post=783793"}],"curies":[{"name":"wp","href":"https:\/\/api.w.org\/{rel}","templated":true}]}}