{"id":783785,"date":"2026-02-26T23:40:34","date_gmt":"2026-02-26T20:40:34","guid":{"rendered":"https:\/\/roveyayinevi.com.tr\/index.php\/urun\/iman-ahlaki-muhtesem-ahlak-5\/"},"modified":"2026-04-15T03:46:43","modified_gmt":"2026-04-15T00:46:43","slug":"iman-ahlaki-muhtesem-ahlak-5","status":"publish","type":"product","link":"https:\/\/roveyayinevi.com.tr\/index.php\/urun\/iman-ahlaki-muhtesem-ahlak-5\/","title":{"rendered":"\u0130man Ahlak\u0131; Muhte\u015fem Ahlak 5"},"content":{"rendered":"<p>Muhte\u015fem Ahl\u00e2k serimizin be\u015finci kitab\u0131 olan \u0130man Ahl\u00e2k\u0131&#8217;n\u0131 sizlere ula\u015ft\u0131rmaya bizleri muvaffak k\u0131ld\u0131\u011f\u0131 i\u00e7in Rabb&#8217;imize ne kadar hamdetsek azd\u0131r.&#8221;\u0130man\u0131n ahl\u00e2k\u0131 olur mu?&#8221; sorusu bize ilk bak\u0131\u015fta tuhaf gelmektedir. \u00c7\u00fcnk\u00fc ahl\u00e2k\u0131 belli bir alana s\u0131k\u0131\u015ft\u0131rd\u0131\u011f\u0131m\u0131z i\u00e7in bazen bize b\u00f6yle bir ifade ya da soru itici gelebilir. Fakat ahl\u00e2k dedi\u011fimiz kavram, bir i\u015fin seciyesi ve tabiat\u0131d\u0131r. Ahl\u00e2k\u0131 b\u00f6yle anlad\u0131\u011f\u0131m\u0131zda ahl\u00e2ks\u0131z hi\u00e7bir \u015fey yoktur. Dolay\u0131s\u0131yla her \u015feyin kendine \u00f6zg\u00fc bir ahl\u00e2k\u0131 oldu\u011fu gibi iman\u0131n da kendine \u00f6zg\u00fc bir ahl\u00e2k\u0131 vard\u0131r. Burada sorulmas\u0131 gereken as\u0131l soru &#8220;\u0130man\u0131n ahl\u00e2k\u0131 nedir?&#8221; sorusudur.\u0130\u015fte elinizdeki bu m\u00fctevaz\u0131 \u00e7al\u0131\u015fma bu \u00f6nemli soru \u00e7er\u00e7evesinden hayatlar\u0131m\u0131z\u0131 yeniden muhasebe etmeye \u00e7a\u011f\u0131rmaktad\u0131r&#8230;<\/p>\n","protected":false},"excerpt":{"rendered":"<p>Muhte\u015fem Ahl\u00e2k serimizin be\u015finci kitab\u0131 olan \u0130man Ahl\u00e2k\u0131&#8217;n\u0131 sizlere ula\u015ft\u0131rmaya bizleri muvaffak k\u0131ld\u0131\u011f\u0131 i\u00e7in Rabb&#8217;imize ne kadar hamdetsek azd\u0131r.&#8221;\u0130man\u0131n ahl\u00e2k\u0131 olur mu?&#8221; sorusu bize ilk bak\u0131\u015fta<span class=\"excerpt-hellip\"> [\u2026]<\/span><\/p>\n","protected":false},"featured_media":0,"template":"","meta":{"_monsterinsights_skip_tracking":false,"_monsterinsights_sitenote_active":false,"_monsterinsights_sitenote_note":"","_monsterinsights_sitenote_category":0},"product_brand":[],"product_cat":[12718,12719],"product_tag":[],"class_list":{"0":"post-783785","1":"product","2":"type-product","3":"status-publish","5":"product_cat-din","6":"product_cat-islam","7":"pa_cilt-ciltsiz","8":"pa_tur-kitap","9":"pa_yayinevi-siyer-yayinlari","10":"pa_yazar-muhammed-emin-yildirim","12":"first","13":"instock","14":"sale","15":"shipping-taxable","16":"purchasable","17":"product-type-simple"},"_links":{"self":[{"href":"https:\/\/roveyayinevi.com.tr\/index.php\/wp-json\/wp\/v2\/product\/783785","targetHints":{"allow":["GET"]}}],"collection":[{"href":"https:\/\/roveyayinevi.com.tr\/index.php\/wp-json\/wp\/v2\/product"}],"about":[{"href":"https:\/\/roveyayinevi.com.tr\/index.php\/wp-json\/wp\/v2\/types\/product"}],"wp:attachment":[{"href":"https:\/\/roveyayinevi.com.tr\/index.php\/wp-json\/wp\/v2\/media?parent=783785"}],"wp:term":[{"taxonomy":"product_brand","embeddable":true,"href":"https:\/\/roveyayinevi.com.tr\/index.php\/wp-json\/wp\/v2\/product_brand?post=783785"},{"taxonomy":"product_cat","embeddable":true,"href":"https:\/\/roveyayinevi.com.tr\/index.php\/wp-json\/wp\/v2\/product_cat?post=783785"},{"taxonomy":"product_tag","embeddable":true,"href":"https:\/\/roveyayinevi.com.tr\/index.php\/wp-json\/wp\/v2\/product_tag?post=783785"}],"curies":[{"name":"wp","href":"https:\/\/api.w.org\/{rel}","templated":true}]}}