{"id":783784,"date":"2026-02-26T23:40:31","date_gmt":"2026-02-26T20:40:31","guid":{"rendered":"https:\/\/roveyayinevi.com.tr\/index.php\/urun\/tesettur-ahlakimuhtesem-ahlak-6\/"},"modified":"2026-04-15T03:46:43","modified_gmt":"2026-04-15T00:46:43","slug":"tesettur-ahlakimuhtesem-ahlak-6","status":"publish","type":"product","link":"https:\/\/roveyayinevi.com.tr\/index.php\/urun\/tesettur-ahlakimuhtesem-ahlak-6\/","title":{"rendered":"Tesett\u00fcr Ahlak\u0131;Muhte\u015fem Ahlak 6"},"content":{"rendered":"<p>Tesett\u00fcr, yaln\u0131zca bir \u00f6rt\u00fcnme bi\u00e7imi de\u011fil; insan\u0131n Rabb\u2019iyle, kendisiyle ve toplumla kurdu\u011fu ili\u015fkinin zarif bir yans\u0131mas\u0131d\u0131r. Muhte\u015fem Ahl\u00e2k serisinin alt\u0131nc\u0131 kitab\u0131 olan Tesett\u00fcr Ahl\u00e2k\u0131, tesett\u00fcr\u00fc sadece bir k\u0131yafet meselesi olarak de\u011fil; kimlik, vakar, hay\u00e2, mahremiyet ve takv\u00e2 ekseninde ele alan kapsaml\u0131 bir ba\u015fvuru eseridir.Muhammed Emin Y\u0131ld\u0131r\u0131m Hocam\u0131z bu \u00e7al\u0131\u015fmas\u0131nda tesett\u00fcr\u00fcn Kur\u2019\u00e2n\u00ee temellerini, f\u0131tr\u00ee boyutunu, hikmetini ve sosyal hayattaki yans\u0131malar\u0131n\u0131 derinlikli bir bak\u0131\u015fla ortaya koyuyor. Tesett\u00fcrle ilgili temel kavramlar\u0131n izah\u0131ndan ba\u015flayarak, hem kad\u0131n hem erkek i\u00e7in ilah\u00ee emirlerin mahiyetini, tesett\u00fcr\u00fcn nas\u0131l bir ahl\u00e2k in\u015fa etti\u011fini ve m\u00fcminin hayat\u0131nda neyi temsil etti\u011fini sade, anla\u015f\u0131l\u0131r ve delillere dayal\u0131 bir \u00fcsl\u00fbpla anlat\u0131yor.Eserde tesett\u00fcr\u00fcn yaln\u0131zca \u201c\u00f6rt\u00fcnmek\u201d de\u011fil; ayn\u0131 zamanda kimlik kazanmak, incinmekten korunmak, iffeti muhafaza etmek, vakar kazanmak ve toplumda izzetle y\u00fcr\u00fcmek anlam\u0131na geldi\u011fi vurgulan\u0131yor. Kur\u2019\u00e2n \u00e2yetleri, hadisler, sah\u00e2be uygulamalar\u0131 ve b\u00fcy\u00fcklerin s\u00f6zleri e\u015fli\u011finde tesett\u00fcr\u00fcn ruhu, \u015fekli, s\u0131n\u0131rlar\u0131 ve hikmeti b\u00fct\u00fcn y\u00f6nleriyle ele al\u0131n\u0131yor.<\/p>\n","protected":false},"excerpt":{"rendered":"<p>Tesett\u00fcr, yaln\u0131zca bir \u00f6rt\u00fcnme bi\u00e7imi de\u011fil; insan\u0131n Rabb\u2019iyle, kendisiyle ve toplumla kurdu\u011fu ili\u015fkinin zarif bir yans\u0131mas\u0131d\u0131r. Muhte\u015fem Ahl\u00e2k serisinin alt\u0131nc\u0131 kitab\u0131 olan Tesett\u00fcr Ahl\u00e2k\u0131, tesett\u00fcr\u00fc sadece<span class=\"excerpt-hellip\"> [\u2026]<\/span><\/p>\n","protected":false},"featured_media":0,"template":"","meta":{"_monsterinsights_skip_tracking":false,"_monsterinsights_sitenote_active":false,"_monsterinsights_sitenote_note":"","_monsterinsights_sitenote_category":0},"product_brand":[],"product_cat":[12718,12719],"product_tag":[],"class_list":{"0":"post-783784","1":"product","2":"type-product","3":"status-publish","5":"product_cat-din","6":"product_cat-islam","7":"pa_cilt-ciltsiz","8":"pa_tur-kitap","9":"pa_yayinevi-siyer-yayinlari","10":"pa_yazar-muhammed-emin-yildirim","12":"first","13":"instock","14":"sale","15":"shipping-taxable","16":"purchasable","17":"product-type-simple"},"_links":{"self":[{"href":"https:\/\/roveyayinevi.com.tr\/index.php\/wp-json\/wp\/v2\/product\/783784","targetHints":{"allow":["GET"]}}],"collection":[{"href":"https:\/\/roveyayinevi.com.tr\/index.php\/wp-json\/wp\/v2\/product"}],"about":[{"href":"https:\/\/roveyayinevi.com.tr\/index.php\/wp-json\/wp\/v2\/types\/product"}],"wp:attachment":[{"href":"https:\/\/roveyayinevi.com.tr\/index.php\/wp-json\/wp\/v2\/media?parent=783784"}],"wp:term":[{"taxonomy":"product_brand","embeddable":true,"href":"https:\/\/roveyayinevi.com.tr\/index.php\/wp-json\/wp\/v2\/product_brand?post=783784"},{"taxonomy":"product_cat","embeddable":true,"href":"https:\/\/roveyayinevi.com.tr\/index.php\/wp-json\/wp\/v2\/product_cat?post=783784"},{"taxonomy":"product_tag","embeddable":true,"href":"https:\/\/roveyayinevi.com.tr\/index.php\/wp-json\/wp\/v2\/product_tag?post=783784"}],"curies":[{"name":"wp","href":"https:\/\/api.w.org\/{rel}","templated":true}]}}