{"id":783774,"date":"2026-02-26T23:40:06","date_gmt":"2026-02-26T20:40:06","guid":{"rendered":"https:\/\/roveyayinevi.com.tr\/index.php\/urun\/islam-nedir-muhammed-kimdir\/"},"modified":"2026-04-15T03:46:43","modified_gmt":"2026-04-15T00:46:43","slug":"islam-nedir-muhammed-kimdir","status":"publish","type":"product","link":"https:\/\/roveyayinevi.com.tr\/index.php\/urun\/islam-nedir-muhammed-kimdir\/","title":{"rendered":"\u0130slam Nedir Muhammed Kimdir"},"content":{"rendered":"<p>E\u011fer benim \u00e7izdi\u011fim Muhammed portresinin rengi ve \u00e7izgileriyle g\u00f6z\u00fcn\u00fcze tuhaf geldi\u011fini g\u00f6r\u00fcr veya ba\u015fkalar\u0131n\u0131n \u00e7izdi\u011fi portreye pek benzemedi\u011fini fark eder ve onu tan\u0131d\u0131k bulmazsan\u0131z beni veya zihinlerin gerisine o yayg\u0131n resmi \u00e7izenleri k\u00f6t\u00fc ressam olarak ilan etmekte h\u00fcrs\u00fcn\u00fcz. Ama her hal\u00fck\u00e2rda ben, yayg\u0131n olan\u0131n aksine, \u0130slam Peygamberi ile ilgili olarak \u00e7izdikleri me\u015fhur \u015femayili bir model olarak se\u00e7medim; onu bir \u00e7\u0131rp\u0131da unutmaya \u00e7al\u0131\u015ft\u0131m. T\u0131pk\u0131 bir ki\u015finin nitelik ve durumlar\u0131 hakk\u0131nda edindi\u011fi bilgilere ve verilere dayanarak ve onu yak\u0131ndan g\u00f6ren ve tan\u0131yan kimselerin onunla ilgili olarak anlatt\u0131klar\u0131n\u0131 esas alarak onun ilk kez portresini \u00e7izen bir ressam gibi ben de do\u011frudan Muhammedin siyerini inceleyerek onun simas\u0131n\u0131 tasvir edece\u011fim. Bu sima, ba\u015fkas\u0131n\u0131n onunla ilgili olarak \u00e7izdi\u011fi ve di\u011fer herkesin de tamamen ondan taklit etti\u011fi portreye asla benzemez. Burada kalemin, Peygamberi tan\u0131yan bir M\u00fcsl\u00fcman\u0131n elinde de\u011fil, \u00f6zellikle insan\u0131 tan\u0131yan bir tarih\u00e7inin elinde ressam olmas\u0131n\u0131 istedim. De\u011ferli olan, bir a\u015f\u0131\u011f\u0131n g\u00f6z\u00fcndeki de\u011fil, bir \u00e2limin g\u00f6z\u00fcndeki y\u00fcz g\u00fczelli\u011fidir.<\/p>\n","protected":false},"excerpt":{"rendered":"<p>E\u011fer benim \u00e7izdi\u011fim Muhammed portresinin rengi ve \u00e7izgileriyle g\u00f6z\u00fcn\u00fcze tuhaf geldi\u011fini g\u00f6r\u00fcr veya ba\u015fkalar\u0131n\u0131n \u00e7izdi\u011fi portreye pek benzemedi\u011fini fark eder ve onu tan\u0131d\u0131k bulmazsan\u0131z beni veya<span class=\"excerpt-hellip\"> [\u2026]<\/span><\/p>\n","protected":false},"featured_media":0,"template":"","meta":{"_monsterinsights_skip_tracking":false,"_monsterinsights_sitenote_active":false,"_monsterinsights_sitenote_note":"","_monsterinsights_sitenote_category":0},"product_brand":[],"product_cat":[16789,12718,12719],"product_tag":[],"class_list":{"0":"post-783774","1":"product","2":"type-product","3":"status-publish","5":"product_cat-diger-islam","6":"product_cat-din","7":"product_cat-islam","8":"pa_cilt-ciltsiz","9":"pa_tur-kitap","10":"pa_yayinevi-fecr-yayinlari","11":"pa_yazar-ali-seriati","13":"first","14":"instock","15":"sale","16":"shipping-taxable","17":"purchasable","18":"product-type-simple"},"_links":{"self":[{"href":"https:\/\/roveyayinevi.com.tr\/index.php\/wp-json\/wp\/v2\/product\/783774","targetHints":{"allow":["GET"]}}],"collection":[{"href":"https:\/\/roveyayinevi.com.tr\/index.php\/wp-json\/wp\/v2\/product"}],"about":[{"href":"https:\/\/roveyayinevi.com.tr\/index.php\/wp-json\/wp\/v2\/types\/product"}],"wp:attachment":[{"href":"https:\/\/roveyayinevi.com.tr\/index.php\/wp-json\/wp\/v2\/media?parent=783774"}],"wp:term":[{"taxonomy":"product_brand","embeddable":true,"href":"https:\/\/roveyayinevi.com.tr\/index.php\/wp-json\/wp\/v2\/product_brand?post=783774"},{"taxonomy":"product_cat","embeddable":true,"href":"https:\/\/roveyayinevi.com.tr\/index.php\/wp-json\/wp\/v2\/product_cat?post=783774"},{"taxonomy":"product_tag","embeddable":true,"href":"https:\/\/roveyayinevi.com.tr\/index.php\/wp-json\/wp\/v2\/product_tag?post=783774"}],"curies":[{"name":"wp","href":"https:\/\/api.w.org\/{rel}","templated":true}]}}