{"id":783768,"date":"2026-02-26T23:39:50","date_gmt":"2026-02-26T20:39:50","guid":{"rendered":"https:\/\/roveyayinevi.com.tr\/index.php\/urun\/kendini-devrimci-yetistirmek-02-butun-eserleri\/"},"modified":"2026-04-15T03:46:43","modified_gmt":"2026-04-15T00:46:43","slug":"kendini-devrimci-yetistirmek-02-butun-eserleri","status":"publish","type":"product","link":"https:\/\/roveyayinevi.com.tr\/index.php\/urun\/kendini-devrimci-yetistirmek-02-butun-eserleri\/","title":{"rendered":"Kendini Devrimci Yeti\u015ftirmek; 02 B\u00fct\u00fcn Eserleri"},"content":{"rendered":"<p>Kendini yeti\u015ftirmekten maksat, kendimizi, zahitler, ruhbanlar ve din \u00e2bitleri gibi ba\u015fkalar\u0131ndan, zamandan ve kendimizle toplumumuz aras\u0131nda olan ve olmas\u0131 gereken t\u00fcm ba\u011flardan soyutlayarak hayal\u00ee, zihinsel, geleneksel, grupsal ve ulusal de\u011ferler veya ruhan\u00ee ve sufi ahl\u00e2kta var olan kendine \u00f6zg\u00fc idealler esas\u0131 \u00fczerine yeti\u015ftirmek demek de\u011fildir. Yahut da kendini yeti\u015ftirmeyi Marksistler gibi sadece zaman\u0131n siyas\u00ee bir hareketine kat\u0131l\u0131m haz\u0131rl\u0131\u011f\u0131m\u0131z i\u00e7in bir vesile olarak telakki etmemeliyiz. Aksine, bununla birlikte, bir as\u0131l, ilke, temel, asalet ve hedefle kendini devrimci yeti\u015ftirmek, yani varl\u0131k cevherimize geli\u015fim kazand\u0131rmakt\u0131r. Bu ise halk\u0131n yazg\u0131s\u0131na kat\u0131l\u0131m\u0131 gerektirmektedir. Halk\u0131n yazg\u0131s\u0131na kat\u0131l\u0131m\u0131 da bizim insaniyetimiz ve varl\u0131ksal geli\u015fimimiz gerekli k\u0131lmaktad\u0131r.<\/p>\n","protected":false},"excerpt":{"rendered":"<p>Kendini yeti\u015ftirmekten maksat, kendimizi, zahitler, ruhbanlar ve din \u00e2bitleri gibi ba\u015fkalar\u0131ndan, zamandan ve kendimizle toplumumuz aras\u0131nda olan ve olmas\u0131 gereken t\u00fcm ba\u011flardan soyutlayarak hayal\u00ee, zihinsel, geleneksel,<span class=\"excerpt-hellip\"> [\u2026]<\/span><\/p>\n","protected":false},"featured_media":0,"template":"","meta":{"_monsterinsights_skip_tracking":false,"_monsterinsights_sitenote_active":false,"_monsterinsights_sitenote_note":"","_monsterinsights_sitenote_category":0},"product_brand":[],"product_cat":[12718,12719,13025],"product_tag":[],"class_list":{"0":"post-783768","1":"product","2":"type-product","3":"status-publish","5":"product_cat-din","6":"product_cat-islam","7":"product_cat-islam-ve-gunumuz-islam-dusuncesi","8":"pa_cilt-ciltsiz","9":"pa_tur-kitap","10":"pa_yayinevi-fecr-yayinlari","11":"pa_yazar-ali-seriati","13":"first","14":"instock","15":"sale","16":"shipping-taxable","17":"purchasable","18":"product-type-simple"},"_links":{"self":[{"href":"https:\/\/roveyayinevi.com.tr\/index.php\/wp-json\/wp\/v2\/product\/783768","targetHints":{"allow":["GET"]}}],"collection":[{"href":"https:\/\/roveyayinevi.com.tr\/index.php\/wp-json\/wp\/v2\/product"}],"about":[{"href":"https:\/\/roveyayinevi.com.tr\/index.php\/wp-json\/wp\/v2\/types\/product"}],"wp:attachment":[{"href":"https:\/\/roveyayinevi.com.tr\/index.php\/wp-json\/wp\/v2\/media?parent=783768"}],"wp:term":[{"taxonomy":"product_brand","embeddable":true,"href":"https:\/\/roveyayinevi.com.tr\/index.php\/wp-json\/wp\/v2\/product_brand?post=783768"},{"taxonomy":"product_cat","embeddable":true,"href":"https:\/\/roveyayinevi.com.tr\/index.php\/wp-json\/wp\/v2\/product_cat?post=783768"},{"taxonomy":"product_tag","embeddable":true,"href":"https:\/\/roveyayinevi.com.tr\/index.php\/wp-json\/wp\/v2\/product_tag?post=783768"}],"curies":[{"name":"wp","href":"https:\/\/api.w.org\/{rel}","templated":true}]}}