{"id":783767,"date":"2026-02-26T23:39:48","date_gmt":"2026-02-26T20:39:48","guid":{"rendered":"https:\/\/roveyayinevi.com.tr\/index.php\/urun\/kadin-fatima-fatimadir-butun-eserleri-21\/"},"modified":"2026-04-15T03:46:43","modified_gmt":"2026-04-15T00:46:43","slug":"kadin-fatima-fatimadir-butun-eserleri-21","status":"publish","type":"product","link":"https:\/\/roveyayinevi.com.tr\/index.php\/urun\/kadin-fatima-fatimadir-butun-eserleri-21\/","title":{"rendered":"Kad\u0131n &#8211; (Fat\u0131ma Fat\u0131mad\u0131r) B\u00fct\u00fcn Eserleri 21 &#8211;"},"content":{"rendered":"<p>Fat\u0131ma hakk\u0131nda konu\u015fmak \u00e7ok zordur. Fat\u0131ma bir &#8220;kad\u0131n&#8221;d\u0131. \u0130slam&#8217;\u0131n \u00f6ng\u00f6rd\u00fc\u011f\u00fc gibi bir kad\u0131nd\u0131. Onun \u00e7ehresinin tasvirini peygamber kendisi resmetmi\u015fti. Onu zorluk, fakirlik, m\u00fccadele oca\u011f\u0131nd\u0131, kendi derin insan\u0131 e\u011fitim merkezinde yeti\u015ftirmi\u015fti. Onu e\u015fsiz bir insan k\u0131lm\u0131\u015ft\u0131.O, bir\u00e7ok a\u00e7\u0131dan \u00f6rnek bir &#8220;kad\u0131n&#8221;d\u0131.Babas\u0131 i\u00e7in bir &#8220;k\u0131z&#8221;&#8230;Kocas\u0131 i\u00e7in bir &#8220;e\u015f&#8221;&#8230;\u00c7ocuklar\u0131 i\u00e7in bir &#8220;anne&#8221;&#8230;Ya\u015fad\u0131\u011f\u0131 d\u00f6neme ve toplumuna kar\u015f\u0131 sorumluluk bilincine sahip &#8220;direni\u015fin ve bilincin sembol\u00fc&#8221; bir kad\u0131n&#8230;O bir &#8220;imam&#8221;, bir numune, bir ideal, bir &#8220;\u00f6rnek insan&#8221;d\u0131. Kendi ki\u015fili\u011fini kendisi in\u015fa etmek isteyen her kad\u0131n i\u00e7in bir &#8220;\u015fahitti&#8221;&#8230;O ak\u0131l almaz \u00e7ocuklu\u011fuyla, dahili ve harici cephelerde verdi\u011fi devaml\u0131 m\u00fccadelesiyle, babas\u0131n\u0131n ve e\u015finin evinde, toplumda, d\u00fc\u015f\u00fcncede, hareket ve ya\u015fam\u0131nda; kad\u0131n\u0131n &#8220;nas\u0131l olmas\u0131 gerekti\u011fini&#8221; sorusuna cevap vermi\u015ftir.<\/p>\n","protected":false},"excerpt":{"rendered":"<p>Fat\u0131ma hakk\u0131nda konu\u015fmak \u00e7ok zordur. Fat\u0131ma bir &#8220;kad\u0131n&#8221;d\u0131. \u0130slam&#8217;\u0131n \u00f6ng\u00f6rd\u00fc\u011f\u00fc gibi bir kad\u0131nd\u0131. Onun \u00e7ehresinin tasvirini peygamber kendisi resmetmi\u015fti. Onu zorluk, fakirlik, m\u00fccadele oca\u011f\u0131nd\u0131, kendi derin<span class=\"excerpt-hellip\"> [\u2026]<\/span><\/p>\n","protected":false},"featured_media":0,"template":"","meta":{"_monsterinsights_skip_tracking":false,"_monsterinsights_sitenote_active":false,"_monsterinsights_sitenote_note":"","_monsterinsights_sitenote_category":0},"product_brand":[],"product_cat":[16789,12718,12719],"product_tag":[],"class_list":{"0":"post-783767","1":"product","2":"type-product","3":"status-publish","5":"product_cat-diger-islam","6":"product_cat-din","7":"product_cat-islam","8":"pa_cilt-ciltsiz","9":"pa_tur-kitap","10":"pa_yayinevi-fecr-yayinlari","11":"pa_yazar-ali-seriati","13":"first","14":"instock","15":"sale","16":"shipping-taxable","17":"purchasable","18":"product-type-simple"},"_links":{"self":[{"href":"https:\/\/roveyayinevi.com.tr\/index.php\/wp-json\/wp\/v2\/product\/783767","targetHints":{"allow":["GET"]}}],"collection":[{"href":"https:\/\/roveyayinevi.com.tr\/index.php\/wp-json\/wp\/v2\/product"}],"about":[{"href":"https:\/\/roveyayinevi.com.tr\/index.php\/wp-json\/wp\/v2\/types\/product"}],"wp:attachment":[{"href":"https:\/\/roveyayinevi.com.tr\/index.php\/wp-json\/wp\/v2\/media?parent=783767"}],"wp:term":[{"taxonomy":"product_brand","embeddable":true,"href":"https:\/\/roveyayinevi.com.tr\/index.php\/wp-json\/wp\/v2\/product_brand?post=783767"},{"taxonomy":"product_cat","embeddable":true,"href":"https:\/\/roveyayinevi.com.tr\/index.php\/wp-json\/wp\/v2\/product_cat?post=783767"},{"taxonomy":"product_tag","embeddable":true,"href":"https:\/\/roveyayinevi.com.tr\/index.php\/wp-json\/wp\/v2\/product_tag?post=783767"}],"curies":[{"name":"wp","href":"https:\/\/api.w.org\/{rel}","templated":true}]}}