{"id":783754,"date":"2026-02-26T23:39:12","date_gmt":"2026-02-26T20:39:12","guid":{"rendered":"https:\/\/roveyayinevi.com.tr\/index.php\/urun\/imamin-manken-kizi\/"},"modified":"2026-04-15T03:46:42","modified_gmt":"2026-04-15T00:46:42","slug":"imamin-manken-kizi","status":"publish","type":"product","link":"https:\/\/roveyayinevi.com.tr\/index.php\/urun\/imamin-manken-kizi\/","title":{"rendered":"\u0130mam\u0131n Manken K\u0131z\u0131"},"content":{"rendered":"<p>Ah\u015fap evin \u00fczerindeki kar eridik\u00e7e i\u00e7eriye sular damlam\u0131\u015f her taraf \u0131slanm\u0131\u015ft\u0131.Evin gen\u00e7 k\u0131z\u0131 Fatma eline ald\u0131\u011f\u0131 kaplar\u0131 akan yerlere yerle\u015ftirirken isyan ediyordu.- B\u0131kt\u0131m art\u0131k b\u0131kt\u0131m. Beni duyuyor musun anne! S\u00f6yle \u015fu kocana bizi do\u011fru d\u00fcr\u00fcst bir eve ta\u015f\u0131s\u0131n.Fatma kin ve nefretle isyan\u0131na devam ediyordu.- Zaten evimizden iyice utan\u0131r oldum. Arkada\u015flar\u0131m\u0131 bile davet edemiyorum.- K\u0131z\u0131m evlad\u0131m \u015f\u00fckret halimize bunu bulamayanlar da var. Baban birazda gelir. San\u0131yorum son rekat\u0131 k\u0131ld\u0131r\u0131yor. Sesin neredeyse camiden duyulacak. Biraz yava\u015f konu\u015f.<\/p>\n","protected":false},"excerpt":{"rendered":"<p>Ah\u015fap evin \u00fczerindeki kar eridik\u00e7e i\u00e7eriye sular damlam\u0131\u015f her taraf \u0131slanm\u0131\u015ft\u0131.Evin gen\u00e7 k\u0131z\u0131 Fatma eline ald\u0131\u011f\u0131 kaplar\u0131 akan yerlere yerle\u015ftirirken isyan ediyordu.- B\u0131kt\u0131m art\u0131k b\u0131kt\u0131m. Beni<span class=\"excerpt-hellip\"> [\u2026]<\/span><\/p>\n","protected":false},"featured_media":0,"template":"","meta":{"_monsterinsights_skip_tracking":false,"_monsterinsights_sitenote_active":false,"_monsterinsights_sitenote_note":"","_monsterinsights_sitenote_category":0},"product_brand":[],"product_cat":[12291,12711],"product_tag":[],"class_list":{"0":"post-783754","1":"product","2":"type-product","3":"status-publish","5":"product_cat-edebiyat","6":"product_cat-roman-oyku","7":"pa_cilt-ciltsiz","8":"pa_tur-kitap","9":"pa_yayinevi-mektup-yayinlari","10":"pa_yazar-emine-senlikoglu","12":"first","13":"instock","14":"sale","15":"shipping-taxable","16":"purchasable","17":"product-type-simple"},"_links":{"self":[{"href":"https:\/\/roveyayinevi.com.tr\/index.php\/wp-json\/wp\/v2\/product\/783754","targetHints":{"allow":["GET"]}}],"collection":[{"href":"https:\/\/roveyayinevi.com.tr\/index.php\/wp-json\/wp\/v2\/product"}],"about":[{"href":"https:\/\/roveyayinevi.com.tr\/index.php\/wp-json\/wp\/v2\/types\/product"}],"wp:attachment":[{"href":"https:\/\/roveyayinevi.com.tr\/index.php\/wp-json\/wp\/v2\/media?parent=783754"}],"wp:term":[{"taxonomy":"product_brand","embeddable":true,"href":"https:\/\/roveyayinevi.com.tr\/index.php\/wp-json\/wp\/v2\/product_brand?post=783754"},{"taxonomy":"product_cat","embeddable":true,"href":"https:\/\/roveyayinevi.com.tr\/index.php\/wp-json\/wp\/v2\/product_cat?post=783754"},{"taxonomy":"product_tag","embeddable":true,"href":"https:\/\/roveyayinevi.com.tr\/index.php\/wp-json\/wp\/v2\/product_tag?post=783754"}],"curies":[{"name":"wp","href":"https:\/\/api.w.org\/{rel}","templated":true}]}}

İmamın Manken Kızı

<p>Ahşap evin üzerindeki kar eridikçe içeriye sular damlamış her taraf ıslanmıştı.Evin genç kızı Fatma eline aldığı kapları akan yerlere yerleştirirken isyan ediyordu.- Bıktım artık bıktım. Beni duyuyor musun anne! Söyle şu kocana bizi doğru dürüst bir eve taşısın.Fatma kin ve nefretle isyanına devam ediyordu.- Zaten evimizden iyice utanır oldum. Arkadaşlarımı bile davet edemiyorum.- Kızım evladım şükret halimize bunu bulamayanlar da var. Baban birazda gelir. Sanıyorum son rekatı kıldırıyor. Sesin neredeyse camiden duyulacak. Biraz yavaş konuş.</p>

<p>Ahşap evin üzerindeki kar eridikçe içeriye sular damlamış her taraf ıslanmıştı.Evin genç kızı Fatma eline aldığı kapları akan yerlere yerleştirirken isyan ediyordu.- Bıktım artık bıktım. Beni<span class="excerpt-hellip"> […]</span></p>
