{"id":783744,"date":"2026-02-26T23:38:46","date_gmt":"2026-02-26T20:38:46","guid":{"rendered":"https:\/\/roveyayinevi.com.tr\/index.php\/urun\/samirinin-buzagisi\/"},"modified":"2026-04-15T03:46:42","modified_gmt":"2026-04-15T00:46:42","slug":"samirinin-buzagisi","status":"publish","type":"product","link":"https:\/\/roveyayinevi.com.tr\/index.php\/urun\/samirinin-buzagisi\/","title":{"rendered":"S\u00e2mir\u00ee&#8217;nin Buza\u011f\u0131s\u0131"},"content":{"rendered":"<p>Yahudi ve H\u0131ristiyanlara g\u00f6re Kur&#8217;an, Hz. Muhammed taraf\u0131ndan olu\u015fturulmu\u015f bir metin olup vahiy \u00fcr\u00fcn\u00fc de\u011fildir. Orta \u00c7a\u011f&#8217;dan itibaren Yahudi ve H\u0131ristiyan bilginler Kur&#8217;an&#8217;la Tevrat&#8217;\u0131n farkl\u0131la\u015ft\u0131\u011f\u0131 konularda Kur&#8217;an&#8217;\u0131n yanl\u0131\u015f bilgi verdi\u011fini, Hz. Muhammed&#8217;in tarih\u00ee olaylar\u0131 kar\u0131\u015ft\u0131rd\u0131\u011f\u0131n\u0131, Tevrat ve Kur&#8217;an aras\u0131ndaki ortak anlat\u0131mlarda da Kur&#8217;an&#8217;\u0131n Tevrat&#8217;tan yararland\u0131\u011f\u0131n\u0131 iddia etmi\u015flerdir. Yahudi, H\u0131ristiyan ve M\u00fcsl\u00fcmanlar aras\u0131ndaki Tevrat-Kur&#8217;an kar\u015f\u0131la\u015ft\u0131rmas\u0131 konusundaki en temel tart\u0131\u015fmalar bu \u00e7er\u00e7evede ya\u015fanmaktad\u0131r. S\u00e2mir\u00ee&#8217;nin kimli\u011fi ve buza\u011f\u0131s\u0131 da bu alandaki tart\u0131\u015fmalar\u0131n en yo\u011fun ya\u015fand\u0131\u011f\u0131 konular\u0131n ba\u015f\u0131nda gelmektedir. Bu kitap s\u00f6z konusu tart\u0131\u015fmalara Yahudi ve Antik M\u0131s\u0131r kaynaklar\u0131 \u0131\u015f\u0131\u011f\u0131nda cevap aramaktad\u0131r.<\/p>\n","protected":false},"excerpt":{"rendered":"<p>Yahudi ve H\u0131ristiyanlara g\u00f6re Kur&#8217;an, Hz. Muhammed taraf\u0131ndan olu\u015fturulmu\u015f bir metin olup vahiy \u00fcr\u00fcn\u00fc de\u011fildir. Orta \u00c7a\u011f&#8217;dan itibaren Yahudi ve H\u0131ristiyan bilginler Kur&#8217;an&#8217;la Tevrat&#8217;\u0131n farkl\u0131la\u015ft\u0131\u011f\u0131 konularda<span class=\"excerpt-hellip\"> [\u2026]<\/span><\/p>\n","protected":false},"featured_media":0,"template":"","meta":{"_monsterinsights_skip_tracking":false,"_monsterinsights_sitenote_active":false,"_monsterinsights_sitenote_note":"","_monsterinsights_sitenote_category":0},"product_brand":[],"product_cat":[12718,12719],"product_tag":[],"class_list":{"0":"post-783744","1":"product","2":"type-product","3":"status-publish","5":"product_cat-din","6":"product_cat-islam","7":"pa_cilt-ciltsiz","8":"pa_tur-kitap","9":"pa_yayinevi-arastirma-yayinlari","10":"pa_yazar-yasin-meral","12":"first","13":"instock","14":"sale","15":"shipping-taxable","16":"purchasable","17":"product-type-simple"},"_links":{"self":[{"href":"https:\/\/roveyayinevi.com.tr\/index.php\/wp-json\/wp\/v2\/product\/783744","targetHints":{"allow":["GET"]}}],"collection":[{"href":"https:\/\/roveyayinevi.com.tr\/index.php\/wp-json\/wp\/v2\/product"}],"about":[{"href":"https:\/\/roveyayinevi.com.tr\/index.php\/wp-json\/wp\/v2\/types\/product"}],"wp:attachment":[{"href":"https:\/\/roveyayinevi.com.tr\/index.php\/wp-json\/wp\/v2\/media?parent=783744"}],"wp:term":[{"taxonomy":"product_brand","embeddable":true,"href":"https:\/\/roveyayinevi.com.tr\/index.php\/wp-json\/wp\/v2\/product_brand?post=783744"},{"taxonomy":"product_cat","embeddable":true,"href":"https:\/\/roveyayinevi.com.tr\/index.php\/wp-json\/wp\/v2\/product_cat?post=783744"},{"taxonomy":"product_tag","embeddable":true,"href":"https:\/\/roveyayinevi.com.tr\/index.php\/wp-json\/wp\/v2\/product_tag?post=783744"}],"curies":[{"name":"wp","href":"https:\/\/api.w.org\/{rel}","templated":true}]}}