{"id":783740,"date":"2026-02-26T23:38:36","date_gmt":"2026-02-26T20:38:36","guid":{"rendered":"https:\/\/roveyayinevi.com.tr\/index.php\/urun\/kuran-tarihi\/"},"modified":"2026-04-15T03:46:42","modified_gmt":"2026-04-15T00:46:42","slug":"kuran-tarihi","status":"publish","type":"product","link":"https:\/\/roveyayinevi.com.tr\/index.php\/urun\/kuran-tarihi\/","title":{"rendered":"Kur&#8217;an Tarihi"},"content":{"rendered":"<p>En ba\u015f\u0131ndan itiraf etmeliyiz ki bu \u00e7al\u0131\u015fma Kur&#8217;an tarihindeki t\u00fcm bo\u015fluklar\u0131 doldurmak ve bir\u00e7ok karanl\u0131k noktay\u0131 tek tek ayd\u0131nlatmak gibi b\u00fcy\u00fck bir iddia ta\u015f\u0131mamaktad\u0131r. \u00c7\u00fcnk\u00fc kaynaklardan tedarik edebildi\u011fimiz bilgi malzemesi b\u00f6yle bir tarih yaz\u0131m\u0131na imk\u00e2n tan\u0131mamaktad\u0131r. Asl\u0131nda bu \u00e7al\u0131\u015fma \u00f6zellikle m\u00fcsl\u00fcman ara\u015ft\u0131rmac\u0131lara ait eserlerde hemen hemen ayn\u0131yla tekrarlanan, \u00e7o\u011funlukla da \u00f6zg\u00fcnl\u00fck de\u011feri ta\u015f\u0131mayan g\u00f6r\u00fc\u015f ve de\u011ferlendirmelerle bezeli Kur&#8217;an tarihinin resm\u00ee \u0130nk\u0131lap tarihinden pek farkl\u0131 olmamas\u0131ndan dolay\u0131 konuyla ilgili me\u015fhur rivayetlerden, h\u00e2kim g\u00f6r\u00fc\u015f ve genel kabullere kadar bir\u00e7ok meselenin kritik edilmesi gerekti\u011fi hususunda fark\u0131ndal\u0131k olu\u015fturmay\u0131 ama\u00e7lamaktad\u0131r.<\/p>\n","protected":false},"excerpt":{"rendered":"<p>En ba\u015f\u0131ndan itiraf etmeliyiz ki bu \u00e7al\u0131\u015fma Kur&#8217;an tarihindeki t\u00fcm bo\u015fluklar\u0131 doldurmak ve bir\u00e7ok karanl\u0131k noktay\u0131 tek tek ayd\u0131nlatmak gibi b\u00fcy\u00fck bir iddia ta\u015f\u0131mamaktad\u0131r. \u00c7\u00fcnk\u00fc kaynaklardan<span class=\"excerpt-hellip\"> [\u2026]<\/span><\/p>\n","protected":false},"featured_media":0,"template":"","meta":{"_monsterinsights_skip_tracking":false,"_monsterinsights_sitenote_active":false,"_monsterinsights_sitenote_note":"","_monsterinsights_sitenote_category":0},"product_brand":[],"product_cat":[12718,12719,17284],"product_tag":[],"class_list":{"0":"post-783740","1":"product","2":"type-product","3":"status-publish","5":"product_cat-din","6":"product_cat-islam","7":"product_cat-kuran-ve-kuran-uzerine","8":"pa_cilt-ciltsiz","9":"pa_tur-kitap","10":"pa_yayinevi-ankara-okulu-yayinlari","11":"pa_yazar-hadiye-unsal","12":"pa_yazar-mustafa-ozturk","14":"first","15":"instock","16":"sale","17":"shipping-taxable","18":"purchasable","19":"product-type-simple"},"_links":{"self":[{"href":"https:\/\/roveyayinevi.com.tr\/index.php\/wp-json\/wp\/v2\/product\/783740","targetHints":{"allow":["GET"]}}],"collection":[{"href":"https:\/\/roveyayinevi.com.tr\/index.php\/wp-json\/wp\/v2\/product"}],"about":[{"href":"https:\/\/roveyayinevi.com.tr\/index.php\/wp-json\/wp\/v2\/types\/product"}],"wp:attachment":[{"href":"https:\/\/roveyayinevi.com.tr\/index.php\/wp-json\/wp\/v2\/media?parent=783740"}],"wp:term":[{"taxonomy":"product_brand","embeddable":true,"href":"https:\/\/roveyayinevi.com.tr\/index.php\/wp-json\/wp\/v2\/product_brand?post=783740"},{"taxonomy":"product_cat","embeddable":true,"href":"https:\/\/roveyayinevi.com.tr\/index.php\/wp-json\/wp\/v2\/product_cat?post=783740"},{"taxonomy":"product_tag","embeddable":true,"href":"https:\/\/roveyayinevi.com.tr\/index.php\/wp-json\/wp\/v2\/product_tag?post=783740"}],"curies":[{"name":"wp","href":"https:\/\/api.w.org\/{rel}","templated":true}]}}