{"id":783738,"date":"2026-02-26T23:38:32","date_gmt":"2026-02-26T20:38:32","guid":{"rendered":"https:\/\/roveyayinevi.com.tr\/index.php\/urun\/siyeri-farkli-okumak\/"},"modified":"2026-04-15T03:46:42","modified_gmt":"2026-04-15T00:46:42","slug":"siyeri-farkli-okumak","status":"publish","type":"product","link":"https:\/\/roveyayinevi.com.tr\/index.php\/urun\/siyeri-farkli-okumak\/","title":{"rendered":"Siyeri Farkl\u0131 Okumak"},"content":{"rendered":"<p>&#8220;Dinlere en b\u00fcy\u00fck d\u00fc\u015fmanl\u0131\u011f\u0131 kendi mensuplar\u0131 yapm\u0131\u015ft\u0131r&#8221; dersek herhalde yanl\u0131\u015f s\u00f6ylemi\u015f olmay\u0131z. B\u00fct\u00fcn dinler i\u00e7in ge\u00e7erli olan bu kaideye \u0130slam dini mensuplar\u0131 da dahildir. Ehl-i Kitap kendilerine gelen hak dini nas\u0131l tahrif ettiys son dinin mensubu olan M\u00fcsl\u00fcmanlar da kendilerine gelen dinin kitab\u0131n\u0131 tahrif etmeseler de kitab\u0131n \u00f6rnek uygulay\u0131c\u0131s\u0131 olan Hz. Peygamber&#8217;in hayat\u0131n\u0131 \u00f6rneklil zemininden \u00f6rnek al\u0131nmayacak bir noktaya ta\u015f\u0131yarak bu tahrifi bir \u00f6l\u00e7\u00fcde ger\u00e7ekle\u015ftirmi\u015flerdir.<\/p>\n","protected":false},"excerpt":{"rendered":"<p>&#8220;Dinlere en b\u00fcy\u00fck d\u00fc\u015fmanl\u0131\u011f\u0131 kendi mensuplar\u0131 yapm\u0131\u015ft\u0131r&#8221; dersek herhalde yanl\u0131\u015f s\u00f6ylemi\u015f olmay\u0131z. B\u00fct\u00fcn dinler i\u00e7in ge\u00e7erli olan bu kaideye \u0130slam dini mensuplar\u0131 da dahildir. Ehl-i Kitap<span class=\"excerpt-hellip\"> [\u2026]<\/span><\/p>\n","protected":false},"featured_media":0,"template":"","meta":{"_monsterinsights_skip_tracking":false,"_monsterinsights_sitenote_active":false,"_monsterinsights_sitenote_note":"","_monsterinsights_sitenote_category":0},"product_brand":[],"product_cat":[16789,12718,12719],"product_tag":[],"class_list":{"0":"post-783738","1":"product","2":"type-product","3":"status-publish","5":"product_cat-diger-islam","6":"product_cat-din","7":"product_cat-islam","8":"pa_cilt-ciltsiz","9":"pa_tur-kitap","10":"pa_yayinevi-ankara-okulu-yayinlari","11":"pa_yazar-mehmet-azimli","13":"first","14":"instock","15":"sale","16":"shipping-taxable","17":"purchasable","18":"product-type-simple"},"_links":{"self":[{"href":"https:\/\/roveyayinevi.com.tr\/index.php\/wp-json\/wp\/v2\/product\/783738","targetHints":{"allow":["GET"]}}],"collection":[{"href":"https:\/\/roveyayinevi.com.tr\/index.php\/wp-json\/wp\/v2\/product"}],"about":[{"href":"https:\/\/roveyayinevi.com.tr\/index.php\/wp-json\/wp\/v2\/types\/product"}],"wp:attachment":[{"href":"https:\/\/roveyayinevi.com.tr\/index.php\/wp-json\/wp\/v2\/media?parent=783738"}],"wp:term":[{"taxonomy":"product_brand","embeddable":true,"href":"https:\/\/roveyayinevi.com.tr\/index.php\/wp-json\/wp\/v2\/product_brand?post=783738"},{"taxonomy":"product_cat","embeddable":true,"href":"https:\/\/roveyayinevi.com.tr\/index.php\/wp-json\/wp\/v2\/product_cat?post=783738"},{"taxonomy":"product_tag","embeddable":true,"href":"https:\/\/roveyayinevi.com.tr\/index.php\/wp-json\/wp\/v2\/product_tag?post=783738"}],"curies":[{"name":"wp","href":"https:\/\/api.w.org\/{rel}","templated":true}]}}