{"id":783736,"date":"2026-02-26T23:38:27","date_gmt":"2026-02-26T20:38:27","guid":{"rendered":"https:\/\/roveyayinevi.com.tr\/index.php\/urun\/kitabul-esnam-putlar-kitabi\/"},"modified":"2026-04-15T03:46:42","modified_gmt":"2026-04-15T00:46:42","slug":"kitabul-esnam-putlar-kitabi","status":"publish","type":"product","link":"https:\/\/roveyayinevi.com.tr\/index.php\/urun\/kitabul-esnam-putlar-kitabi\/","title":{"rendered":"Kitab\u00fc&#8217;l Esnam; Putlar Kitab\u0131"},"content":{"rendered":"<p>M\u00fcsl\u00fcmanl\u0131k \u00f6ncesi Arap toplumundaki putlar\u0131 konu edinmi\u015f ve en erken telif edilmi\u015f yegane bir kitap ile kar\u015f\u0131n\u0131zday\u0131z. M\u00fcellif putlar\u0131 tan\u0131t\u0131rken muhafazakar bir tutum tak\u0131nmam\u0131\u015f, bilgiyi saklamay\u0131 de\u011fil, ger\u00e7e\u011fi ortaya koymay\u0131 hedef edinmi\u015ftir. Bu ba\u011flamda Hz. Peygamber&#8217;in bile peygamberlik \u00f6ncesi putlara y\u00f6neldi\u011finden bahsetmektedir ki bu bilgiler Kur&#8217;an&#8217;daki ifadelerle de (Duha, 7; \u015eura, 52) \u00f6rt\u00fc\u015fmektedir. Do\u011frusu bu aktar\u0131mlar Hz. Peygamber&#8217;in hakikat bilgisini vahiy d\u0131\u015f\u0131nda ba\u015fka birinden almad\u0131\u011f\u0131n\u0131n ve ger\u00e7ek nebi olu\u015funun da en \u00f6nemli kan\u0131tlar\u0131ndan olmal\u0131d\u0131r.<\/p>\n","protected":false},"excerpt":{"rendered":"<p>M\u00fcsl\u00fcmanl\u0131k \u00f6ncesi Arap toplumundaki putlar\u0131 konu edinmi\u015f ve en erken telif edilmi\u015f yegane bir kitap ile kar\u015f\u0131n\u0131zday\u0131z. M\u00fcellif putlar\u0131 tan\u0131t\u0131rken muhafazakar bir tutum tak\u0131nmam\u0131\u015f, bilgiyi saklamay\u0131<span class=\"excerpt-hellip\"> [\u2026]<\/span><\/p>\n","protected":false},"featured_media":0,"template":"","meta":{"_monsterinsights_skip_tracking":false,"_monsterinsights_sitenote_active":false,"_monsterinsights_sitenote_note":"","_monsterinsights_sitenote_category":0},"product_brand":[],"product_cat":[12718,12858],"product_tag":[],"class_list":{"0":"post-783736","1":"product","2":"type-product","3":"status-publish","5":"product_cat-din","6":"product_cat-mitolojiler","7":"pa_cilt-ciltsiz","8":"pa_tur-kitap","9":"pa_yayinevi-ankara-okulu-yayinlari","10":"pa_yazar-ibnul-kelbi","12":"first","13":"instock","14":"sale","15":"shipping-taxable","16":"purchasable","17":"product-type-simple"},"_links":{"self":[{"href":"https:\/\/roveyayinevi.com.tr\/index.php\/wp-json\/wp\/v2\/product\/783736","targetHints":{"allow":["GET"]}}],"collection":[{"href":"https:\/\/roveyayinevi.com.tr\/index.php\/wp-json\/wp\/v2\/product"}],"about":[{"href":"https:\/\/roveyayinevi.com.tr\/index.php\/wp-json\/wp\/v2\/types\/product"}],"wp:attachment":[{"href":"https:\/\/roveyayinevi.com.tr\/index.php\/wp-json\/wp\/v2\/media?parent=783736"}],"wp:term":[{"taxonomy":"product_brand","embeddable":true,"href":"https:\/\/roveyayinevi.com.tr\/index.php\/wp-json\/wp\/v2\/product_brand?post=783736"},{"taxonomy":"product_cat","embeddable":true,"href":"https:\/\/roveyayinevi.com.tr\/index.php\/wp-json\/wp\/v2\/product_cat?post=783736"},{"taxonomy":"product_tag","embeddable":true,"href":"https:\/\/roveyayinevi.com.tr\/index.php\/wp-json\/wp\/v2\/product_tag?post=783736"}],"curies":[{"name":"wp","href":"https:\/\/api.w.org\/{rel}","templated":true}]}}