{"id":783729,"date":"2026-02-26T23:38:10","date_gmt":"2026-02-26T20:38:10","guid":{"rendered":"https:\/\/roveyayinevi.com.tr\/index.php\/urun\/hidayete-ilk-adim-bidayetul-hidaye\/"},"modified":"2026-04-15T03:46:42","modified_gmt":"2026-04-15T00:46:42","slug":"hidayete-ilk-adim-bidayetul-hidaye","status":"publish","type":"product","link":"https:\/\/roveyayinevi.com.tr\/index.php\/urun\/hidayete-ilk-adim-bidayetul-hidaye\/","title":{"rendered":"Hidayete \u0130lk Ad\u0131m; Bid\u00e2yet\u00fc&#8217;l Hidaye"},"content":{"rendered":"<p>H\u00fcccet\u00fc&#8217;l \u0130slam \u0130mam-\u0131 Gaz\u00e2li muhte\u015fem eseri \u0130hy\u00e2-u Ul\u00fbmi&#8217;d-Din&#8217;in \u00f6z\u00fc oldu\u011funu s\u00f6yledi\u011fi bu eseri i\u00e7in \u015funlar\u0131 s\u00f6yl\u00fcyor: Her \u015feyden \u00f6nce \u015funu bilmelisin ki; ilmin semeresi olan hidayetin eveli ve ahiri, zahiri ve b\u00e2t\u0131n\u0131 vard\u0131r. Hidayetin nihayetine ancak ba\u015flang\u0131\u00e7taki sa\u011flaml\u0131kla ula\u015f\u0131labilir. Ayn\u0131 \u015fekilde hidayetin b\u00e2t\u0131n\u0131na da ancak zahirine vak\u0131f olduktan sonra eri\u015filebilir. \u0130\u015fte ben sana hidayetin ba\u015flang\u0131c\u0131n\u0131 g\u00f6steriyorum ki, onunla nefsini tecr\u00fcbe edesin, kalbini onunla s\u0131nayas\u0131n! E\u011fer kalbini hidayete meylediyor, nefsini de hidayete boyun e\u011fiyor \u015fekilde bulursan ve nefsinin hidayeti kabul etti\u011fine ikna oluyorsun o zaman hidayetin nihayetine bakmak ve ilim deryas\u0131na dalmak i\u00e7in buyur!<\/p>\n","protected":false},"excerpt":{"rendered":"<p>H\u00fcccet\u00fc&#8217;l \u0130slam \u0130mam-\u0131 Gaz\u00e2li muhte\u015fem eseri \u0130hy\u00e2-u Ul\u00fbmi&#8217;d-Din&#8217;in \u00f6z\u00fc oldu\u011funu s\u00f6yledi\u011fi bu eseri i\u00e7in \u015funlar\u0131 s\u00f6yl\u00fcyor: Her \u015feyden \u00f6nce \u015funu bilmelisin ki; ilmin semeresi olan hidayetin<span class=\"excerpt-hellip\"> [\u2026]<\/span><\/p>\n","protected":false},"featured_media":0,"template":"","meta":{"_monsterinsights_skip_tracking":false,"_monsterinsights_sitenote_active":false,"_monsterinsights_sitenote_note":"","_monsterinsights_sitenote_category":0},"product_brand":[],"product_cat":[12718,12719,12720],"product_tag":[],"class_list":{"0":"post-783729","1":"product","2":"type-product","3":"status-publish","5":"product_cat-din","6":"product_cat-islam","7":"product_cat-tasavvuf-mezhepler-tarikatlar","8":"pa_cilt-ciltsiz","9":"pa_tur-kitap","10":"pa_yayinevi-celik-yayinevi","11":"pa_yazar-imam-i-gazali","13":"first","14":"instock","15":"sale","16":"shipping-taxable","17":"purchasable","18":"product-type-simple"},"_links":{"self":[{"href":"https:\/\/roveyayinevi.com.tr\/index.php\/wp-json\/wp\/v2\/product\/783729","targetHints":{"allow":["GET"]}}],"collection":[{"href":"https:\/\/roveyayinevi.com.tr\/index.php\/wp-json\/wp\/v2\/product"}],"about":[{"href":"https:\/\/roveyayinevi.com.tr\/index.php\/wp-json\/wp\/v2\/types\/product"}],"wp:attachment":[{"href":"https:\/\/roveyayinevi.com.tr\/index.php\/wp-json\/wp\/v2\/media?parent=783729"}],"wp:term":[{"taxonomy":"product_brand","embeddable":true,"href":"https:\/\/roveyayinevi.com.tr\/index.php\/wp-json\/wp\/v2\/product_brand?post=783729"},{"taxonomy":"product_cat","embeddable":true,"href":"https:\/\/roveyayinevi.com.tr\/index.php\/wp-json\/wp\/v2\/product_cat?post=783729"},{"taxonomy":"product_tag","embeddable":true,"href":"https:\/\/roveyayinevi.com.tr\/index.php\/wp-json\/wp\/v2\/product_tag?post=783729"}],"curies":[{"name":"wp","href":"https:\/\/api.w.org\/{rel}","templated":true}]}}