{"id":783720,"date":"2026-02-26T23:37:49","date_gmt":"2026-02-26T20:37:49","guid":{"rendered":"https:\/\/roveyayinevi.com.tr\/index.php\/urun\/islam-kulturunde-kurucu-paradigmanin-degisimi\/"},"modified":"2026-04-15T03:46:42","modified_gmt":"2026-04-15T00:46:42","slug":"islam-kulturunde-kurucu-paradigmanin-degisimi","status":"publish","type":"product","link":"https:\/\/roveyayinevi.com.tr\/index.php\/urun\/islam-kulturunde-kurucu-paradigmanin-degisimi\/","title":{"rendered":"\u0130slam K\u00fclt\u00fcr\u00fcnde Kurucu Paradigman\u0131n De\u011fi\u015fimi"},"content":{"rendered":"<p>M\u00fcsl\u00fcmanlar\u0131n, kar\u015f\u0131 kar\u015f\u0131ya kald\u0131klar\u0131 zorluklar\u0131n \u00fcstesinden gelebilmeleri i\u00e7in, \u0130sl\u00e2m&#8217;a h\u00fckmeden k\u00fclt\u00fcrel tasallutlardan ar\u0131nmalar\u0131 gerekmektedir. Bunun i\u00e7in de, il\u00e2h\u00ee olanla be\u015fer\u00ee alan aras\u0131ndaki \u00e7izgilerin iyi tespit edilerek, her iki alana, kendi konumlar\u0131yla m\u00fctenasip bir de\u011fer atfetmemiz icap etmektedir. B\u00f6ylece k\u00fclt\u00fcrel alan, kendi tabii s\u0131n\u0131rlar\u0131na \u00e7ekilip, vahyin in\u015f\u00e2\u00ee g\u00fcc\u00fc yeniden \u00e7al\u0131\u015fmaya ba\u015flay\u0131nca, tevhide dayal\u0131 \u0130sl\u00e2m karde\u015fli\u011fiyle birlikte, M\u00fcsl\u00fcmanlar\u0131n g\u00fcc\u00fc de geri gelecektir. Aksi takdirde, mahall\u00ee \u00f6l\u00e7\u00fc veya kal\u0131plar kadar din\u00ee hakikat do\u011facak, bu da \u0130sl\u00e2m&#8217;la M\u00fcsl\u00fcman aras\u0131ndaki mesafenin yan\u0131 s\u0131ra, M\u00fcsl\u00fcmanlar\u0131n kendi aralar\u0131ndaki tefrikay\u0131 derinle\u015ftirmekten \u00f6te bir i\u015fe yaramayacakt\u0131r.<\/p>\n","protected":false},"excerpt":{"rendered":"<p>M\u00fcsl\u00fcmanlar\u0131n, kar\u015f\u0131 kar\u015f\u0131ya kald\u0131klar\u0131 zorluklar\u0131n \u00fcstesinden gelebilmeleri i\u00e7in, \u0130sl\u00e2m&#8217;a h\u00fckmeden k\u00fclt\u00fcrel tasallutlardan ar\u0131nmalar\u0131 gerekmektedir. Bunun i\u00e7in de, il\u00e2h\u00ee olanla be\u015fer\u00ee alan aras\u0131ndaki \u00e7izgilerin iyi tespit edilerek,<span class=\"excerpt-hellip\"> [\u2026]<\/span><\/p>\n","protected":false},"featured_media":0,"template":"","meta":{"_monsterinsights_skip_tracking":false,"_monsterinsights_sitenote_active":false,"_monsterinsights_sitenote_note":"","_monsterinsights_sitenote_category":0},"product_brand":[],"product_cat":[16789,12718,12719],"product_tag":[],"class_list":{"0":"post-783720","1":"product","2":"type-product","3":"status-publish","5":"product_cat-diger-islam","6":"product_cat-din","7":"product_cat-islam","8":"pa_cilt-ciltsiz","9":"pa_tur-kitap","10":"pa_yayinevi-ankara-okulu-yayinlari","11":"pa_yazar-ibrahim-cetintas","13":"first","14":"instock","15":"sale","16":"shipping-taxable","17":"purchasable","18":"product-type-simple"},"_links":{"self":[{"href":"https:\/\/roveyayinevi.com.tr\/index.php\/wp-json\/wp\/v2\/product\/783720","targetHints":{"allow":["GET"]}}],"collection":[{"href":"https:\/\/roveyayinevi.com.tr\/index.php\/wp-json\/wp\/v2\/product"}],"about":[{"href":"https:\/\/roveyayinevi.com.tr\/index.php\/wp-json\/wp\/v2\/types\/product"}],"wp:attachment":[{"href":"https:\/\/roveyayinevi.com.tr\/index.php\/wp-json\/wp\/v2\/media?parent=783720"}],"wp:term":[{"taxonomy":"product_brand","embeddable":true,"href":"https:\/\/roveyayinevi.com.tr\/index.php\/wp-json\/wp\/v2\/product_brand?post=783720"},{"taxonomy":"product_cat","embeddable":true,"href":"https:\/\/roveyayinevi.com.tr\/index.php\/wp-json\/wp\/v2\/product_cat?post=783720"},{"taxonomy":"product_tag","embeddable":true,"href":"https:\/\/roveyayinevi.com.tr\/index.php\/wp-json\/wp\/v2\/product_tag?post=783720"}],"curies":[{"name":"wp","href":"https:\/\/api.w.org\/{rel}","templated":true}]}}