{"id":783701,"date":"2026-02-26T23:37:05","date_gmt":"2026-02-26T20:37:05","guid":{"rendered":"https:\/\/roveyayinevi.com.tr\/index.php\/urun\/cocuk-ergen-ruhsal-sorunlari-hakkinda-ne-yapmaliyim\/"},"modified":"2026-04-15T03:46:41","modified_gmt":"2026-04-15T00:46:41","slug":"cocuk-ergen-ruhsal-sorunlari-hakkinda-ne-yapmaliyim","status":"publish","type":"product","link":"https:\/\/roveyayinevi.com.tr\/index.php\/urun\/cocuk-ergen-ruhsal-sorunlari-hakkinda-ne-yapmaliyim\/","title":{"rendered":"\u00c7ocuk &#8211; Ergen Ruhsal Sorunlar\u0131 Hakk\u0131nda Ne Yapmal\u0131y\u0131m?"},"content":{"rendered":"<p>\u00c7OCUK-ERGEN RUHSAL SORUNLARI HAKKINDA NEYAPMALIYIM?A\u0130LE VE YAKINLAR \u0130\u00c7\u0130N B\u0130LG\u0130LER\u25d7 \u00c7ocu\u011fumun ba\u011f\u0131ml\u0131 olmas\u0131n\u0131 \u00f6nlemek i\u00e7in ne yapmal\u0131y\u0131m?\u25d7 \u00c7ocu\u011fum hi\u00e7bir \u015fey yapmak istemiyor, san\u0131r\u0131m depresyonda. Ne yapmal\u0131y\u0131m?\u25d7 \u00c7ocu\u011fumu kendini kustururken yakalad\u0131m. Ne yapmal\u0131y\u0131m?\u25d7 Benimle korkular\u0131 hakk\u0131nda konu\u015fmak istiyor ne yapmal\u0131y\u0131m?\u25d7 Okulda akran zorbal\u0131\u011f\u0131na maruz kald\u0131\u011f\u0131n\u0131 d\u00fc\u015f\u00fcn\u00fcyorum. Ne yapmal\u0131y\u0131m?\u25d7 \u00c7ocu\u011fum da cenazeye kat\u0131lmak istiyor. Ne yapmal\u0131y\u0131m?Ve daha niceleri&#8230;Sevgili ebeveynler, \u00e7ocuklar\u0131n\u0131z\u0131n ya\u015fad\u0131\u011f\u0131 ruhsal zorlanmalar\u0131 tan\u0131mak, anlamak, \u00f6nlemek, tedavi ve sonraki s\u00fcre\u00e7lerde yap\u0131lmas\u0131 gerekenleri kavramak i\u00e7in gereken bilgileri bu kitapta bulabilirsiniz.\u201cNe yapmal\u0131y\u0131m?\u201d serisinin bu kitab\u0131nda ruhsal zorlanmalar\u0131 olan \u00e7ocuklar\u0131n\u0131za nas\u0131l daha sa\u011fl\u0131kl\u0131 destek verebilece\u011finizi a\u00e7\u0131klamaya \u00e7al\u0131\u015ft\u0131k. S\u0131k\u00e7a akl\u0131n\u0131za gelen sorular\u0131n cevaplar\u0131n\u0131 bu kitapta bulabileceksiniz.<\/p>\n","protected":false},"excerpt":{"rendered":"<p>\u00c7OCUK-ERGEN RUHSAL SORUNLARI HAKKINDA NEYAPMALIYIM?A\u0130LE VE YAKINLAR \u0130\u00c7\u0130N B\u0130LG\u0130LER\u25d7 \u00c7ocu\u011fumun ba\u011f\u0131ml\u0131 olmas\u0131n\u0131 \u00f6nlemek i\u00e7in ne yapmal\u0131y\u0131m?\u25d7 \u00c7ocu\u011fum hi\u00e7bir \u015fey yapmak istemiyor, san\u0131r\u0131m depresyonda. Ne yapmal\u0131y\u0131m?\u25d7 \u00c7ocu\u011fumu<span class=\"excerpt-hellip\"> [\u2026]<\/span><\/p>\n","protected":false},"featured_media":0,"template":"","meta":{"_monsterinsights_skip_tracking":false,"_monsterinsights_sitenote_active":false,"_monsterinsights_sitenote_note":"","_monsterinsights_sitenote_category":0},"product_brand":[],"product_cat":[12679,12357],"product_tag":[],"class_list":{"0":"post-783701","1":"product","2":"type-product","3":"status-publish","5":"product_cat-cocuk-psikolojisi","6":"product_cat-psikoloji","7":"pa_cilt-ciltsiz","8":"pa_tur-kitap","9":"pa_yayinevi-ucurtma-yayinlari","10":"pa_yazar-eslem-fulya-eksi","12":"first","13":"instock","14":"sale","15":"shipping-taxable","16":"purchasable","17":"product-type-simple"},"_links":{"self":[{"href":"https:\/\/roveyayinevi.com.tr\/index.php\/wp-json\/wp\/v2\/product\/783701","targetHints":{"allow":["GET"]}}],"collection":[{"href":"https:\/\/roveyayinevi.com.tr\/index.php\/wp-json\/wp\/v2\/product"}],"about":[{"href":"https:\/\/roveyayinevi.com.tr\/index.php\/wp-json\/wp\/v2\/types\/product"}],"wp:attachment":[{"href":"https:\/\/roveyayinevi.com.tr\/index.php\/wp-json\/wp\/v2\/media?parent=783701"}],"wp:term":[{"taxonomy":"product_brand","embeddable":true,"href":"https:\/\/roveyayinevi.com.tr\/index.php\/wp-json\/wp\/v2\/product_brand?post=783701"},{"taxonomy":"product_cat","embeddable":true,"href":"https:\/\/roveyayinevi.com.tr\/index.php\/wp-json\/wp\/v2\/product_cat?post=783701"},{"taxonomy":"product_tag","embeddable":true,"href":"https:\/\/roveyayinevi.com.tr\/index.php\/wp-json\/wp\/v2\/product_tag?post=783701"}],"curies":[{"name":"wp","href":"https:\/\/api.w.org\/{rel}","templated":true}]}}