{"id":783688,"date":"2026-02-26T23:36:32","date_gmt":"2026-02-26T20:36:32","guid":{"rendered":"https:\/\/roveyayinevi.com.tr\/index.php\/urun\/tarihten-gunumuze-bosanma\/"},"modified":"2026-04-15T03:46:40","modified_gmt":"2026-04-15T00:46:40","slug":"tarihten-gunumuze-bosanma","status":"publish","type":"product","link":"https:\/\/roveyayinevi.com.tr\/index.php\/urun\/tarihten-gunumuze-bosanma\/","title":{"rendered":"Tarihten G\u00fcn\u00fcm\u00fcze Bo\u015fanma"},"content":{"rendered":"<p>Neslin devam\u0131n\u0131 sa\u011flayan ve t\u00fcm toplumlarda nesilden nesile aktar\u0131lan pek \u00e7ok ya\u015fanm\u0131\u015fl\u0131\u011f\u0131n ta\u015f\u0131y\u0131c\u0131s\u0131 olan aile; toplumlar\u0131n, milletlerin \u00e2deta bir yans\u0131mas\u0131d\u0131r. Pek \u00e7ok sosyal mesele, aile \u00f6l\u00e7e\u011finde ba\u015flar ve b\u00fcy\u00fcr. Yine pek \u00e7ok olumlu geli\u015fme; \u00f6nce aileden ne\u015fet eder, ailede temellenir ve topluma yans\u0131r. \u0130\u015fte b\u00fct\u00fcn bu m\u00fchim fonksiyonlar\u0131 sebebiyle b\u00fct\u00fcn k\u00fclt\u00fcrlerde, geleneklerde ve din\u00ee \u00f6\u011fretilerde bo\u015fanma konusu ele al\u0131nm\u0131\u015f ve \u00e7er\u00e7evesi belirlenmi\u015ftir. Bu \u00e7al\u0131\u015fma; \u00f6zellikle ya\u015fad\u0131\u011f\u0131m\u0131z \u00e7a\u011fda insanlar\u0131n aile kurmada ve aileyi devam ettirmede ciddi sorunlarla kar\u015f\u0131 kar\u015f\u0131ya kalmalar\u0131n\u0131n nedenlerini, bo\u015fanmalar\u0131 ve aile ili\u015fkileri \u00fczerine yap\u0131lan ara\u015ft\u0131rma ve analizleri, bo\u015fanman\u0131n din\u00ee boyutunu ve devletin t\u00fcm birimleriyle bu s\u00fcreci ya\u015fayan ailelere nas\u0131l destek verdi\u011fi hakk\u0131nda detayl\u0131 bilgileri i\u00e7ermektedir. Alan\u0131nda uzman ki\u015filerin \u00e7al\u0131\u015fmalar\u0131yla ortaya \u00e7\u0131kan bu k\u0131ymetli eser, bo\u015fanma konusuna daha dikkatli bir g\u00f6zle bakmam\u0131za yard\u0131mc\u0131 olurken ailelerimizde ya\u015fanan problemleri \u00e7\u00f6zebilme kabiliyetimize katk\u0131 sunmay\u0131 ama\u00e7lamaktad\u0131r<\/p>\n","protected":false},"excerpt":{"rendered":"<p>Neslin devam\u0131n\u0131 sa\u011flayan ve t\u00fcm toplumlarda nesilden nesile aktar\u0131lan pek \u00e7ok ya\u015fanm\u0131\u015fl\u0131\u011f\u0131n ta\u015f\u0131y\u0131c\u0131s\u0131 olan aile; toplumlar\u0131n, milletlerin \u00e2deta bir yans\u0131mas\u0131d\u0131r. Pek \u00e7ok sosyal mesele, aile \u00f6l\u00e7e\u011finde<span class=\"excerpt-hellip\"> [\u2026]<\/span><\/p>\n","protected":false},"featured_media":0,"template":"","meta":{"_monsterinsights_skip_tracking":false,"_monsterinsights_sitenote_active":false,"_monsterinsights_sitenote_note":"","_monsterinsights_sitenote_category":0},"product_brand":[],"product_cat":[12325,12324],"product_tag":[],"class_list":{"0":"post-783688","1":"product","2":"type-product","3":"status-publish","5":"product_cat-diger-sosyoloji","6":"product_cat-sosyoloji","7":"pa_cilt-ciltsiz","8":"pa_tur-kitap","9":"pa_yayinevi-gokkubbe-yayinlari","10":"pa_yazar-oznur-ozdemir","12":"first","13":"instock","14":"sale","15":"shipping-taxable","16":"purchasable","17":"product-type-simple"},"_links":{"self":[{"href":"https:\/\/roveyayinevi.com.tr\/index.php\/wp-json\/wp\/v2\/product\/783688","targetHints":{"allow":["GET"]}}],"collection":[{"href":"https:\/\/roveyayinevi.com.tr\/index.php\/wp-json\/wp\/v2\/product"}],"about":[{"href":"https:\/\/roveyayinevi.com.tr\/index.php\/wp-json\/wp\/v2\/types\/product"}],"wp:attachment":[{"href":"https:\/\/roveyayinevi.com.tr\/index.php\/wp-json\/wp\/v2\/media?parent=783688"}],"wp:term":[{"taxonomy":"product_brand","embeddable":true,"href":"https:\/\/roveyayinevi.com.tr\/index.php\/wp-json\/wp\/v2\/product_brand?post=783688"},{"taxonomy":"product_cat","embeddable":true,"href":"https:\/\/roveyayinevi.com.tr\/index.php\/wp-json\/wp\/v2\/product_cat?post=783688"},{"taxonomy":"product_tag","embeddable":true,"href":"https:\/\/roveyayinevi.com.tr\/index.php\/wp-json\/wp\/v2\/product_tag?post=783688"}],"curies":[{"name":"wp","href":"https:\/\/api.w.org\/{rel}","templated":true}]}}