{"id":783677,"date":"2026-02-26T23:36:04","date_gmt":"2026-02-26T20:36:04","guid":{"rendered":"https:\/\/roveyayinevi.com.tr\/index.php\/urun\/hiristiyanligin-oncusu-olarak-iskenderiyeli-philo\/"},"modified":"2026-04-15T03:46:40","modified_gmt":"2026-04-15T00:46:40","slug":"hiristiyanligin-oncusu-olarak-iskenderiyeli-philo","status":"publish","type":"product","link":"https:\/\/roveyayinevi.com.tr\/index.php\/urun\/hiristiyanligin-oncusu-olarak-iskenderiyeli-philo\/","title":{"rendered":"H\u0131ristiyanl\u0131\u011f\u0131n \u00d6nc\u00fcs\u00fc Olarak \u0130skenderiyeli Philo"},"content":{"rendered":"<p>H\u0131ristiyanl\u0131\u011f\u0131n do\u011fu\u015fu, geli\u015fimi ve bu s\u00fcre\u00e7 i\u00e7inde etkisi alt\u0131nda kald\u0131\u011f\u0131 inan\u00e7 ve d\u00fc\u015f\u00fcnsel paradigmalar, \u2018hareketin&#8217; ba\u015flad\u0131\u011f\u0131 zamandan bu g\u00fcne kadar belirsizliklerini korumaktad\u0131r. Bu eser, \u2018Helenistik-Yahudili\u011fin&#8217; ve onun en \u00f6nemli temsilcisi \u0130skenderiyeli Philo&#8217;nun (M\u00d6. 25\/20 -MS. 50), H\u0131ristiyanl\u0131k ismini alacak \u2018hareketin&#8217;, olu\u015fum ve geli\u015fim \u00e7izgisindeki etkisini g\u00f6stermeye \u00e7al\u0131\u015fmaktad\u0131r.Eser, ba\u015flang\u0131\u00e7ta k\u00fc\u00e7\u00fck bir Yahudi mezhebi olarak ortaya \u00e7\u0131kan H\u0131ristiyanl\u0131\u011f\u0131n, Kutsal Kitab&#8217;\u0131n alegorik yorumlanmas\u0131yla beraber nas\u0131l evrensel bir din haline geldi\u011fine dair dinamiklerin i\u015fleyi\u015f s\u00fcrecini g\u00f6stermeyi de ama\u00e7lamaktad\u0131r.Kendi ye\u011feni ba\u015fta olmak \u00fczere bir\u00e7ok Yahudinin, ya dinini de\u011fi\u015ftirdi\u011fi ya da Helenistik k\u00fclt\u00fcre teslim oldu\u011fu bir d\u00f6nemde, hem Yahudili\u011fi savunmak, hem siyasi bir proje olarak vatanda\u015fl\u0131k hakk\u0131n\u0131 elde etmeye gayret etmek ve hem de bulundu\u011fu zaman diliminde kar\u015f\u0131la\u015f\u0131lan Yahudi kar\u015f\u0131tl\u0131\u011f\u0131na \u00e7\u00f6z\u00fcmler \u00fcretmek ve milletinin s\u00f6zc\u00fcl\u00fc\u011f\u00fcn\u00fc yapmak, ba\u015fl\u0131 ba\u015f\u0131na Philo&#8217;yu \u00e7ok \u00f6nemli bir konuma getirmektedir. B\u00f6ylece bu \u00e7al\u0131\u015fma, ilk olarak Philo ve onun teolojik g\u00f6r\u00fc\u015flerini a\u00e7\u0131klamaya \u00e7al\u0131\u015f\u0131rken; ayn\u0131 zamanda onun d\u00fc\u015f\u00fcncelerinin, kilise babalar\u0131 taraf\u0131ndan nas\u0131l alg\u0131land\u0131\u011f\u0131 ve benimsendi\u011fine dair de bir iz s\u00fcrmektedir.<\/p>\n","protected":false},"excerpt":{"rendered":"<p>H\u0131ristiyanl\u0131\u011f\u0131n do\u011fu\u015fu, geli\u015fimi ve bu s\u00fcre\u00e7 i\u00e7inde etkisi alt\u0131nda kald\u0131\u011f\u0131 inan\u00e7 ve d\u00fc\u015f\u00fcnsel paradigmalar, \u2018hareketin&#8217; ba\u015flad\u0131\u011f\u0131 zamandan bu g\u00fcne kadar belirsizliklerini korumaktad\u0131r. Bu eser, \u2018Helenistik-Yahudili\u011fin&#8217; ve<span class=\"excerpt-hellip\"> [\u2026]<\/span><\/p>\n","protected":false},"featured_media":0,"template":"","meta":{"_monsterinsights_skip_tracking":false,"_monsterinsights_sitenote_active":false,"_monsterinsights_sitenote_note":"","_monsterinsights_sitenote_category":0},"product_brand":[],"product_cat":[12718,12807],"product_tag":[],"class_list":{"0":"post-783677","1":"product","2":"type-product","3":"status-publish","5":"product_cat-din","6":"product_cat-hristiyanlik","7":"pa_cilt-ciltsiz","8":"pa_tur-kitap","9":"pa_yayinevi-eski-yeni-yayinlari","10":"pa_yazar-dursun-ali-aykit","12":"first","13":"instock","14":"sale","15":"shipping-taxable","16":"purchasable","17":"product-type-simple"},"_links":{"self":[{"href":"https:\/\/roveyayinevi.com.tr\/index.php\/wp-json\/wp\/v2\/product\/783677","targetHints":{"allow":["GET"]}}],"collection":[{"href":"https:\/\/roveyayinevi.com.tr\/index.php\/wp-json\/wp\/v2\/product"}],"about":[{"href":"https:\/\/roveyayinevi.com.tr\/index.php\/wp-json\/wp\/v2\/types\/product"}],"wp:attachment":[{"href":"https:\/\/roveyayinevi.com.tr\/index.php\/wp-json\/wp\/v2\/media?parent=783677"}],"wp:term":[{"taxonomy":"product_brand","embeddable":true,"href":"https:\/\/roveyayinevi.com.tr\/index.php\/wp-json\/wp\/v2\/product_brand?post=783677"},{"taxonomy":"product_cat","embeddable":true,"href":"https:\/\/roveyayinevi.com.tr\/index.php\/wp-json\/wp\/v2\/product_cat?post=783677"},{"taxonomy":"product_tag","embeddable":true,"href":"https:\/\/roveyayinevi.com.tr\/index.php\/wp-json\/wp\/v2\/product_tag?post=783677"}],"curies":[{"name":"wp","href":"https:\/\/api.w.org\/{rel}","templated":true}]}}