{"id":783655,"date":"2026-02-26T23:35:05","date_gmt":"2026-02-26T20:35:05","guid":{"rendered":"https:\/\/roveyayinevi.com.tr\/index.php\/urun\/dusunme-gozlemden-tanikliga\/"},"modified":"2026-04-15T03:46:39","modified_gmt":"2026-04-15T00:46:39","slug":"dusunme-gozlemden-tanikliga","status":"publish","type":"product","link":"https:\/\/roveyayinevi.com.tr\/index.php\/urun\/dusunme-gozlemden-tanikliga\/","title":{"rendered":"D\u00fc\u015f\u00fcnme G\u00f6zlemden Tan\u0131kl\u0131\u011fa"},"content":{"rendered":"<p>Daha \u00f6nce T\u00fcrk\u00e7ede de yay\u0131nlanan M\u00fcsl\u00fcman Psikologlar\u0131n \u00c7\u0131kmaz\u0131 adl\u0131 \u00e7al\u0131\u015fmas\u0131yla psikolojide yeni ve de\u011fi\u015fik bir ufuk a\u00e7an Malik Bedri, elinizdeki kitab\u0131yla, bir M\u00fcsl\u00fcman psikolog olarak d\u00fc\u015f\u00fcnme\/tefekk\u00fcr eylemini ele al\u0131yor. Tefekk\u00fcr\u00fcn, zihin-beden ili\u015fkisinde zihnin bedeni etkilemek suretiyle belirleyici rol\u00fcn\u00fcn ortaya konmas\u0131, t\u0131bb\u0131n \u00f6nemli geli\u015fmelerinden biridir. Dolay\u0131s\u0131yla D\u00fc\u015f\u00fcnme, ufuk a\u00e7\u0131c\u0131 paradigmalar\u0131yla davran\u0131\u015f bilimlerinin \u0130slamile\u015ftirilmesine \u00f6nemli katk\u0131larda bulunmakla kalmay\u0131p, ayn\u0131 zamanda tart\u0131\u015f\u0131lan teorilerin \u00e7\u00f6z\u00fcm\u00fc ve geli\u015ftirilmesi i\u00e7in uzmanlar aras\u0131nda geni\u015f bir ilgiye de mazhar olacakt\u0131r. Ancak D\u00fc\u015f\u00fcnmenin sadece uzmanlar, bilim adamlar\u0131 ve entelekt\u00fceller i\u00e7in yaz\u0131lmad\u0131\u011f\u0131n\u0131, genel okuyucu i\u00e7in ilgiyle okunacak bir kitap oldu\u011funu da belirtmekte yarar var. Yazar, modernizmin d\u00fcnyevile\u015ftirdi\u011fi dini de\u011ferlerin yeniden ke\u015ffedilmesine katk\u0131 sa\u011flayacak bu eseri kaleme alarak \u00f6nemli bir bo\u015flu\u011fu doldurmu\u015f ve sek\u00fclarizme indirgenmi\u015f d\u00fcnyevilik ile d\u00fcnyay\u0131 fiilen terk ettiren mistisizmin, asl\u0131nda bir b\u00fct\u00fcn\u00fcn par\u00e7alar\u0131 oldu\u011funu ortaya koymu\u015ftur.<\/p>\n","protected":false},"excerpt":{"rendered":"<p>Daha \u00f6nce T\u00fcrk\u00e7ede de yay\u0131nlanan M\u00fcsl\u00fcman Psikologlar\u0131n \u00c7\u0131kmaz\u0131 adl\u0131 \u00e7al\u0131\u015fmas\u0131yla psikolojide yeni ve de\u011fi\u015fik bir ufuk a\u00e7an Malik Bedri, elinizdeki kitab\u0131yla, bir M\u00fcsl\u00fcman psikolog olarak d\u00fc\u015f\u00fcnme\/tefekk\u00fcr<span class=\"excerpt-hellip\"> [\u2026]<\/span><\/p>\n","protected":false},"featured_media":0,"template":"","meta":{"_monsterinsights_skip_tracking":false,"_monsterinsights_sitenote_active":false,"_monsterinsights_sitenote_note":"","_monsterinsights_sitenote_category":0},"product_brand":[],"product_cat":[16789,12718,12719],"product_tag":[],"class_list":{"0":"post-783655","1":"product","2":"type-product","3":"status-publish","5":"product_cat-diger-islam","6":"product_cat-din","7":"product_cat-islam","8":"pa_cilt-ciltsiz","9":"pa_tur-kitap","10":"pa_yayinevi-mahya-yayinlari","11":"pa_yazar-malik-bedri","13":"first","14":"instock","15":"sale","16":"shipping-taxable","17":"purchasable","18":"product-type-simple"},"_links":{"self":[{"href":"https:\/\/roveyayinevi.com.tr\/index.php\/wp-json\/wp\/v2\/product\/783655","targetHints":{"allow":["GET"]}}],"collection":[{"href":"https:\/\/roveyayinevi.com.tr\/index.php\/wp-json\/wp\/v2\/product"}],"about":[{"href":"https:\/\/roveyayinevi.com.tr\/index.php\/wp-json\/wp\/v2\/types\/product"}],"wp:attachment":[{"href":"https:\/\/roveyayinevi.com.tr\/index.php\/wp-json\/wp\/v2\/media?parent=783655"}],"wp:term":[{"taxonomy":"product_brand","embeddable":true,"href":"https:\/\/roveyayinevi.com.tr\/index.php\/wp-json\/wp\/v2\/product_brand?post=783655"},{"taxonomy":"product_cat","embeddable":true,"href":"https:\/\/roveyayinevi.com.tr\/index.php\/wp-json\/wp\/v2\/product_cat?post=783655"},{"taxonomy":"product_tag","embeddable":true,"href":"https:\/\/roveyayinevi.com.tr\/index.php\/wp-json\/wp\/v2\/product_tag?post=783655"}],"curies":[{"name":"wp","href":"https:\/\/api.w.org\/{rel}","templated":true}]}}