{"id":783652,"date":"2026-02-26T23:34:57","date_gmt":"2026-02-26T20:34:57","guid":{"rendered":"https:\/\/roveyayinevi.com.tr\/index.php\/urun\/yaratilis-ve-evrim\/"},"modified":"2026-04-15T03:46:39","modified_gmt":"2026-04-15T00:46:39","slug":"yaratilis-ve-evrim","status":"publish","type":"product","link":"https:\/\/roveyayinevi.com.tr\/index.php\/urun\/yaratilis-ve-evrim\/","title":{"rendered":"Yarat\u0131l\u0131\u015f ve Evrim"},"content":{"rendered":"<p>Elinizdeki kitap d\u00f6rt b\u00f6l\u00fcmden olu\u015fmakta ve her bir b\u00f6l\u00fcmde a\u015fa\u011f\u0131dakine benzer bir\u00e7ok soruya cevap aramaktad\u0131r: Evren ve D\u00fcnyan\u0131n Yarat\u0131l\u0131\u015f\u0131: &#8220;Ol&#8221; emrinden sonra her \u015fey nas\u0131l ba\u015flad\u0131? Yarat\u0131l\u0131\u015fa dair farkl\u0131 g\u00f6r\u00fc\u015fler?  \u0130lk 1 saniyede neler oldu? \u0130lk elementler nas\u0131l olu\u015ftu? D\u00fcnya&#8217;n\u0131n 4.6 milyar y\u0131ll\u0131k yarat\u0131l\u0131\u015f s\u00fcreci? S\u00fcnnetullah nedir? Yarat\u0131c\u0131 \u015fapkadan tav\u015fan \u00e7\u0131kar\u0131r m\u0131? 2. \u00c2dem \u00c7\u00f6mlekten Havva Kaburgadan m\u0131 Yarat\u0131ld\u0131: \u00c2dem&#8217;in ebeveyni var m\u0131yd\u0131? Topraktan yarat\u0131lma ile ne kastedilir? \u00c2dem&#8217;den \u00f6nce kan d\u00f6ken ve fesat \u00e7\u0131karanlar kimlerdi? Be\u015fer ile insan aras\u0131ndaki fark nedir? &#8220;Ruhumdan \u00fcfledim&#8221; ile kastedilen nedir? Ruh \u00fcflenirken \u00c2dem cans\u0131z m\u0131yd\u0131? &#8216;\u00c2dem&#8217;, &#8216;\u00e2demo\u011flu&#8217; yerine kullan\u0131lm\u0131\u015f m\u0131d\u0131r? 3. Be\u015fer Nas\u0131l \u0130nsan Oldu: Evrimci \u0130slam \u00e2limleri kimlerdir? Allah, \u00c2dem&#8217;i kimlerin i\u00e7inden se\u00e7mi\u015ftir? \u00c2dem&#8217;den \u00f6nce de \u00e2demler var m\u0131yd\u0131? \u0130lk insan nerede ve yakla\u015f\u0131k olarak ne zaman yarat\u0131ld\u0131? \u00c2dem&#8217;in nesli ensest ili\u015fkiyle mi \u00e7o\u011fald\u0131? 4. Darwinci Evrim Teorisi: \u0130lahi yasa olan evrim ile materyalist evrim teorisi ayn\u0131 \u015fey midir? Evrim teorisine destek i\u00e7in \u00fcretilen sahte deliller nelerdir? Evrim teorisi ateizmin \u0130srailiyyat\u0131 m\u0131d\u0131r? Varolu\u015ftaki hassas ayarlar tesad\u00fcfe izin verir mi? Yarat\u0131l\u0131\u015f ve evrim teorisi has\u0131m m\u0131d\u0131r? Bu ba\u015fl\u0131klar\u0131n hepsinin alt\u0131nda iki kitab\u0131 hep yan yana okuyacaks\u0131n\u0131z: Tabiat ve Kur&#8217;an. Bizim ifademizle &#8220;tabiat\u0131n Kur&#8217;an&#8217;\u0131&#8221; ve &#8220;Kur&#8217;an&#8217;\u0131n tabiat\u0131&#8221;&#8230;<\/p>\n","protected":false},"excerpt":{"rendered":"<p>Elinizdeki kitap d\u00f6rt b\u00f6l\u00fcmden olu\u015fmakta ve her bir b\u00f6l\u00fcmde a\u015fa\u011f\u0131dakine benzer bir\u00e7ok soruya cevap aramaktad\u0131r: Evren ve D\u00fcnyan\u0131n Yarat\u0131l\u0131\u015f\u0131: &#8220;Ol&#8221; emrinden sonra her \u015fey nas\u0131l ba\u015flad\u0131?<span class=\"excerpt-hellip\"> [\u2026]<\/span><\/p>\n","protected":false},"featured_media":0,"template":"","meta":{"_monsterinsights_skip_tracking":false,"_monsterinsights_sitenote_active":false,"_monsterinsights_sitenote_note":"","_monsterinsights_sitenote_category":0},"product_brand":[],"product_cat":[12718,12719],"product_tag":[],"class_list":{"0":"post-783652","1":"product","2":"type-product","3":"status-publish","5":"product_cat-din","6":"product_cat-islam","7":"pa_cilt-ciltsiz","8":"pa_tur-kitap","9":"pa_yayinevi-dusun-yayincilik","10":"pa_yazar-mustafa-islamoglu","12":"first","13":"instock","14":"sale","15":"shipping-taxable","16":"purchasable","17":"product-type-simple"},"_links":{"self":[{"href":"https:\/\/roveyayinevi.com.tr\/index.php\/wp-json\/wp\/v2\/product\/783652","targetHints":{"allow":["GET"]}}],"collection":[{"href":"https:\/\/roveyayinevi.com.tr\/index.php\/wp-json\/wp\/v2\/product"}],"about":[{"href":"https:\/\/roveyayinevi.com.tr\/index.php\/wp-json\/wp\/v2\/types\/product"}],"wp:attachment":[{"href":"https:\/\/roveyayinevi.com.tr\/index.php\/wp-json\/wp\/v2\/media?parent=783652"}],"wp:term":[{"taxonomy":"product_brand","embeddable":true,"href":"https:\/\/roveyayinevi.com.tr\/index.php\/wp-json\/wp\/v2\/product_brand?post=783652"},{"taxonomy":"product_cat","embeddable":true,"href":"https:\/\/roveyayinevi.com.tr\/index.php\/wp-json\/wp\/v2\/product_cat?post=783652"},{"taxonomy":"product_tag","embeddable":true,"href":"https:\/\/roveyayinevi.com.tr\/index.php\/wp-json\/wp\/v2\/product_tag?post=783652"}],"curies":[{"name":"wp","href":"https:\/\/api.w.org\/{rel}","templated":true}]}}