{"id":783642,"date":"2026-02-26T23:34:31","date_gmt":"2026-02-26T20:34:31","guid":{"rendered":"https:\/\/roveyayinevi.com.tr\/index.php\/urun\/kendini-bulmak-3\/"},"modified":"2026-04-15T03:46:39","modified_gmt":"2026-04-15T00:46:39","slug":"kendini-bulmak-3","status":"publish","type":"product","link":"https:\/\/roveyayinevi.com.tr\/index.php\/urun\/kendini-bulmak-3\/","title":{"rendered":"Kendini Bulmak"},"content":{"rendered":"<p>Marifetullah kap\u0131s\u0131n\u0131n anahtar\u0131, \u00f6nce insan\u0131n kendi nefsini bilmesi ve ruhunun hakikatini anlamas\u0131, idrak etmesidir. Marifetullah kap\u0131s\u0131n\u0131n kilidi ancak bu anahtar ile a\u00e7\u0131l\u0131r. Nitekim: &#8220;Nefsini tan\u0131yan Rabbini tan\u0131r&#8221; hadis-i \u015ferifi ile, &#8220;\u0130leride onlara, gerek ufuklarda (d\u00fcnya \u00fclkelerinde\/d\u0131\u015f d\u00fcnyalar\u0131nda), gerek kendi i\u00e7lerinde (ve i\u00e7 d\u00fcnyalar\u0131nda) \u00e2yetlerimizi g\u00f6sterece\u011fiz.&#8221; (Fussilet: 53) ayeti kerimesi buna delildir.Allah Te\u00e2l\u00e2 buyurur ki: &#8220;\u0130nsana \u00e2lemde olan kudretleri ve kendi nefsinde olan ibretleri ben izhar eder, g\u00f6steririm. T\u00e2 ki, kendi m\u00e2rifetinden bir m\u00e2rifeti hal edinip Esfel-i Safilin&#8217;den \u00c2l\u00e2y-i \u0130lliyin&#8217;e y\u00fckselmi\u015f, ge\u00e7mi\u015f olsun&#8221;. Ve insana kendi nefsinden daha yak\u0131n bir \u015fey yoktur. B\u00f6ylece e\u011fer kendi nefsinin m\u00e2rifetinden nasipsiz olursa, marifetullaha hangi yolla yakla\u015f\u0131labilir?<\/p>\n","protected":false},"excerpt":{"rendered":"<p>Marifetullah kap\u0131s\u0131n\u0131n anahtar\u0131, \u00f6nce insan\u0131n kendi nefsini bilmesi ve ruhunun hakikatini anlamas\u0131, idrak etmesidir. Marifetullah kap\u0131s\u0131n\u0131n kilidi ancak bu anahtar ile a\u00e7\u0131l\u0131r. Nitekim: &#8220;Nefsini tan\u0131yan Rabbini<span class=\"excerpt-hellip\"> [\u2026]<\/span><\/p>\n","protected":false},"featured_media":0,"template":"","meta":{"_monsterinsights_skip_tracking":false,"_monsterinsights_sitenote_active":false,"_monsterinsights_sitenote_note":"","_monsterinsights_sitenote_category":0},"product_brand":[],"product_cat":[16789,12718,12719],"product_tag":[],"class_list":{"0":"post-783642","1":"product","2":"type-product","3":"status-publish","5":"product_cat-diger-islam","6":"product_cat-din","7":"product_cat-islam","8":"pa_cilt-ciltsiz","9":"pa_tur-kitap","10":"pa_yayinevi-gelenek-yayincilik","11":"pa_yazar-imam-ebi-hamid-el-gazali","13":"first","14":"instock","15":"sale","16":"shipping-taxable","17":"purchasable","18":"product-type-simple"},"_links":{"self":[{"href":"https:\/\/roveyayinevi.com.tr\/index.php\/wp-json\/wp\/v2\/product\/783642","targetHints":{"allow":["GET"]}}],"collection":[{"href":"https:\/\/roveyayinevi.com.tr\/index.php\/wp-json\/wp\/v2\/product"}],"about":[{"href":"https:\/\/roveyayinevi.com.tr\/index.php\/wp-json\/wp\/v2\/types\/product"}],"wp:attachment":[{"href":"https:\/\/roveyayinevi.com.tr\/index.php\/wp-json\/wp\/v2\/media?parent=783642"}],"wp:term":[{"taxonomy":"product_brand","embeddable":true,"href":"https:\/\/roveyayinevi.com.tr\/index.php\/wp-json\/wp\/v2\/product_brand?post=783642"},{"taxonomy":"product_cat","embeddable":true,"href":"https:\/\/roveyayinevi.com.tr\/index.php\/wp-json\/wp\/v2\/product_cat?post=783642"},{"taxonomy":"product_tag","embeddable":true,"href":"https:\/\/roveyayinevi.com.tr\/index.php\/wp-json\/wp\/v2\/product_tag?post=783642"}],"curies":[{"name":"wp","href":"https:\/\/api.w.org\/{rel}","templated":true}]}}