{"id":783628,"date":"2026-02-26T23:33:55","date_gmt":"2026-02-26T20:33:55","guid":{"rendered":"https:\/\/roveyayinevi.com.tr\/index.php\/urun\/klasik-mantik-el-kitabi\/"},"modified":"2026-04-15T03:46:39","modified_gmt":"2026-04-15T00:46:39","slug":"klasik-mantik-el-kitabi","status":"publish","type":"product","link":"https:\/\/roveyayinevi.com.tr\/index.php\/urun\/klasik-mantik-el-kitabi\/","title":{"rendered":"Klasik Mant\u0131k El Kitab\u0131"},"content":{"rendered":"<p>Her insan akilli yaratilmistir. Dolayisi ile insan dogustan mantikli d\u00fcs\u00fcn\u00fcr ve hareket eder. Akil ilkelerine uygun olmayan birbiri ile \u00e7elisen s\u00f6z ve d\u00fcs\u00fcnceleri benimsemez, onlardan uzak durur. Mantigin amaci ve konusu da gerek g\u00fcndelik hayatta gerekse bilimde insanlari hataya d\u00fcsmekten korumak ve bildiklerinden hareketle yeni bilgilere ulastirmaktir.Mantik bilimi bilimlere giris kabul edilir ve bilim \u00f6grenmede vasita olarak kullanilir. Bu y\u00fczden mantik sistemlestirildigi tarihten g\u00fcn\u00fcm\u00fcze temel bilimlerden biri g\u00f6r\u00fcl\u00fcr, egitim \u00f6gretim kurumlarinda \u00f6grenilir ve \u00f6gretilir.Bu kitap hem Islam hem de Bati mantik\u00e7ilarinin \u00e7alismalarindan faydalanilarak hazirlanmistir. Kitapta mantigin ana konulari belli bir d\u00fczeyde ele alinmis, ayrica mantik ve konularina y\u00f6nelik degerlendirmelere yer verilmistir.<\/p>\n","protected":false},"excerpt":{"rendered":"<p>Her insan akilli yaratilmistir. Dolayisi ile insan dogustan mantikli d\u00fcs\u00fcn\u00fcr ve hareket eder. Akil ilkelerine uygun olmayan birbiri ile \u00e7elisen s\u00f6z ve d\u00fcs\u00fcnceleri benimsemez, onlardan uzak<span class=\"excerpt-hellip\"> [\u2026]<\/span><\/p>\n","protected":false},"featured_media":0,"template":"","meta":{"_monsterinsights_skip_tracking":false,"_monsterinsights_sitenote_active":false,"_monsterinsights_sitenote_note":"","_monsterinsights_sitenote_category":0},"product_brand":[],"product_cat":[16038,12388],"product_tag":[],"class_list":{"0":"post-783628","1":"product","2":"type-product","3":"status-publish","5":"product_cat-arastirma-inceleme-referans-felsefe","6":"product_cat-felsefe","7":"pa_cilt-ciltsiz","8":"pa_tur-kitap","9":"pa_yayinevi-arastirma-yayinlari","10":"pa_yazar-nazim-hasirci","12":"first","13":"instock","14":"sale","15":"shipping-taxable","16":"purchasable","17":"product-type-simple"},"_links":{"self":[{"href":"https:\/\/roveyayinevi.com.tr\/index.php\/wp-json\/wp\/v2\/product\/783628","targetHints":{"allow":["GET"]}}],"collection":[{"href":"https:\/\/roveyayinevi.com.tr\/index.php\/wp-json\/wp\/v2\/product"}],"about":[{"href":"https:\/\/roveyayinevi.com.tr\/index.php\/wp-json\/wp\/v2\/types\/product"}],"wp:attachment":[{"href":"https:\/\/roveyayinevi.com.tr\/index.php\/wp-json\/wp\/v2\/media?parent=783628"}],"wp:term":[{"taxonomy":"product_brand","embeddable":true,"href":"https:\/\/roveyayinevi.com.tr\/index.php\/wp-json\/wp\/v2\/product_brand?post=783628"},{"taxonomy":"product_cat","embeddable":true,"href":"https:\/\/roveyayinevi.com.tr\/index.php\/wp-json\/wp\/v2\/product_cat?post=783628"},{"taxonomy":"product_tag","embeddable":true,"href":"https:\/\/roveyayinevi.com.tr\/index.php\/wp-json\/wp\/v2\/product_tag?post=783628"}],"curies":[{"name":"wp","href":"https:\/\/api.w.org\/{rel}","templated":true}]}}