{"id":783621,"date":"2026-02-26T23:33:39","date_gmt":"2026-02-26T20:33:39","guid":{"rendered":"https:\/\/roveyayinevi.com.tr\/index.php\/urun\/delilleriyle-islam-ilmihaliinanc-ibadet-gunluk-hayat\/"},"modified":"2026-04-15T03:46:39","modified_gmt":"2026-04-15T00:46:39","slug":"delilleriyle-islam-ilmihaliinanc-ibadet-gunluk-hayat","status":"publish","type":"product","link":"https:\/\/roveyayinevi.com.tr\/index.php\/urun\/delilleriyle-islam-ilmihaliinanc-ibadet-gunluk-hayat\/","title":{"rendered":"Delilleriyle \u0130slam \u0130lmihali;\u0130nan\u00e7-\u0130badet-G\u00fcnl\u00fck Hayat"},"content":{"rendered":"<p>\u0130lmihal her M\u00fcsl\u00fcman fert ve ailenin el kitab\u0131d\u0131r. Onda ortak konular erginlik \u00e7a\u011f\u0131na ula\u015f\u0131r ula\u015fmaz ba\u015flayan istisnas\u0131z sorumluluklar yer al\u0131r. Bunlar da inan\u00e7 ibadet ve g\u00fcnl\u00fck hayatta kar\u015f\u0131la\u015f\u0131lan helal ve haramlar olarak \u00f6zetlenebilir. B\u00fct\u00fcn bunlara &#8220;\u00f6ncelikli bilgiler&#8221; diyebiliriz. \u00c7\u00fcnk\u00fc iman \u00f6l\u00e7\u00fcleri bozuk Allah&#8217;a kullu\u011funu yapamayan kimsenin hayat\u0131n di\u011fer alanlar\u0131nda \u0130slam \u00f6l\u00e7\u00fclerini aramas\u0131 beklenemez.&#8221;Delilleriyle \u0130slam \u0130lmihali&#8221; \u00f6l\u00e7\u00fcleri Kur&#8217;an ve S\u00fcnnetteki kaynaklar\u0131n\u0131 \u00f6n plana \u00e7\u0131kararak bildiriyor. Amac\u0131 M\u00fcsl\u00fcman&#8217;\u0131 H\u00fckm\u00fcn Sahibi ile kar\u015f\u0131 kar\u015f\u0131ya getirmek dolay\u0131s\u0131yla sorumlulu\u011fun ilahi boyutunu hat\u0131rlatmakt\u0131r. \u0130lmihalde yer alan inan\u00e7 ibadet ve g\u00fcnl\u00fck hayat \u00f6l\u00e7\u00fclerini \u00f6\u011frenip ya\u015famakla ba\u015flayan islami bilgilenme s\u00fcreci ki\u015fiyi b\u00fct\u00fcn bir hayat sistemi olarak \u0130slam&#8217;\u0131 aramaya g\u00f6t\u00fcrecektir. \u00c7\u00fcnk\u00fc \u0130slam ger\u00e7ekten de t\u00fcm bir hayatt\u0131r.<\/p>\n","protected":false},"excerpt":{"rendered":"<p>\u0130lmihal her M\u00fcsl\u00fcman fert ve ailenin el kitab\u0131d\u0131r. Onda ortak konular erginlik \u00e7a\u011f\u0131na ula\u015f\u0131r ula\u015fmaz ba\u015flayan istisnas\u0131z sorumluluklar yer al\u0131r. Bunlar da inan\u00e7 ibadet ve g\u00fcnl\u00fck<span class=\"excerpt-hellip\"> [\u2026]<\/span><\/p>\n","protected":false},"featured_media":0,"template":"","meta":{"_monsterinsights_skip_tracking":false,"_monsterinsights_sitenote_active":false,"_monsterinsights_sitenote_note":"","_monsterinsights_sitenote_category":0},"product_brand":[],"product_cat":[16789,12718,12719],"product_tag":[],"class_list":{"0":"post-783621","1":"product","2":"type-product","3":"status-publish","5":"product_cat-diger-islam","6":"product_cat-din","7":"product_cat-islam","8":"pa_cilt-ciltsiz","9":"pa_tur-kitap","10":"pa_yayinevi-erkam-yayinlari","11":"pa_yazar-hamdi-donduren","13":"first","14":"instock","15":"sale","16":"shipping-taxable","17":"purchasable","18":"product-type-simple"},"_links":{"self":[{"href":"https:\/\/roveyayinevi.com.tr\/index.php\/wp-json\/wp\/v2\/product\/783621","targetHints":{"allow":["GET"]}}],"collection":[{"href":"https:\/\/roveyayinevi.com.tr\/index.php\/wp-json\/wp\/v2\/product"}],"about":[{"href":"https:\/\/roveyayinevi.com.tr\/index.php\/wp-json\/wp\/v2\/types\/product"}],"wp:attachment":[{"href":"https:\/\/roveyayinevi.com.tr\/index.php\/wp-json\/wp\/v2\/media?parent=783621"}],"wp:term":[{"taxonomy":"product_brand","embeddable":true,"href":"https:\/\/roveyayinevi.com.tr\/index.php\/wp-json\/wp\/v2\/product_brand?post=783621"},{"taxonomy":"product_cat","embeddable":true,"href":"https:\/\/roveyayinevi.com.tr\/index.php\/wp-json\/wp\/v2\/product_cat?post=783621"},{"taxonomy":"product_tag","embeddable":true,"href":"https:\/\/roveyayinevi.com.tr\/index.php\/wp-json\/wp\/v2\/product_tag?post=783621"}],"curies":[{"name":"wp","href":"https:\/\/api.w.org\/{rel}","templated":true}]}}