{"id":783610,"date":"2026-02-26T23:33:07","date_gmt":"2026-02-26T20:33:07","guid":{"rendered":"https:\/\/roveyayinevi.com.tr\/index.php\/urun\/ateizm-ve-deizm-elestirisi\/"},"modified":"2026-04-15T03:46:38","modified_gmt":"2026-04-15T00:46:38","slug":"ateizm-ve-deizm-elestirisi","status":"publish","type":"product","link":"https:\/\/roveyayinevi.com.tr\/index.php\/urun\/ateizm-ve-deizm-elestirisi\/","title":{"rendered":"Ateizm Ve Deizm Ele\u015ftirisi"},"content":{"rendered":"<p>\u00c7\u0131\u011f kap\u0131m\u0131zda..!Gen\u00e7lerimizin iman\u0131 ateistik\/deistik sorularla \u00e7al\u0131nmas\u0131n istiyorsak, gerekli tedbirleri almam\u0131z gerekiyor. Hayat dini \u0130slam\u2019\u0131n temelinde, Allah\u2019a iman etmek ve Hz. Muhammed\u2019in (s.a.v.) peygamberli\u011fini tasdik etmek bulunmaktad\u0131r. Bu temeli hedef alan ink\u00e2rc\u0131 ak\u0131mlar \u00e7\u0131\u011f gibi b\u00fcy\u00fcmeden Allah\u2019\u0131n varl\u0131\u011f\u0131n\u0131n ve Hz. Muhammed\u2019in (s.a.v.) peygamberli\u011finin ispat\u0131 \u00fczerine yaz\u0131lm\u0131\u015f eserlere daha \u00e7ok ehemmiyet vermemiz gerekmektedir.Bu eserde ateizm; varl\u0131k, bilgi ve psiko-sosyal d\u00fczlemlerde ele al\u0131nd\u0131 ve kar\u015f\u0131 deliller sunularak ele\u015ftiriler yap\u0131lmaya gayret edildi. Deizm ele\u015ftirisi ise Hz. Muhammed\u2019in (s.a.v.) peygamberli\u011finin ispat\u0131n\u0131n delilleri merkeze al\u0131narak yap\u0131ld\u0131. B\u00fct\u00fcn bunlar yap\u0131l\u0131rken Said Havva\u2019n\u0131n (r.aleyh) bu konulardaki bak\u0131\u015f a\u00e7\u0131s\u0131 esas al\u0131nd\u0131.Bu eser, ateizm ve deizm ele\u015ftirisinde temel kitaplardan olacakt\u0131r.Gayret ve davet bizden&#8230;Tevfik ve hidayet Allah\u2019tand\u0131r.<\/p>\n","protected":false},"excerpt":{"rendered":"<p>\u00c7\u0131\u011f kap\u0131m\u0131zda..!Gen\u00e7lerimizin iman\u0131 ateistik\/deistik sorularla \u00e7al\u0131nmas\u0131n istiyorsak, gerekli tedbirleri almam\u0131z gerekiyor. Hayat dini \u0130slam\u2019\u0131n temelinde, Allah\u2019a iman etmek ve Hz. Muhammed\u2019in (s.a.v.) peygamberli\u011fini tasdik etmek bulunmaktad\u0131r.<span class=\"excerpt-hellip\"> [\u2026]<\/span><\/p>\n","protected":false},"featured_media":0,"template":"","meta":{"_monsterinsights_skip_tracking":false,"_monsterinsights_sitenote_active":false,"_monsterinsights_sitenote_note":"","_monsterinsights_sitenote_category":0},"product_brand":[],"product_cat":[12718],"product_tag":[],"class_list":{"0":"post-783610","1":"product","2":"type-product","3":"status-publish","5":"product_cat-din","6":"pa_cilt-ciltsiz","7":"pa_tur-kitap","8":"pa_yayinevi-mgv-yayinlari","9":"pa_yazar-ibrahim-coban","11":"first","12":"instock","13":"sale","14":"shipping-taxable","15":"purchasable","16":"product-type-simple"},"_links":{"self":[{"href":"https:\/\/roveyayinevi.com.tr\/index.php\/wp-json\/wp\/v2\/product\/783610","targetHints":{"allow":["GET"]}}],"collection":[{"href":"https:\/\/roveyayinevi.com.tr\/index.php\/wp-json\/wp\/v2\/product"}],"about":[{"href":"https:\/\/roveyayinevi.com.tr\/index.php\/wp-json\/wp\/v2\/types\/product"}],"wp:attachment":[{"href":"https:\/\/roveyayinevi.com.tr\/index.php\/wp-json\/wp\/v2\/media?parent=783610"}],"wp:term":[{"taxonomy":"product_brand","embeddable":true,"href":"https:\/\/roveyayinevi.com.tr\/index.php\/wp-json\/wp\/v2\/product_brand?post=783610"},{"taxonomy":"product_cat","embeddable":true,"href":"https:\/\/roveyayinevi.com.tr\/index.php\/wp-json\/wp\/v2\/product_cat?post=783610"},{"taxonomy":"product_tag","embeddable":true,"href":"https:\/\/roveyayinevi.com.tr\/index.php\/wp-json\/wp\/v2\/product_tag?post=783610"}],"curies":[{"name":"wp","href":"https:\/\/api.w.org\/{rel}","templated":true}]}}